2026-07-15 15:02:29.420 Df avconferenced[1230:2e1049] [com.apple.AVConference:ViceroyTrace] [NOTICE] -[VCAudioStreamGroupCommon collectAndLogChannelMetrics:averagePower:]:612 streamGroupID=micr participantUUID=B83B5018-C0AB-4787-A87D-CFC65439095E (0x77e52b5a40) Health Monitor for Audio Stream Receive Group streamID=62339 audio=66kbps VCAudioIO=0x77d8557c00 procsCount=10495 averagePower=-23.407696 state=2 noVoiceActivityPacketCount=0
2026-07-15 15:02:29.420 Df avconferenced[1230:2e1049] [com.apple.AVConference:ViceroyTrace] [NOTICE] -[VCAudioStreamReceiveGroup collectAndLogChannelMetrics:]:165 @=@ Health: VCAudioStreamReceiveGroup self=0x77e364d400 streamGroupID=micr participantUUID=B83B5018-C0AB-4787-A87D-CFC65439095E speakerProcsCalled=10495, averageOutputPower=-23.407696, syncTargetCalled=20984
2026-07-15 15:02:29.420 Df avconferenced[1230:2e1049] [com.apple.AVConference:ViceroyTrace] [NOTICE] -[VCAudioStreamGroupCommon collectAndLogChannelMetrics:averagePower:]:612 streamGroupID=micr participantUUID=B83B5018-C0AB-4787-A87D-CFC65439095E (0x77e52b5a40) Health Monitor for Audio Stream Receive Group streamID=62339 audio=66kbps VCAudioIO=0x77d8557c00 procsCount=10495 averagePower=-23.407696 state=2 noVoiceActivityPacketCount=0
2026-07-15 15:02:29.420 Df avconferenced[1230:2e1049] [com.apple.AVConference:ViceroyTrace] [NOTICE] -[VCAudioStreamReceiveGroup collectAndLogChannelMetrics:]:165 @=@ Health: VCAudioStreamReceiveGroup self=0x77e364d400 streamGroupID=micr participantUUID=B83B5018-C0AB-4787-A87D-CFC65439095E speakerProcsCalled=10495, averageOutputPower=-23.407696, syncTargetCalled=20984
2026-07-15 15:02:29.420 Df avconferenced[1230:2e0e48] [com.apple.AVConference:ViceroyTrace] VCAudioReceiver [NOTICE] _VCAudioReceiver_CalculateAndReportRTPMetrics:660 @=@ Health: VCAudioReceiver VCAudioReceiver[0x77f1873000] ParticipantID=B83B5018-C0AB-4787-A87D-CFC65439095E erasure percentage=0.00% PLR percentage=0.00% current percentage:0.00% (rec:250 exp:250, loss:0) receiver(rtp=250, bb=0, unk=0, dup=0, drop=0) jb(enc=500, drop=0) infobuf(rec=10459, exp:16731, drec=10454, dexp=16726)
2026-07-15 15:02:29.420 Df avconferenced[1230:2e16aa] [com.apple.AVConference:ViceroyTrace] [NOTICE] -[VCAudioTransmitter gatherRealtimeStats:]:772 @=@ Health: VCAudioTransmitter [0x77e26fd900] audioTxBitrate=49kbps, audioFecTx=1.000000, primaryAudioTxRate=11kbps, audioStreamRedundancyLevel=1, _qualityIndex=0, payload=104, totalPacketsSent=10494 streamIDsCount=0 _targetBitrate=120000 _currentTargetBitrate=120000 _supportsAdaptation=1 audioTxRedRate=13kbps
2026-07-15 15:02:29.420 Df avconferenced[1230:2e0e48] [com.apple.AVConference:ViceroyTrace] VCAudioReceiver [NOTICE] _VCAudioReceiver_RegisterReportingTask_block_invoke_2:851 @=@ Health: VCAudioReceiver VCAudioReceiver[0x77f1873000] audioRxBitrate=125kbps, primaryAudioRxRate=97kbps payload=104 streamID=0 redReceivedBitrate=47kbps totalPacketsReceived=10459 mediaBitrateNoRed=50kbps redPlayedRate=0kbps redDiscardedRate=47kbps
2026-07-15 15:02:29.440 Df usbaudiod[864:2dfb0a] [] current microframe timestamp calcError ns 250
2026-07-15 15:02:30.367 Df avconferenced[1230:2dfb08] [com.apple.AVConference:ViceroyTrace] VCAudioStream [NOTICE] _VCAudioStream_CheckAbnormalOWRDAndResetLagReference:466 (0x77d8785000) RTT=0.067, TxBW=4084000b/sec, PLR=0.00%, PLaMR=0.02%
2026-07-15 15:02:30.386 Df avconferenced[1230:2dfb08] [com.apple.AVConference:ViceroyTrace] VCAudioStream [NOTICE] _VCAudioStream_CheckAbnormalOWRDAndResetLagReference:466 (0x77d8785000) RTT=0.068, TxBW=4084000b/sec, PLR=0.00%, PLaMR=0.02%
2026-07-15 15:02:30.676 Df audioaccessoryd[1042:2dfd74] [com.apple.AudioAccessory:AANearbyDeviceManagerDaemon] AANearbyDevice lost: AANearbyDevice identifier: 48D9B764-E900-6DF7-7EAA-4A813E19F1E6, Bt addr 'E9:25:D5:B0:33:91', Md 'Device1,8233', Nm 'James’s AirPods Pro', paired, Case, Prim Id '62E245F3-2C27-26C2-1CB9-406B59E9F76C', Prim Bt addr 'CC:22:FE:90:F0:98'. AAProximityPairingAccessoryStatusPayload, PT: 7, PID 8233, ST: 6, lid open count: 3, lid closed: yes, need conn: no, sound En: no, connected: no, fault detect: no, C Batt: -21%, L Batt: +100%, R Batt: +100%, fw ver: 0.11.81, time till charged: 0, OBC on: no, DEOC on: no, Adv Data: <07 11 06 29 20 0b 15 e4 e4 51 0b 00 00 00 00 a9 30 00 00>
2026-07-15 15:02:30.676 Df audioaccessoryd[1042:2dfd74] [com.apple.AudioAccessory:AABatteryMonitorDaemon] Case no longer nearby: AADeviceBatteryInfo identifier: 62E245F3-2C27-26C2-1CB9-406B59E9F76C, Bt Addr 'CC:22:FE:90:F0:98', Col '255', Nm 'James’s AirPods Pro', Pid '8231', fmGI '3453CCDD-03A6-4EAC-ACC3-2C727E1BC3D8', fmCI '48D9B764-E900-6DF7-7EAA-4A813E19F1E6', Batt C '-21.00%'[ls: 2026-07-15-20:01:57.286], Batt LR '+100.00%'[ls: 2026-07-15-20:01:57.286], Batt L '+100.00%'[ls: 2026-07-15-20:01:57.286], Batt R '+100.00%'[ls: 2026-07-15-20:01:57.286]
2026-07-15 15:02:31.315 Df audioaccessoryd[1042:2dfd74] [com.apple.bluetooth:BTSmartRoutingDaemon] AudioStateSnapshot: BtState PoweredOn Route Speaker App com.apple.avconferenced, Score 501, Remote -1 NumofApp 1
2026-07-15 15:02:31.407 Df avconferenced[1230:2dfb08] [com.apple.AVConference:ViceroyTrace] VCAudioStream [NOTICE] _VCAudioStream_CheckAbnormalOWRDAndResetLagReference:466 (0x77d8785000) RTT=0.065, TxBW=4084000b/sec, PLR=0.00%, PLaMR=0.02%
2026-07-15 15:02:31.688 Df usbaudiod[864:2dfb0a] [] current microframe timestamp calcError ns 1541
2026-07-15 15:02:32.406 Df avconferenced[1230:2dfb08] [com.apple.AVConference:ViceroyTrace] VCAudioStream [NOTICE] _VCAudioStream_CheckAbnormalOWRDAndResetLagReference:466 (0x77d8785000) RTT=0.066, TxBW=4084000b/sec, PLR=0.00%, PLaMR=0.02%
2026-07-15 15:02:33.407 Df avconferenced[1230:2dfb08] [com.apple.AVConference:ViceroyTrace] VCAudioStream [NOTICE] _VCAudioStream_CheckAbnormalOWRDAndResetLagReference:466 (0x77d8785000) RTT=0.069, TxBW=4084000b/sec, PLR=0.00%, PLaMR=0.02%
2026-07-15 15:02:33.426 Df avconferenced[1230:2dfb08] [com.apple.AVConference:ViceroyTrace] VCAudioStream [NOTICE] _VCAudioStream_CheckAbnormalOWRDAndResetLagReference:466 (0x77d8785000) RTT=0.068, TxBW=4084000b/sec, PLR=0.00%, PLaMR=0.02%
2026-07-15 15:02:33.936 Df usbaudiod[864:2dfb0a] [] current microframe timestamp calcError ns 583
2026-07-15 15:02:34.315 Df audioaccessoryd[1042:2dfd74] [com.apple.bluetooth:BTSmartRoutingDaemon] AudioStateSnapshot: BtState PoweredOn Route Speaker App com.apple.avconferenced, Score 501, Remote -1 NumofApp 1
2026-07-15 15:02:34.412 Df avconferenced[1230:2e0f3e] [com.apple.AVConference:ViceroyTrace] [NOTICE] -[VCAudioStreamGroupCommon collectAndLogChannelMetrics:averagePower:]:612 streamGroupID=micr participantUUID=1952F070-5434-4495-9577-96ACA38ECA34 (0x77e52b48c0) Health Monitor for Audio Stream Send Group streamID=0 audio=43kbps VCAudioIO=0x77d5486600 procsCount=10744 averagePower=-114.503136 state=2 noVoiceActivityPacketCount=0
2026-07-15 15:02:34.412 Df avconferenced[1230:2e0f3e] [com.apple.AVConference:ViceroyTrace] [NOTICE] -[VCAudioStreamGroupCommon collectAndLogChannelMetrics:averagePower:]:612 streamGroupID=micr participantUUID=B83B5018-C0AB-4787-A87D-CFC65439095E (0x77e52b5a40) Health Monitor for Audio Stream Receive Group streamID=62339 audio=125kbps VCAudioIO=0x77d8557c00 procsCount=10745 averagePower=-104.306320 state=2 noVoiceActivityPacketCount=0
2026-07-15 15:02:34.412 Df avconferenced[1230:2e0f3e] [com.apple.AVConference:ViceroyTrace] [NOTICE] -[VCAudioStreamReceiveGroup collectAndLogChannelMetrics:]:165 @=@ Health: VCAudioStreamReceiveGroup self=0x77e364d400 streamGroupID=micr participantUUID=B83B5018-C0AB-4787-A87D-CFC65439095E speakerProcsCalled=10745, averageOutputPower=-104.306320, syncTargetCalled=21484
2026-07-15 15:02:34.412 Df avconferenced[1230:2e0f3e] [com.apple.AVConference:ViceroyTrace] [NOTICE] -[VCAudioStreamGroupCommon collectAndLogChannelMetrics:averagePower:]:612 streamGroupID=micr participantUUID=B83B5018-C0AB-4787-A87D-CFC65439095E (0x77e52b5a40) Health Monitor for Audio Stream Receive Group streamID=62339 audio=125kbps VCAudioIO=0x77d8557c00 procsCount=10745 averagePower=-104.306320 state=2 noVoiceActivityPacketCount=0
2026-07-15 15:02:34.412 Df avconferenced[1230:2e0f3e] [com.apple.AVConference:ViceroyTrace] [NOTICE] -[VCAudioStreamReceiveGroup collectAndLogChannelMetrics:]:165 @=@ Health: VCAudioStreamReceiveGroup self=0x77e364d400 streamGroupID=micr participantUUID=B83B5018-C0AB-4787-A87D-CFC65439095E speakerProcsCalled=10745, averageOutputPower=-104.306320, syncTargetCalled=21484
2026-07-15 15:02:34.412 Df avconferenced[1230:2e0f3e] [com.apple.AVConference:ViceroyTrace] VCAudioReceiver [NOTICE] _VCAudioReceiver_CalculateAndReportRTPMetrics:660 @=@ Health: VCAudioReceiver VCAudioReceiver[0x77f1873000] ParticipantID=B83B5018-C0AB-4787-A87D-CFC65439095E erasure percentage=0.00% PLR percentage=0.00% current percentage:0.00% (rec:250 exp:250, loss:0) receiver(rtp=250, bb=0, unk=0, dup=0, drop=0) jb(enc=500, drop=0) infobuf(rec=10709, exp:16981, drec=10704, dexp=16976)
2026-07-15 15:02:34.412 Df avconferenced[1230:2e0f3e] [com.apple.AVConference:ViceroyTrace] VCAudioReceiver [NOTICE] _VCAudioReceiver_RegisterReportingTask_block_invoke_2:851 @=@ Health: VCAudioReceiver VCAudioReceiver[0x77f1873000] audioRxBitrate=71kbps, primaryAudioRxRate=42kbps payload=104 streamID=0 redReceivedBitrate=20kbps totalPacketsReceived=10709 mediaBitrateNoRed=23kbps redPlayedRate=0kbps redDiscardedRate=20kbps
2026-07-15 15:02:34.412 Df avconferenced[1230:2e0f3e] [com.apple.AVConference:ViceroyTrace] [NOTICE] -[VCAudioTransmitter gatherRealtimeStats:]:772 @=@ Health: VCAudioTransmitter [0x77e26fd900] audioTxBitrate=42kbps, audioFecTx=1.000000, primaryAudioTxRate=7kbps, audioStreamRedundancyLevel=1, _qualityIndex=0, payload=104, totalPacketsSent=10744 streamIDsCount=0 _targetBitrate=120000 _currentTargetBitrate=120000 _supportsAdaptation=1 audioTxRedRate=10kbps
2026-07-15 15:02:34.426 Df avconferenced[1230:2dfb08] [com.apple.AVConference:ViceroyTrace] VCAudioStream [NOTICE] _VCAudioStream_CheckAbnormalOWRDAndResetLagReference:466 (0x77d8785000) RTT=0.066, TxBW=4084000b/sec, PLR=0.00%, PLaMR=0.02%
2026-07-15 15:02:35.446 Df avconferenced[1230:2dfb08] [com.apple.AVConference:ViceroyTrace] VCAudioStream [NOTICE] _VCAudioStream_CheckAbnormalOWRDAndResetLagReference:466 (0x77d8785000) RTT=0.068, TxBW=4084000b/sec, PLR=0.00%, PLaMR=0.02%
2026-07-15 15:02:36.184 Df usbaudiod[864:2dfb0a] [] current microframe timestamp calcError ns 208
2026-07-15 15:02:36.447 Df avconferenced[1230:2dfb08] [com.apple.AVConference:ViceroyTrace] VCAudioStream [NOTICE] _VCAudioStream_CheckAbnormalOWRDAndResetLagReference:466 (0x77d8785000) RTT=0.067, TxBW=4084000b/sec, PLR=0.00%, PLaMR=0.01%
2026-07-15 15:02:36.466 Df avconferenced[1230:2dfb08] [com.apple.AVConference:ViceroyTrace] VCAudioStream [NOTICE] _VCAudioStream_CheckAbnormalOWRDAndResetLagReference:466 (0x77d8785000) RTT=0.067, TxBW=4084000b/sec, PLR=0.00%, PLaMR=0.01%
2026-07-15 15:02:37.315 Df audioaccessoryd[1042:2e153c] [com.apple.bluetooth:BTSmartRoutingDaemon] AudioStateSnapshot: BtState PoweredOn Route Speaker App com.apple.avconferenced, Score 501, Remote -1 NumofApp 1
2026-07-15 15:02:37.466 Df avconferenced[1230:2dfb08] [com.apple.AVConference:ViceroyTrace] VCAudioStream [NOTICE] _VCAudioStream_CheckAbnormalOWRDAndResetLagReference:466 (0x77d8785000) RTT=0.067, TxBW=4084000b/sec, PLR=0.00%, PLaMR=0.01%
2026-07-15 15:02:37.487 Df avconferenced[1230:2dfb08] [com.apple.AVConference:ViceroyTrace] VCAudioStream [NOTICE] _VCAudioStream_CheckAbnormalOWRDAndResetLagReference:466 (0x77d8785000) RTT=0.067, TxBW=4084000b/sec, PLR=0.00%, PLaMR=0.01%
2026-07-15 15:02:38.432 Df usbaudiod[864:2dfb0a] [] current microframe timestamp calcError ns 1083
2026-07-15 15:02:38.506 Df avconferenced[1230:2dfb08] [com.apple.AVConference:ViceroyTrace] VCAudioStream [NOTICE] _VCAudioStream_CheckAbnormalOWRDAndResetLagReference:466 (0x77d8785000) RTT=0.066, TxBW=4084000b/sec, PLR=0.00%, PLaMR=0.01%
2026-07-15 15:02:38.527 Df avconferenced[1230:2dfb08] [com.apple.AVConference:ViceroyTrace] VCAudioStream [NOTICE] _VCAudioStream_CheckAbnormalOWRDAndResetLagReference:466 (0x77d8785000) RTT=0.067, TxBW=4084000b/sec, PLR=0.00%, PLaMR=0.01%
2026-07-15 15:02:39.420 Df avconferenced[1230:2e16aa] [com.apple.AVConference:ViceroyTrace] [NOTICE] -[VCAudioStreamGroupCommon collectAndLogChannelMetrics:averagePower:]:612 streamGroupID=micr participantUUID=1952F070-5434-4495-9577-96ACA38ECA34 (0x77e52b48c0) Health Monitor for Audio Stream Send Group streamID=0 audio=50kbps VCAudioIO=0x77d5486600 procsCount=10994 averagePower=-120.000000 state=2 noVoiceActivityPacketCount=0
2026-07-15 15:02:39.420 Df avconferenced[1230:2e16aa] [com.apple.AVConference:ViceroyTrace] [NOTICE] -[VCAudioStreamGroupCommon collectAndLogChannelMetrics:averagePower:]:612 streamGroupID=micr participantUUID=B83B5018-C0AB-4787-A87D-CFC65439095E (0x77e52b5a40) Health Monitor for Audio Stream Receive Group streamID=62339 audio=71kbps VCAudioIO=0x77d8557c00 procsCount=10995 averagePower=-99.882202 state=2 noVoiceActivityPacketCount=0
2026-07-15 15:02:39.420 Df avconferenced[1230:2e16aa] [com.apple.AVConference:ViceroyTrace] [NOTICE] -[VCAudioStreamReceiveGroup collectAndLogChannelMetrics:]:165 @=@ Health: VCAudioStreamReceiveGroup self=0x77e364d400 streamGroupID=micr participantUUID=B83B5018-C0AB-4787-A87D-CFC65439095E speakerProcsCalled=10995, averageOutputPower=-99.882202, syncTargetCalled=21984
2026-07-15 15:02:39.420 Df avconferenced[1230:2e16aa] [com.apple.AVConference:ViceroyTrace] [NOTICE] -[VCAudioStreamGroupCommon collectAndLogChannelMetrics:averagePower:]:612 streamGroupID=micr participantUUID=B83B5018-C0AB-4787-A87D-CFC65439095E (0x77e52b5a40) Health Monitor for Audio Stream Receive Group streamID=62339 audio=71kbps VCAudioIO=0x77d8557c00 procsCount=10995 averagePower=-99.882202 state=2 noVoiceActivityPacketCount=0
2026-07-15 15:02:39.420 Df avconferenced[1230:2e16aa] [com.apple.AVConference:ViceroyTrace] [NOTICE] -[VCAudioStreamReceiveGroup collectAndLogChannelMetrics:]:165 @=@ Health: VCAudioStreamReceiveGroup self=0x77e364d400 streamGroupID=micr participantUUID=B83B5018-C0AB-4787-A87D-CFC65439095E speakerProcsCalled=10995, averageOutputPower=-99.882202, syncTargetCalled=21984
2026-07-15 15:02:39.420 Df avconferenced[1230:2e0e48] [com.apple.AVConference:ViceroyTrace] VCAudioReceiver [NOTICE] _VCAudioReceiver_CalculateAndReportRTPMetrics:660 @=@ Health: VCAudioReceiver VCAudioReceiver[0x77f1873000] ParticipantID=B83B5018-C0AB-4787-A87D-CFC65439095E erasure percentage=0.00% PLR percentage=0.00% current percentage:0.00% (rec:250 exp:250, loss:0) receiver(rtp=250, bb=0, unk=0, dup=0, drop=0) jb(enc=500, drop=0) infobuf(rec=10959, exp:17231, drec=10954, dexp=17226)
2026-07-15 15:02:39.420 Df avconferenced[1230:2e0e48] [com.apple.AVConference:ViceroyTrace] VCAudioReceiver [NOTICE] _VCAudioReceiver_RegisterReportingTask_block_invoke_2:851 @=@ Health: VCAudioReceiver VCAudioReceiver[0x77f1873000] audioRxBitrate=73kbps, primaryAudioRxRate=45kbps payload=104 streamID=0 redReceivedBitrate=21kbps totalPacketsReceived=10959 mediaBitrateNoRed=24kbps redPlayedRate=0kbps redDiscardedRate=21kbps
2026-07-15 15:02:39.420 Df avconferenced[1230:2e0e48] [com.apple.AVConference:ViceroyTrace] [NOTICE] -[VCAudioTransmitter gatherRealtimeStats:]:772 @=@ Health: VCAudioTransmitter [0x77e26fd900] audioTxBitrate=50kbps, audioFecTx=1.000000, primaryAudioTxRate=11kbps, audioStreamRedundancyLevel=1, _qualityIndex=0, payload=104, totalPacketsSent=10994 streamIDsCount=0 _targetBitrate=120000 _currentTargetBitrate=120000 _supportsAdaptation=1 audioTxRedRate=14kbps
2026-07-15 15:02:39.526 Df avconferenced[1230:2dfb08] [com.apple.AVConference:ViceroyTrace] VCAudioStream [NOTICE] _VCAudioStream_CheckAbnormalOWRDAndResetLagReference:466 (0x77d8785000) RTT=0.067, TxBW=4084000b/sec, PLR=0.00%, PLaMR=0.01%
2026-07-15 15:02:40.315 Df audioaccessoryd[1042:2dfd74] [com.apple.bluetooth:BTSmartRoutingDaemon] AudioStateSnapshot: BtState PoweredOn Route Speaker App com.apple.avconferenced, Score 501, Remote -1 NumofApp 1
2026-07-15 15:02:40.526 Df avconferenced[1230:2dfb08] [com.apple.AVConference:ViceroyTrace] VCAudioStream [NOTICE] _VCAudioStream_CheckAbnormalOWRDAndResetLagReference:466 (0x77d8785000) RTT=0.066, TxBW=4084000b/sec, PLR=0.00%, PLaMR=0.01%
2026-07-15 15:02:40.546 Df avconferenced[1230:2dfb08] [com.apple.AVConference:ViceroyTrace] VCAudioStream [NOTICE] _VCAudioStream_CheckAbnormalOWRDAndResetLagReference:466 (0x77d8785000) RTT=0.066, TxBW=4084000b/sec, PLR=0.00%, PLaMR=0.01%
2026-07-15 15:02:40.680 Df usbaudiod[864:2dfb0a] [] current microframe timestamp calcError ns 291
2026-07-15 15:02:40.715 Df audioaccessoryd[1042:2e153c] [com.apple.AudioAccessory:AABatteryMonitorDaemon] All batteries expired, removing device: AADeviceBatteryInfo identifier: 62E245F3-2C27-26C2-1CB9-406B59E9F76C, Bt Addr 'CC:22:FE:90:F0:98', Col '255', Nm 'James’s AirPods Pro', Pid '8231', fmGI '3453CCDD-03A6-4EAC-ACC3-2C727E1BC3D8', fmCI '48D9B764-E900-6DF7-7EAA-4A813E19F1E6'
2026-07-15 15:02:40.715 Df audioaccessoryd[1042:2e153c] [com.apple.AudioAccessory:AABatteryMonitorDaemon] AADeviceBatteryInfo lost: AADeviceBatteryInfo identifier: 62E245F3-2C27-26C2-1CB9-406B59E9F76C, Bt Addr 'CC:22:FE:90:F0:98', Col '255', Nm 'James’s AirPods Pro', Pid '8231', fmGI '3453CCDD-03A6-4EAC-ACC3-2C727E1BC3D8', fmCI '48D9B764-E900-6DF7-7EAA-4A813E19F1E6'
2026-07-15 15:02:40.715 Df audioaccessoryd[1042:2dfd74] [com.apple.AudioAccessory:AALowBatteryAlertDaemon] Battery info lost: AADeviceBatteryInfo identifier: 62E245F3-2C27-26C2-1CB9-406B59E9F76C, Bt Addr 'CC:22:FE:90:F0:98', Col '255', Nm 'James’s AirPods Pro', Pid '8231'
2026-07-15 15:02:40.716 Df audioaccessoryd[1042:2e153c] [com.apple.AudioAccessory:AADeviceManager] AADeviceBatteryInfo lost for clientID 0xC7D30004, battery object: AADeviceBatteryInfo identifier: 62E245F3-2C27-26C2-1CB9-406B59E9F76C, Bt Addr 'CC:22:FE:90:F0:98', Col '255', Nm 'James’s AirPods Pro', Pid '8231'
2026-07-15 15:02:40.716 Df audioaccessoryd[1042:2e153c] [com.apple.AudioAccessory:AADeviceManager] AADeviceBatteryInfo lost for clientID 0xC7D30001, battery object: AADeviceBatteryInfo identifier: 62E245F3-2C27-26C2-1CB9-406B59E9F76C, Bt Addr 'CC:22:FE:90:F0:98', Col '255', Nm 'James’s AirPods Pro', Pid '8231'
2026-07-15 15:02:40.716 Df audioaccessoryd[1042:2e153c] [com.apple.AudioAccessory:AADeviceManager] AADeviceBatteryInfo lost for clientID 0xC7D30008, battery object: AADeviceBatteryInfo identifier: 62E245F3-2C27-26C2-1CB9-406B59E9F76C, Bt Addr 'CC:22:FE:90:F0:98', Col '255', Nm 'James’s AirPods Pro', Pid '8231'
2026-07-15 15:02:40.716 Df audioaccessoryd[1042:2e153d] [com.apple.AudioAccessory:AADeviceManager] AADeviceBatteryInfo lost for clientID 0xC7D30007, battery object: AADeviceBatteryInfo identifier: 62E245F3-2C27-26C2-1CB9-406B59E9F76C, Bt Addr 'CC:22:FE:90:F0:98', Col '255', Nm 'James’s AirPods Pro', Pid '8231'
2026-07-15 15:02:40.716 Df audioaccessoryd[1042:2e153c] [com.apple.AudioAccessory:AADeviceManager] AADeviceBatteryInfo lost for clientID 0xC7D30003, battery object: AADeviceBatteryInfo identifier: 62E245F3-2C27-26C2-1CB9-406B59E9F76C, Bt Addr 'CC:22:FE:90:F0:98', Col '255', Nm 'James’s AirPods Pro', Pid '8231'
2026-07-15 15:02:40.716 Df audioaccessoryd[1042:2e153c] [com.apple.AudioAccessory:AADeviceManager] AADeviceBatteryInfo lost for clientID 0xC7D30002, battery object: AADeviceBatteryInfo identifier: 62E245F3-2C27-26C2-1CB9-406B59E9F76C, Bt Addr 'CC:22:FE:90:F0:98', Col '255', Nm 'James’s AirPods Pro', Pid '8231'
2026-07-15 15:02:40.716 Df audioaccessoryd[1042:2e153c] [com.apple.AudioAccessory:AADeviceManager] AADeviceBatteryInfo lost for clientID 0xC7D3000A, battery object: AADeviceBatteryInfo identifier: 62E245F3-2C27-26C2-1CB9-406B59E9F76C, Bt Addr 'CC:22:FE:90:F0:98', Col '255', Nm 'James’s AirPods Pro', Pid '8231'
2026-07-15 15:02:40.717 Df audioaccessoryd[1042:1f78] [com.apple.AudioAccessory:AADeviceManager] AADeviceBatteryInfo lost for clientID 0xC7D3000B, battery object: AADeviceBatteryInfo identifier: 62E245F3-2C27-26C2-1CB9-406B59E9F76C, Bt Addr 'CC:22:FE:90:F0:98', Col '255', Nm 'James’s AirPods Pro', Pid '8231'
2026-07-15 15:02:40.719 Df audioaccessoryd[1042:2e153d] [com.apple.bluetooth:BTSmartRoutingDaemon] Pairing found device CBDevice 62E245F3-2C27-26C2-1CB9-406B59E9F76C, BDA , Nm , Md AirPods3,4, PID 0x2027 (AirPods3,4), PrNm AirPods Pro, VID 0x004C, VS 1, avCp 1, AVC 1, DsFl 0x800000 < Pairing >, DvF 0x25901D804037 < AACP MagicPaired ShareAudio Tipi PSE ClassicPaired SpatialAudio AdvancedAppleAudio ANC Transparency SpatialAudioAllowed LidClosed FindMyManaged SmartRouting Connectable SensorData >, DvT Headphones, SupS 0x180019 < HFP AVRCP A2DP AACP GATT >, Freq 2.4, Band ISM2.4, aaCp 1, ClkH L NoiseManagement R NoiseManagement, ECC 3, MCCp 1, MCC 2, CVer'8B41', cdCp 1, cDC 1, DbTp C Basic, GAPA 0x1 < Real >, FV '8B41', LsnM ANC, LsMC 0x6 < ANC Transparency >, BTv 6.0, MicM Auto, Plcm M Enabled, Prim Unknown, fmCI 48D9B764-E900-6DF7-7EAA-4A813E19F1E6, fmGI 3453CCDD-03A6-4EAC-ACC3-2C727E1BC3D8, modU A3064, SN 'CH7K4Q74Y5', SN Left'J5QHP501V510000UHZ', SN Right 'J5QHP600V1B0000UHY', srMd Enabled, spAM ContentDriven, AdTsMC <71781301855>, deDa , baDa , ppDa , ppPD 01 27 20 34 77 b2 3a <…>
2026-07-15 15:02:41.373 Df audioaccessoryd[1042:2e153d] [com.apple.AudioAccessory:AANearbyDeviceManagerDaemon] Updating nearby case device '48D9B764-E900-6DF7-7EAA-4A813E19F1E6' with primary device: CBDevice 62E245F3-2C27-26C2-1CB9-406B59E9F76C, BDA , Nm , Md AirPods3,4, PID 0x2027 (AirPods3,4), PrNm AirPods Pro, VID 0x004C, VS 1, avCp 1, AVC 1, DsFl 0x800000 < Pairing >, DvF 0x25901D804037 < AACP MagicPaired ShareAudio Tipi PSE ClassicPaired SpatialAudio AdvancedAppleAudio ANC Transparency SpatialAudioAllowed LidClosed FindMyManaged SmartRouting Connectable SensorData >, DvT Headphones, SupS 0x180019 < HFP AVRCP A2DP AACP GATT >, Freq 2.4, Band ISM2.4, aaCp 1, ClkH L NoiseManagement R NoiseManagement, ECC 3, MCCp 1, MCC 2, CVer'8B41', cdCp 1, cDC 1, DbTp C Basic, GAPA 0x1 < Real >, FV '8B41', LsnM ANC, LsMC 0x6 < ANC Transparency >, BTv 6.0, MicM Auto, Plcm M Enabled, Prim Unknown, fmCI 48D9B764-E900-6DF7-7EAA-4A813E19F1E6, fmGI 3453CCDD-03A6-4EAC-ACC3-2C727E1BC3D8, modU A3064, SN 'CH7K4Q74Y5', SN Left'J5QHP501V510000UHZ', SN Right 'J5QHP600V1B0000UHY', srMd Enabled, spAM ContentDriven, Ad<…>
2026-07-15 15:02:41.373 Df audioaccessoryd[1042:2e153d] [com.apple.AudioAccessory:AANearbyDeviceManagerDaemon] AANearbyDevice updated: AANearbyDevice identifier: 48D9B764-E900-6DF7-7EAA-4A813E19F1E6, Bt addr 'E9:25:D5:B0:33:91', Md 'Device1,8233', Nm 'James’s AirPods Pro', paired, Case, Prim Id '62E245F3-2C27-26C2-1CB9-406B59E9F76C', Prim Bt addr 'CC:22:FE:90:F0:98'. AAProximityPairingAccessoryStatusPayload, PT: 7, PID 8233, ST: 6, lid open count: 3, lid closed: yes, need conn: no, sound En: no, connected: no, fault detect: no, C Batt: -21%, L Batt: +100%, R Batt: +100%, fw ver: 0.11.81, time till charged: 0, OBC on: no, DEOC on: no, Adv Data: <07 11 06 29 20 0b 15 e4 e4 51 0b 00 00 00 00 a9 30 00 00>
2026-07-15 15:02:41.374 Df audioaccessoryd[1042:2dfd74] [com.apple.AudioAccessory:AABatteryMonitorDaemon] AADeviceBatteryInfo updated from AANearbyDevice: AANearbyDevice identifier: 48D9B764-E900-6DF7-7EAA-4A813E19F1E6, Bt addr 'E9:25:D5:B0:33:91', Md 'Device1,8233', Nm 'James’s AirPods Pro', paired, Case, Prim Id '62E245F3-2C27-26C2-1CB9-406B59E9F76C', Prim Bt addr 'CC:22:FE:90:F0:98'. AAProximityPairingAccessoryStatusPayload, PT: 7, PID 8233, ST: 6, lid open count: 3, lid closed: yes, need conn: no, sound En: no, connected: no, fault detect: no, C Batt: -21%, L Batt: +100%, R Batt: +100%, fw ver: 0.11.81, time till charged: 0, OBC on: no, DEOC on: no, Adv Data: <07 11 06 29 20 0b 15 e4 e4 51 0b 00 00 00 00 a9 30 00 00>
2026-07-15 15:02:41.374 Df audioaccessoryd[1042:2dfd74] [com.apple.AudioAccessory:AABatteryMonitorDaemon] AADeviceBatteryInfo updated: AADeviceBatteryInfo identifier: 62E245F3-2C27-26C2-1CB9-406B59E9F76C, Bt Addr 'CC:22:FE:90:F0:98', Col '255', Nm 'James’s AirPods Pro', Pid '8231', fmGI '3453CCDD-03A6-4EAC-ACC3-2C727E1BC3D8', fmCI '48D9B764-E900-6DF7-7EAA-4A813E19F1E6', Batt C '-21.00%'[ls: 2026-07-15-20:02:41.393, sFL: 0x2 < CaseAdv >], Batt LR '+100.00%'[ls: 2026-07-15-20:02:41.393, sFL: 0x2 < CaseAdv >], Batt L '+100.00%'[ls: 2026-07-15-20:02:41.393, sFL: 0x2 < CaseAdv >], Batt R '+100.00%'[ls: 2026-07-15-20:02:41.393, sFL: 0x2 < CaseAdv >]
2026-07-15 15:02:41.374 Df audioaccessoryd[1042:2dfd74] [com.apple.AudioAccessory:AADevicePowerSources] Power source publish update for battery: 'Case' with details: { "Max Capacity" : 100, "Low Warn Level" : 25, "Is Present" : true, "Is Charged" : 0, "Name" : "James’s AirPods Pro Case", "Type" : "Accessory Source", "Accessory Identifier" : "48D9B764-E900-6DF7-7EAA-4A813E19F1E6", "Accessory Category" : "Audio Battery Case", "Part Identifier" : "Case", "Is Charging" : false, "Time to Full Charge" : 0, "Transport Type" : "Bluetooth LE", "Current Capacity" : 21, "Vendor ID Source" : 1, "Optimized Battery Charging Engaged" : false, "Vendor ID" : 76, "Dynamic End of Charging Engaged" : false, "Group Identifier" : "3453CCDD-03A6-4EAC-ACC3-2C727E1BC3D8", "Product ID" : 8231, "Power Source State" : "Battery Power", }
2026-07-15 15:02:41.375 Df audioaccessoryd[1042:2dfd74] [com.apple.AudioAccessory:AADevicePowerSources] Power source publish update for battery: 'Combined' with details: { "Max Capacity" : 100, "Combined Parts" : [ { "Max Capacity" : 100, "Low Warn Level" : 20, "Is Present" : true, "Is Charged" : 1, "Name" : "James’s AirPods Pro", "Type" : "Accessory Source", "Accessory Identifier" : "62E245F3-2C27-26C2-1CB9-406B59E9F76C", "Accessory Category" : "Headset", "Part Name" : "James’s AirPods Pro 🅛", "Part Identifier" : "Left", "Is Charging" : true, "Time to Full Charge" : 0, "Transport Type" : "Bluetooth LE", "Current Capacity" : 100, "Vendor ID Source" : 1, "Optimized Battery Charging Engaged" : false, "Vendor ID" : 76, "Dynamic End of Charging Engaged" : false, "Group Identifier" : "3453CCDD-03A6-4EAC-ACC3-2C727E1BC3D8", "Product ID" : 8231, <…>
2026-07-15 15:02:41.375 Df audioaccessoryd[1042:2dfd74] [com.apple.AudioAccessory:AADevicePowerSources] " : 20, "Is Present" : true, "Is Charged" : 1, "Name" : "James’s AirPods Pro", "Type" : "Accessory Source", "Accessory Identifier" : "62E245F3-2C27-26C2-1CB9-406B59E9F76C", "Accessory Category" : "Headset", "Part Identifier" : "Combined", "Is Charging" : true, "Time to Full Charge" : 0, "Transport Type" : "Bluetooth LE", "Current Capacity" : 100, "Vendor ID Source" : 1, "Optimized Battery Charging Engaged" : false, "Vendor ID" : 76, "Dynamic End of Charging Engaged" : false, "Group Identifier" : "3453CCDD-03A6-4EAC-ACC3-2C727E1BC3D8", "Product ID" : 8231, "Power Source State" : "AC Power", }
2026-07-15 15:02:41.376 Df audioaccessoryd[1042:2dfd74] [com.apple.AudioAccessory:AADevicePowerSources] AADevicePowerSource, Batteries: C, LR, Details: Case: { "Max Capacity" : 100, "Low Warn Level" : 25, "Is Present" : true, "Is Charged" : 0, "Name" : "James’s AirPods Pro Case", "Type" : "Accessory Source", "Accessory Identifier" : "48D9B764-E900-6DF7-7EAA-4A813E19F1E6", "Accessory Category" : "Audio Battery Case", "Part Identifier" : "Case", "Is Charging" : false, "Time to Full Charge" : 0, "Transport Type" : "Bluetooth LE", "Current Capacity" : 21, "Vendor ID Source" : 1, "Optimized Battery Charging Engaged" : false, "Vendor ID" : 76, "Dynamic End of Charging Engaged" : false, "Group Identifier" : "3453CCDD-03A6-4EAC-ACC3-2C727E1BC3D8", "Product ID" : 8231, "Power Source State" : "Battery Power", } LeftRight: { "Max Capacity" : 100, "Combined Parts" : [ { "Max Capacity" : 100, "Low Warn Level" : 20, "Is Present" : true, "Is Charged" : 1, <…>
2026-07-15 15:02:41.376 Df audioaccessoryd[1042:2dfd74] [com.apple.AudioAccessory:AALowBatteryAlertDaemon] Battery info updated: AADeviceBatteryInfo identifier: 62E245F3-2C27-26C2-1CB9-406B59E9F76C, Bt Addr 'CC:22:FE:90:F0:98', Col '255', Nm 'James’s AirPods Pro', Pid '8231', Batt C '-21.00%'[ls: 2026-07-15-20:02:41.393, sFL: 0x2 < CaseAdv >], Batt LR '+100.00%'[ls: 2026-07-15-20:02:41.393, sFL: 0x2 < CaseAdv >], Batt L '+100.00%'[ls: 2026-07-15-20:02:41.393, sFL: 0x2 < CaseAdv >], Batt R '+100.00%'[ls: 2026-07-15-20:02:41.393, sFL: 0x2 < CaseAdv >]
2026-07-15 15:02:41.380 Df audioaccessoryd[1042:2e153d] [com.apple.bluetooth:BTSmartRoutingDaemon] Pairing found device CBDevice 62E245F3-2C27-26C2-1CB9-406B59E9F76C, BDA , Nm , Md AirPods3,4, PID 0x2027 (AirPods3,4), PrNm AirPods Pro, VID 0x004C, VS 1, avCp 1, AVC 1, DsFl 0x800000 < Pairing >, DvF 0x25901D804037 < AACP MagicPaired ShareAudio Tipi PSE ClassicPaired SpatialAudio AdvancedAppleAudio ANC Transparency SpatialAudioAllowed LidClosed FindMyManaged SmartRouting Connectable SensorData >, DvT Headphones, SupS 0x180019 < HFP AVRCP A2DP AACP GATT >, Freq 2.4, Band ISM2.4, aaCp 1, ClkH L NoiseManagement R NoiseManagement, ECC 3, MCCp 1, MCC 2, CVer'8B41', cdCp 1, cDC 1, DbTp C Basic, GAPA 0x1 < Real >, FV '8B41', LsnM ANC, LsMC 0x6 < ANC Transparency >, BTv 6.0, MicM Auto, Plcm M Enabled, Prim Unknown, fmCI 48D9B764-E900-6DF7-7EAA-4A813E19F1E6, fmGI 3453CCDD-03A6-4EAC-ACC3-2C727E1BC3D8, modU A3064, SN 'CH7K4Q74Y5', SN Left'J5QHP501V510000UHZ', SN Right 'J5QHP600V1B0000UHY', srMd Enabled, spAM ContentDriven, AdTsMC <71781301855>, deDa , baDa , Battery L +100% R +100% C -21%, p<…>
2026-07-15 15:02:41.475 Df audioaccessoryd[1042:2e153d] [com.apple.AudioAccessory:AALowBatteryAlertDaemon] Low battery check[Case]: Charging no, High no, Low no, Lowest 21.000%, Threshold 10.000%, AADeviceBatteryInfo identifier: 62E245F3-2C27-26C2-1CB9-406B59E9F76C, Bt Addr 'CC:22:FE:90:F0:98', Col '255', Nm 'James’s AirPods Pro', Pid '8231', Batt C '-21.00%'[ls: 2026-07-15-20:02:41.393, sFL: 0x2 < CaseAdv >], Batt LR '+100.00%'[ls: 2026-07-15-20:02:41.393, sFL: 0x2 < CaseAdv >], Batt L '+100.00%'[ls: 2026-07-15-20:02:41.393, sFL: 0x2 < CaseAdv >], Batt R '+100.00%'[ls: 2026-07-15-20:02:41.393, sFL: 0x2 < CaseAdv >]
2026-07-15 15:02:41.475 Df audioaccessoryd[1042:2e153d] [com.apple.AudioAccessory:AALowBatteryAlertDaemon] Low battery check[Buds]: Charging yes, High yes, Low no, Lowest 100.000%, Threshold 20.000%, AADeviceBatteryInfo identifier: 62E245F3-2C27-26C2-1CB9-406B59E9F76C, Bt Addr 'CC:22:FE:90:F0:98', Col '255', Nm 'James’s AirPods Pro', Pid '8231', Batt C '-21.00%'[ls: 2026-07-15-20:02:41.393, sFL: 0x2 < CaseAdv >], Batt LR '+100.00%'[ls: 2026-07-15-20:02:41.393, sFL: 0x2 < CaseAdv >], Batt L '+100.00%'[ls: 2026-07-15-20:02:41.393, sFL: 0x2 < CaseAdv >], Batt R '+100.00%'[ls: 2026-07-15-20:02:41.393, sFL: 0x2 < CaseAdv >]
2026-07-15 15:02:41.567 Df avconferenced[1230:2dfb08] [com.apple.AVConference:ViceroyTrace] VCAudioStream [NOTICE] _VCAudioStream_CheckAbnormalOWRDAndResetLagReference:466 (0x77d8785000) RTT=0.065, TxBW=4084000b/sec, PLR=0.00%, PLaMR=0.01%
2026-07-15 15:02:42.566 Df avconferenced[1230:2dfb08] [com.apple.AVConference:ViceroyTrace] VCAudioStream [NOTICE] _VCAudioStream_CheckAbnormalOWRDAndResetLagReference:466 (0x77d8785000) RTT=0.072, TxBW=4084000b/sec, PLR=0.00%, PLaMR=0.01%
2026-07-15 15:02:42.667 Df FaceTime[33052:2df0d1] [com.apple.calls.telephonyutilities:Default] _cachedInputDevices = ( "" )
2026-07-15 15:02:42.928 Df usbaudiod[864:2dfb0a] [] current microframe timestamp calcError ns 2250
2026-07-15 15:02:43.315 Df audioaccessoryd[1042:2e153d] [com.apple.bluetooth:BTSmartRoutingDaemon] AudioStateSnapshot: BtState PoweredOn Route Speaker App com.apple.avconferenced, Score 501, Remote -1 NumofApp 1
2026-07-15 15:02:43.566 Df avconferenced[1230:2dfb08] [com.apple.AVConference:ViceroyTrace] VCAudioStream [NOTICE] _VCAudioStream_CheckAbnormalOWRDAndResetLagReference:466 (0x77d8785000) RTT=0.067, TxBW=4084000b/sec, PLR=0.00%, PLaMR=0.01%
2026-07-15 15:02:43.586 Df avconferenced[1230:2dfb08] [com.apple.AVConference:ViceroyTrace] VCAudioStream [NOTICE] _VCAudioStream_CheckAbnormalOWRDAndResetLagReference:466 (0x77d8785000) RTT=0.067, TxBW=4084000b/sec, PLR=0.00%, PLaMR=0.01%
2026-07-15 15:02:43.735 Df callservicesd[1075:2e12e5] [com.apple.calls.callservicesd:Default] Updating nearby device routes using devices: [ID 'BBRRgvxb', IDS 'BBmkANmL', PI 'BBUmjUSs', Nm 'BBPZjlSw', Md 'BBzvhkOz', ADSID 'BBjqramb', SV 'BBeXQzPj', OSV 'BBouSiGF', SF 0xC2104 < iWiFi DuetSync SharedHome Touch Owner >, ID 'BBVgWUWb', IDS 'BBdUFyxN', PI 'BBQZyprS', Nm 'BBxzotZa', Md 'BBvDbKzf', ADSID 'BBjqramb', SV 'BBeXQzPj', OSV 'BBFodyhu', SF 0x10000082184 < iWiFi Personal DuetSync SharedHome Owner MeDeviceIsMe >, ID 'BBIRZgqO', IDS 'BBNmRMMl', PI 'BBFNAWFq', Nm 'BBpZcTpF', Md 'BBNkCRvv', ADSID 'BBjqramb', SV 'BBeXQzPj', OSV 'BBABEQME', SF 0x800482804 < iWiFi Remote SharedHome Owner CallHandoff CommunalDevice >, ID 'BBXstzPI', IDS 'BBbVtzyO', PI 'BBmXVNHR', Nm 'BBLjKDgK', Md 'BBHWXSWP', ADSID 'BBjqramb', SV 'BBeXQzPj', OSV 'BBouSiGF', SF 0x800482804 < iWiFi Remote SharedHome Owner CallHandoff CommunalDevice >, ID 'BBmjJwRq', IDS 'BBrIRaWF', PI 'BBfkHxGD', Nm 'BBOzGxtH', Md 'BBdmmqvc', ADSID 'BBjqramb', SV 'BBeXQzPj', OSV 'BBABEQME', SF 0x8000D2804 < iWiFi Remote SharedHome TV Touch Owner CommunalDevice >, ID 'BBZqybTr', IDS 'BBQLgnrb', PI 'BBewNoza', Nm 'BBSqVpnl', Md 'BBjsKXKs', ADSID 'BBjqramb', SV 'BBeXQzPj', OSV 'BBFodyhu', SF 0x82104 < iWiFi DuetSync SharedHome Owner >, ID 'BBECDxTF', IDS 'BBzEnfyR', PI 'BBqrwDUr', Nm 'BBRAGXuw', Md 'BBdXVgjV', ADSID 'BBjqramb', SV 'BBeXQzPj', OSV 'BBABEQME', SF 0x8000D2804 < iWiFi Remote SharedHome TV Touch Owner CommunalDevice >]
2026-07-15 15:02:44.412 Df avconferenced[1230:2e0e48] [com.apple.AVConference:ViceroyTrace] [NOTICE] -[VCAudioStreamGroupCommon collectAndLogChannelMetrics:averagePower:]:612 streamGroupID=micr participantUUID=1952F070-5434-4495-9577-96ACA38ECA34 (0x77e52b48c0) Health Monitor for Audio Stream Send Group streamID=0 audio=60kbps VCAudioIO=0x77d5486600 procsCount=11244 averagePower=-94.674118 state=2 noVoiceActivityPacketCount=0
2026-07-15 15:02:44.412 Df avconferenced[1230:2e0e48] [com.apple.AVConference:ViceroyTrace] [NOTICE] -[VCAudioStreamGroupCommon collectAndLogChannelMetrics:averagePower:]:612 streamGroupID=micr participantUUID=B83B5018-C0AB-4787-A87D-CFC65439095E (0x77e52b5a40) Health Monitor for Audio Stream Receive Group streamID=62339 audio=73kbps VCAudioIO=0x77d8557c00 procsCount=11245 averagePower=-72.170441 state=2 noVoiceActivityPacketCount=0
2026-07-15 15:02:44.412 Df avconferenced[1230:2e0e48] [com.apple.AVConference:ViceroyTrace] [NOTICE] -[VCAudioStreamReceiveGroup collectAndLogChannelMetrics:]:165 @=@ Health: VCAudioStreamReceiveGroup self=0x77e364d400 streamGroupID=micr participantUUID=B83B5018-C0AB-4787-A87D-CFC65439095E speakerProcsCalled=11245, averageOutputPower=-72.170441, syncTargetCalled=22484
2026-07-15 15:02:44.412 Df avconferenced[1230:2e0e48] [com.apple.AVConference:ViceroyTrace] [NOTICE] -[VCAudioStreamGroupCommon collectAndLogChannelMetrics:averagePower:]:612 streamGroupID=micr participantUUID=B83B5018-C0AB-4787-A87D-CFC65439095E (0x77e52b5a40) Health Monitor for Audio Stream Receive Group streamID=62339 audio=73kbps VCAudioIO=0x77d8557c00 procsCount=11245 averagePower=-72.170441 state=2 noVoiceActivityPacketCount=0
2026-07-15 15:02:44.412 Df avconferenced[1230:2e0e48] [com.apple.AVConference:ViceroyTrace] [NOTICE] -[VCAudioStreamReceiveGroup collectAndLogChannelMetrics:]:165 @=@ Health: VCAudioStreamReceiveGroup self=0x77e364d400 streamGroupID=micr participantUUID=B83B5018-C0AB-4787-A87D-CFC65439095E speakerProcsCalled=11245, averageOutputPower=-72.170441, syncTargetCalled=22484
2026-07-15 15:02:44.412 Df avconferenced[1230:2e0e47] [com.apple.AVConference:ViceroyTrace] VCAudioReceiver [NOTICE] _VCAudioReceiver_CalculateAndReportRTPMetrics:660 @=@ Health: VCAudioReceiver VCAudioReceiver[0x77f1873000] ParticipantID=B83B5018-C0AB-4787-A87D-CFC65439095E erasure percentage=0.00% PLR percentage=0.00% current percentage:0.00% (rec:250 exp:250, loss:0) receiver(rtp=250, bb=0, unk=0, dup=0, drop=0) jb(enc=500, drop=0) infobuf(rec=11209, exp:17481, drec=11204, dexp=17476)
2026-07-15 15:02:44.412 Df avconferenced[1230:2e0e47] [com.apple.AVConference:ViceroyTrace] VCAudioReceiver [NOTICE] _VCAudioReceiver_RegisterReportingTask_block_invoke_2:851 @=@ Health: VCAudioReceiver VCAudioReceiver[0x77f1873000] audioRxBitrate=79kbps, primaryAudioRxRate=51kbps payload=104 streamID=0 redReceivedBitrate=24kbps totalPacketsReceived=11209 mediaBitrateNoRed=27kbps redPlayedRate=0kbps redDiscardedRate=24kbps
2026-07-15 15:02:44.412 Df avconferenced[1230:2e0e47] [com.apple.AVConference:ViceroyTrace] [NOTICE] -[VCAudioTransmitter gatherRealtimeStats:]:772 @=@ Health: VCAudioTransmitter [0x77e26fd900] audioTxBitrate=76kbps, audioFecTx=1.000000, primaryAudioTxRate=24kbps, audioStreamRedundancyLevel=1, _qualityIndex=0, payload=104, totalPacketsSent=11244 streamIDsCount=0 _targetBitrate=120000 _currentTargetBitrate=120000 _supportsAdaptation=1 audioTxRedRate=26kbps
2026-07-15 15:02:44.586 Df avconferenced[1230:2dfb08] [com.apple.AVConference:ViceroyTrace] VCAudioStream [NOTICE] _VCAudioStream_CheckAbnormalOWRDAndResetLagReference:466 (0x77d8785000) RTT=0.070, TxBW=4084000b/sec, PLR=0.00%, PLaMR=0.01%
2026-07-15 15:02:44.606 Df avconferenced[1230:2dfb08] [com.apple.AVConference:ViceroyTrace] VCAudioStream [NOTICE] _VCAudioStream_CheckAbnormalOWRDAndResetLagReference:466 (0x77d8785000) RTT=0.070, TxBW=4084000b/sec, PLR=0.00%, PLaMR=0.01%
2026-07-15 15:02:45.176 Df usbaudiod[864:2dfb0a] [] current microframe timestamp calcError ns 1541
2026-07-15 15:02:45.606 Df avconferenced[1230:2dfb08] [com.apple.AVConference:ViceroyTrace] VCAudioStream [NOTICE] _VCAudioStream_CheckAbnormalOWRDAndResetLagReference:466 (0x77d8785000) RTT=0.067, TxBW=4084000b/sec, PLR=0.00%, PLaMR=0.01%
2026-07-15 15:02:46.315 Df audioaccessoryd[1042:2dfd74] [com.apple.bluetooth:BTSmartRoutingDaemon] AudioStateSnapshot: BtState PoweredOn Route Speaker App com.apple.avconferenced, Score 501, Remote -1 NumofApp 1
2026-07-15 15:02:46.606 Df avconferenced[1230:2dfb08] [com.apple.AVConference:ViceroyTrace] VCAudioStream [NOTICE] _VCAudioStream_CheckAbnormalOWRDAndResetLagReference:466 (0x77d8785000) RTT=0.066, TxBW=4084000b/sec, PLR=0.00%, PLaMR=0.01%
2026-07-15 15:02:46.626 Df avconferenced[1230:2dfb08] [com.apple.AVConference:ViceroyTrace] VCAudioStream [NOTICE] _VCAudioStream_CheckAbnormalOWRDAndResetLagReference:466 (0x77d8785000) RTT=0.066, TxBW=4084000b/sec, PLR=0.00%, PLaMR=0.01%
2026-07-15 15:02:46.933 Df callservicesd[1075:2e107b] [com.apple.calls.callservicesd:Default] Updating nearby device routes using devices: [ID 'BBRRgvxb', IDS 'BBmkANmL', PI 'BBDgdHSF', Nm 'BBPZjlSw', Md 'BBzvhkOz', ADSID 'BBjqramb', SV 'BBeXQzPj', OSV 'BBouSiGF', SF 0xC2104 < iWiFi DuetSync SharedHome Touch Owner >, ID 'BBVgWUWb', IDS 'BBdUFyxN', PI 'BBQZyprS', Nm 'BBxzotZa', Md 'BBvDbKzf', ADSID 'BBjqramb', SV 'BBeXQzPj', OSV 'BBFodyhu', SF 0x10000082184 < iWiFi Personal DuetSync SharedHome Owner MeDeviceIsMe >, ID 'BBIRZgqO', IDS 'BBNmRMMl', PI 'BBFNAWFq', Nm 'BBpZcTpF', Md 'BBNkCRvv', ADSID 'BBjqramb', SV 'BBeXQzPj', OSV 'BBABEQME', SF 0x800482804 < iWiFi Remote SharedHome Owner CallHandoff CommunalDevice >, ID 'BBXstzPI', IDS 'BBbVtzyO', PI 'BBmXVNHR', Nm 'BBLjKDgK', Md 'BBHWXSWP', ADSID 'BBjqramb', SV 'BBeXQzPj', OSV 'BBouSiGF', SF 0x800482804 < iWiFi Remote SharedHome Owner CallHandoff CommunalDevice >, ID 'BBmjJwRq', IDS 'BBrIRaWF', PI 'BBfkHxGD', Nm 'BBOzGxtH', Md 'BBdmmqvc', ADSID 'BBjqramb', SV 'BBeXQzPj', OSV 'BBABEQME', SF 0x8000D2804 < iWiFi Remote SharedHome TV Touch Owner CommunalDevice >, ID 'BBZqybTr', IDS 'BBQLgnrb', PI 'BBewNoza', Nm 'BBSqVpnl', Md 'BBjsKXKs', ADSID 'BBjqramb', SV 'BBeXQzPj', OSV 'BBFodyhu', SF 0x82104 < iWiFi DuetSync SharedHome Owner >, ID 'BBECDxTF', IDS 'BBzEnfyR', PI 'BBqrwDUr', Nm 'BBRAGXuw', Md 'BBdXVgjV', ADSID 'BBjqramb', SV 'BBeXQzPj', OSV 'BBABEQME', SF 0x8000D2804 < iWiFi Remote SharedHome TV Touch Owner CommunalDevice >]
2026-07-15 15:02:47.424 Df usbaudiod[864:2dfb0a] [] current microframe timestamp calcError ns 458
2026-07-15 15:02:47.626 Df avconferenced[1230:2dfb08] [com.apple.AVConference:ViceroyTrace] VCAudioStream [NOTICE] _VCAudioStream_CheckAbnormalOWRDAndResetLagReference:466 (0x77d8785000) RTT=0.066, TxBW=4084000b/sec, PLR=0.00%, PLaMR=0.01%
2026-07-15 15:02:48.646 Df avconferenced[1230:2dfb08] [com.apple.AVConference:ViceroyTrace] VCAudioStream [NOTICE] _VCAudioStream_CheckAbnormalOWRDAndResetLagReference:466 (0x77d8785000) RTT=0.064, TxBW=4084000b/sec, PLR=0.00%, PLaMR=0.01%
2026-07-15 15:02:48.666 Df avconferenced[1230:2dfb08] [com.apple.AVConference:ViceroyTrace] VCAudioStream [NOTICE] _VCAudioStream_CheckAbnormalOWRDAndResetLagReference:466 (0x77d8785000) RTT=0.066, TxBW=4084000b/sec, PLR=0.00%, PLaMR=0.01%
2026-07-15 15:02:48.859 Df FaceTime[33052:2df0d1] [com.apple.calls.telephonyutilities:Default] _cachedInputDevices = ( "" )
2026-07-15 15:02:49.315 Df audioaccessoryd[1042:2e153d] [com.apple.bluetooth:BTSmartRoutingDaemon] AudioStateSnapshot: BtState PoweredOn Route Speaker App com.apple.avconferenced, Score 501, Remote -1 NumofApp 1
2026-07-15 15:02:49.419 Df avconferenced[1230:2e16aa] [com.apple.AVConference:ViceroyTrace] [NOTICE] -[VCAudioStreamGroupCommon collectAndLogChannelMetrics:averagePower:]:612 streamGroupID=micr participantUUID=1952F070-5434-4495-9577-96ACA38ECA34 (0x77e52b48c0) Health Monitor for Audio Stream Send Group streamID=0 audio=66kbps VCAudioIO=0x77d5486600 procsCount=11494 averagePower=-120.000000 state=2 noVoiceActivityPacketCount=0
2026-07-15 15:02:49.419 Df avconferenced[1230:2e16aa] [com.apple.AVConference:ViceroyTrace] [NOTICE] -[VCAudioStreamGroupCommon collectAndLogChannelMetrics:averagePower:]:612 streamGroupID=micr participantUUID=B83B5018-C0AB-4787-A87D-CFC65439095E (0x77e52b5a40) Health Monitor for Audio Stream Receive Group streamID=62339 audio=79kbps VCAudioIO=0x77d8557c00 procsCount=11495 averagePower=-54.788742 state=2 noVoiceActivityPacketCount=0
2026-07-15 15:02:49.419 Df avconferenced[1230:2e16aa] [com.apple.AVConference:ViceroyTrace] [NOTICE] -[VCAudioStreamReceiveGroup collectAndLogChannelMetrics:]:165 @=@ Health: VCAudioStreamReceiveGroup self=0x77e364d400 streamGroupID=micr participantUUID=B83B5018-C0AB-4787-A87D-CFC65439095E speakerProcsCalled=11495, averageOutputPower=-54.788742, syncTargetCalled=22984
2026-07-15 15:02:49.419 Df avconferenced[1230:2e16aa] [com.apple.AVConference:ViceroyTrace] [NOTICE] -[VCAudioStreamGroupCommon collectAndLogChannelMetrics:averagePower:]:612 streamGroupID=micr participantUUID=B83B5018-C0AB-4787-A87D-CFC65439095E (0x77e52b5a40) Health Monitor for Audio Stream Receive Group streamID=62339 audio=79kbps VCAudioIO=0x77d8557c00 procsCount=11495 averagePower=-54.788742 state=2 noVoiceActivityPacketCount=0
2026-07-15 15:02:49.419 Df avconferenced[1230:2e16aa] [com.apple.AVConference:ViceroyTrace] [NOTICE] -[VCAudioStreamReceiveGroup collectAndLogChannelMetrics:]:165 @=@ Health: VCAudioStreamReceiveGroup self=0x77e364d400 streamGroupID=micr participantUUID=B83B5018-C0AB-4787-A87D-CFC65439095E speakerProcsCalled=11495, averageOutputPower=-54.788742, syncTargetCalled=22984
2026-07-15 15:02:49.419 Df avconferenced[1230:2dea2e] [com.apple.AVConference:ViceroyTrace] VCAudioReceiver [NOTICE] _VCAudioReceiver_CalculateAndReportRTPMetrics:660 @=@ Health: VCAudioReceiver VCAudioReceiver[0x77f1873000] ParticipantID=B83B5018-C0AB-4787-A87D-CFC65439095E erasure percentage=0.00% PLR percentage=0.00% current percentage:0.00% (rec:250 exp:250, loss:0) receiver(rtp=250, bb=0, unk=0, dup=0, drop=0) jb(enc=500, drop=0) infobuf(rec=11459, exp:17731, drec=11454, dexp=17726)
2026-07-15 15:02:49.419 Df avconferenced[1230:2dea2e] [com.apple.AVConference:ViceroyTrace] VCAudioReceiver [NOTICE] _VCAudioReceiver_RegisterReportingTask_block_invoke_2:851 @=@ Health: VCAudioReceiver VCAudioReceiver[0x77f1873000] audioRxBitrate=73kbps, primaryAudioRxRate=45kbps payload=104 streamID=0 redReceivedBitrate=21kbps totalPacketsReceived=11459 mediaBitrateNoRed=24kbps redPlayedRate=0kbps redDiscardedRate=21kbps
2026-07-15 15:02:49.419 Df avconferenced[1230:2e0e47] [com.apple.AVConference:ViceroyTrace] [NOTICE] -[VCAudioTransmitter gatherRealtimeStats:]:772 @=@ Health: VCAudioTransmitter [0x77e26fd900] audioTxBitrate=51kbps, audioFecTx=1.000000, primaryAudioTxRate=12kbps, audioStreamRedundancyLevel=1, _qualityIndex=0, payload=104, totalPacketsSent=11494 streamIDsCount=0 _targetBitrate=120000 _currentTargetBitrate=120000 _supportsAdaptation=1 audioTxRedRate=14kbps
2026-07-15 15:02:49.673 Df usbaudiod[864:2dfb0a] [] current microframe timestamp calcError ns 125
2026-07-15 15:02:49.686 Df avconferenced[1230:2dfb08] [com.apple.AVConference:ViceroyTrace] VCAudioStream [NOTICE] _VCAudioStream_CheckAbnormalOWRDAndResetLagReference:466 (0x77d8785000) RTT=0.068, TxBW=4084000b/sec, PLR=0.00%, PLaMR=0.01%
2026-07-15 15:02:50.686 Df avconferenced[1230:2dfb08] [com.apple.AVConference:ViceroyTrace] VCAudioStream [NOTICE] _VCAudioStream_CheckAbnormalOWRDAndResetLagReference:466 (0x77d8785000) RTT=0.067, TxBW=4084000b/sec, PLR=0.00%, PLaMR=0.00%
2026-07-15 15:02:50.706 Df avconferenced[1230:2dfb08] [com.apple.AVConference:ViceroyTrace] VCAudioStream [NOTICE] _VCAudioStream_CheckAbnormalOWRDAndResetLagReference:466 (0x77d8785000) RTT=0.066, TxBW=4084000b/sec, PLR=0.00%, PLaMR=0.00%
2026-07-15 15:02:51.706 Df avconferenced[1230:2dfb08] [com.apple.AVConference:ViceroyTrace] VCAudioStream [NOTICE] _VCAudioStream_CheckAbnormalOWRDAndResetLagReference:466 (0x77d8785000) RTT=0.065, TxBW=4084000b/sec, PLR=0.00%, PLaMR=0.00%
2026-07-15 15:02:51.921 Df usbaudiod[864:2dfb0a] [] current microframe timestamp calcError ns 208
