2026-07-15 15:00:00.640 Df avconferenced[1230:2dfb08] [com.apple.AVConference:ViceroyTrace] VCAudioStream [NOTICE] _VCAudioStream_CheckAbnormalOWRDAndResetLagReference:466 (0x77d8785000) RTT=0.068, TxBW=4084000b/sec, PLR=0.00%, PLaMR=5.30%
2026-07-15 15:00:00.916 Df audioaccessoryd[1042:2dfd74] [com.apple.bluetooth:BTSmartRoutingDaemon] AudioStateSnapshot: BtState PoweredOn Route Speaker App com.apple.avconferenced, Score 501, Remote -1 NumofApp 1
2026-07-15 15:00:01.064 Df usbaudiod[864:2dfb0a] [] current microframe timestamp calcError ns 3166
2026-07-15 15:00:01.640 Df avconferenced[1230:2dfb08] [com.apple.AVConference:ViceroyTrace] VCAudioStream [NOTICE] _VCAudioStream_CheckAbnormalOWRDAndResetLagReference:466 (0x77d8785000) RTT=0.068, TxBW=4084000b/sec, PLR=0.00%, PLaMR=5.30%
2026-07-15 15:00:02.640 Df avconferenced[1230:2dfb08] [com.apple.AVConference:ViceroyTrace] VCAudioStream [NOTICE] _VCAudioStream_CheckAbnormalOWRDAndResetLagReference:466 (0x77d8785000) RTT=0.069, TxBW=4084000b/sec, PLR=0.00%, PLaMR=5.30%
2026-07-15 15:00:02.660 Df avconferenced[1230:2dfb08] [com.apple.AVConference:ViceroyTrace] VCAudioStream [NOTICE] _VCAudioStream_CheckAbnormalOWRDAndResetLagReference:466 (0x77d8785000) RTT=0.069, TxBW=4084000b/sec, PLR=0.00%, PLaMR=5.30%
2026-07-15 15:00:03.312 Df usbaudiod[864:2dfb0a] [] current microframe timestamp calcError ns 2541
2026-07-15 15:00:03.660 Df avconferenced[1230:2dfb08] [com.apple.AVConference:ViceroyTrace] VCAudioStream [NOTICE] _VCAudioStream_CheckAbnormalOWRDAndResetLagReference:466 (0x77d8785000) RTT=0.068, TxBW=4084000b/sec, PLR=0.00%, PLaMR=5.30%
2026-07-15 15:00:03.916 Df audioaccessoryd[1042:2dfabb] [com.apple.bluetooth:BTSmartRoutingDaemon] AudioStateSnapshot: BtState PoweredOn Route Speaker App com.apple.avconferenced, Score 501, Remote -1 NumofApp 1
2026-07-15 15:00:04.205 Df audioaccessoryd[1042:2dfd74] [com.apple.AudioAccessory:AANearbyDeviceManagerDaemon] AANearbyDevice lost: AANearbyDevice identifier: 48D9B764-E900-6DF7-7EAA-4A813E19F1E6, Bt addr 'F2:F4:6A:AB:2B:80', Md 'Device1,8233', Nm 'James’s AirPods Pro', paired, Case, Prim Id '62E245F3-2C27-26C2-1CB9-406B59E9F76C', Prim Bt addr 'CC:22:FE:90:F0:98'. AAProximityPairingAccessoryStatusPayload, PT: 7, PID 8233, ST: 6, lid open count: 3, lid closed: yes, need conn: no, sound En: no, connected: no, fault detect: no, C Batt: -21%, L Batt: +100%, R Batt: +100%, fw ver: 0.11.81, time till charged: 0, OBC on: no, DEOC on: no, Adv Data: <07 11 06 29 20 0b 15 e4 e4 51 0b 00 00 00 00 25 2d 00 00>
2026-07-15 15:00:04.206 Df audioaccessoryd[1042:2dfabb] [com.apple.AudioAccessory:AABatteryMonitorDaemon] Case no longer nearby: AADeviceBatteryInfo identifier: 62E245F3-2C27-26C2-1CB9-406B59E9F76C, Bt Addr 'CC:22:FE:90:F0:98', Col '255', Nm 'James’s AirPods Pro', Pid '8231', fmGI '3453CCDD-03A6-4EAC-ACC3-2C727E1BC3D8', fmCI '48D9B764-E900-6DF7-7EAA-4A813E19F1E6', Batt C '-21.00%'[ls: 2026-07-15-19:59:05.031], Batt LR '+100.00%'[ls: 2026-07-15-19:59:05.031], Batt L '+100.00%'[ls: 2026-07-15-19:59:05.031], Batt R '+100.00%'[ls: 2026-07-15-19:59:05.031]
2026-07-15 15:00:04.401 Df avconferenced[1230:2dea2e] [com.apple.AVConference:ViceroyTrace] [NOTICE] -[VCAudioStreamGroupCommon collectAndLogChannelMetrics:averagePower:]:612 streamGroupID=micr participantUUID=1952F070-5434-4495-9577-96ACA38ECA34 (0x77e52b48c0) Health Monitor for Audio Stream Send Group streamID=0 audio=89kbps VCAudioIO=0x77d5486600 procsCount=3243 averagePower=-43.226109 state=2 noVoiceActivityPacketCount=0
2026-07-15 15:00:04.401 Df avconferenced[1230:2dea2e] [com.apple.AVConference:ViceroyTrace] [NOTICE] -[VCAudioStreamGroupCommon collectAndLogChannelMetrics:averagePower:]:612 streamGroupID=micr participantUUID=B83B5018-C0AB-4787-A87D-CFC65439095E (0x77e52b5a40) Health Monitor for Audio Stream Receive Group streamID=62339 audio=122kbps VCAudioIO=0x77d8557c00 procsCount=3245 averagePower=-100.393143 state=2 noVoiceActivityPacketCount=0
2026-07-15 15:00:04.401 Df avconferenced[1230:2dea2e] [com.apple.AVConference:ViceroyTrace] [NOTICE] -[VCAudioStreamReceiveGroup collectAndLogChannelMetrics:]:165 @=@ Health: VCAudioStreamReceiveGroup self=0x77e364d400 streamGroupID=micr participantUUID=B83B5018-C0AB-4787-A87D-CFC65439095E speakerProcsCalled=3245, averageOutputPower=-100.393143, syncTargetCalled=6484
2026-07-15 15:00:04.401 Df avconferenced[1230:2dea2e] [com.apple.AVConference:ViceroyTrace] [NOTICE] -[VCAudioStreamGroupCommon collectAndLogChannelMetrics:averagePower:]:612 streamGroupID=micr participantUUID=B83B5018-C0AB-4787-A87D-CFC65439095E (0x77e52b5a40) Health Monitor for Audio Stream Receive Group streamID=62339 audio=122kbps VCAudioIO=0x77d8557c00 procsCount=3245 averagePower=-100.393143 state=2 noVoiceActivityPacketCount=0
2026-07-15 15:00:04.401 Df avconferenced[1230:2dea2e] [com.apple.AVConference:ViceroyTrace] [NOTICE] -[VCAudioStreamReceiveGroup collectAndLogChannelMetrics:]:165 @=@ Health: VCAudioStreamReceiveGroup self=0x77e364d400 streamGroupID=micr participantUUID=B83B5018-C0AB-4787-A87D-CFC65439095E speakerProcsCalled=3245, averageOutputPower=-100.393143, syncTargetCalled=6484
2026-07-15 15:00:04.404 Df avconferenced[1230:2dfb1e] [com.apple.AVConference:ViceroyTrace] VCAudioReceiver [NOTICE] _VCAudioReceiver_CalculateAndReportRTPMetrics:660 @=@ Health: VCAudioReceiver VCAudioReceiver[0x77f1873000] ParticipantID=B83B5018-C0AB-4787-A87D-CFC65439095E erasure percentage=0.00% PLR percentage=0.06% current percentage:0.00% (rec:249 exp:249, loss:0) receiver(rtp=249, bb=0, unk=0, dup=0, drop=0) jb(enc=498, drop=0) infobuf(rec=3239, exp:9481, drec=3234, dexp=9476)
2026-07-15 15:00:04.404 Df avconferenced[1230:2dfb1e] [com.apple.AVConference:ViceroyTrace] VCAudioReceiver [NOTICE] _VCAudioReceiver_RegisterReportingTask_block_invoke_2:851 @=@ Health: VCAudioReceiver VCAudioReceiver[0x77f1873000] audioRxBitrate=73kbps, primaryAudioRxRate=45kbps payload=104 streamID=0 redReceivedBitrate=21kbps totalPacketsReceived=3239 mediaBitrateNoRed=24kbps redPlayedRate=0kbps redDiscardedRate=21kbps
2026-07-15 15:00:04.404 Df avconferenced[1230:2dfb1e] [com.apple.AVConference:ViceroyTrace] [NOTICE] -[VCAudioTransmitter gatherRealtimeStats:]:772 @=@ Health: VCAudioTransmitter [0x77e26fd900] audioTxBitrate=99kbps, audioFecTx=1.000000, primaryAudioTxRate=36kbps, audioStreamRedundancyLevel=1, _qualityIndex=0, payload=104, totalPacketsSent=3244 streamIDsCount=0 _targetBitrate=120000 _currentTargetBitrate=120000 _supportsAdaptation=1 audioTxRedRate=38kbps
2026-07-15 15:00:04.660 Df avconferenced[1230:2dfb08] [com.apple.AVConference:ViceroyTrace] VCAudioStream [NOTICE] _VCAudioStream_CheckAbnormalOWRDAndResetLagReference:466 (0x77d8785000) RTT=0.067, TxBW=4084000b/sec, PLR=0.00%, PLaMR=5.30%
2026-07-15 15:00:04.680 Df avconferenced[1230:2dfb08] [com.apple.AVConference:ViceroyTrace] VCAudioStream [NOTICE] _VCAudioStream_CheckAbnormalOWRDAndResetLagReference:466 (0x77d8785000) RTT=0.067, TxBW=4084000b/sec, PLR=0.00%, PLaMR=5.30%
2026-07-15 15:00:05.560 Df usbaudiod[864:2dfb0a] [] current microframe timestamp calcError ns 3625
2026-07-15 15:00:05.680 Df avconferenced[1230:2dfb08] [com.apple.AVConference:ViceroyTrace] VCAudioStream [NOTICE] _VCAudioStream_CheckAbnormalOWRDAndResetLagReference:466 (0x77d8785000) RTT=0.068, TxBW=4084000b/sec, PLR=0.00%, PLaMR=3.71%
2026-07-15 15:00:06.680 Df avconferenced[1230:2dfb08] [com.apple.AVConference:ViceroyTrace] VCAudioStream [NOTICE] _VCAudioStream_CheckAbnormalOWRDAndResetLagReference:466 (0x77d8785000) RTT=0.067, TxBW=4084000b/sec, PLR=0.00%, PLaMR=3.71%
2026-07-15 15:00:06.916 Df audioaccessoryd[1042:2dfd74] [com.apple.bluetooth:BTSmartRoutingDaemon] AudioStateSnapshot: BtState PoweredOn Route Speaker App com.apple.avconferenced, Score 501, Remote -1 NumofApp 1
2026-07-15 15:00:07.700 Df avconferenced[1230:2dfb08] [com.apple.AVConference:ViceroyTrace] VCAudioStream [NOTICE] _VCAudioStream_CheckAbnormalOWRDAndResetLagReference:466 (0x77d8785000) RTT=0.073, TxBW=4084000b/sec, PLR=0.00%, PLaMR=3.71%
2026-07-15 15:00:07.808 Df usbaudiod[864:2dfb0a] [] current microframe timestamp calcError ns 625
2026-07-15 15:00:08.216 Df callservicesd[1075:2dfb37] [com.apple.calls.callservicesd:Default] Updating nearby device routes using devices: [ID 'BBRRgvxb', IDS 'BBmkANmL', PI 'BBUmjUSs', Nm 'BBPZjlSw', Md 'BBzvhkOz', ADSID 'BBjqramb', SV 'BBeXQzPj', OSV 'BBouSiGF', SF 0xC2104 < iWiFi DuetSync SharedHome Touch Owner >, ID 'BBVgWUWb', IDS 'BBdUFyxN', PI 'BBQZyprS', Nm 'BBxzotZa', Md 'BBvDbKzf', ADSID 'BBjqramb', SV 'BBeXQzPj', OSV 'BBFodyhu', SF 0x10000082184 < iWiFi Personal DuetSync SharedHome Owner MeDeviceIsMe >, ID 'BBIRZgqO', IDS 'BBNmRMMl', PI 'BBFNAWFq', Nm 'BBpZcTpF', Md 'BBNkCRvv', ADSID 'BBjqramb', SV 'BBeXQzPj', OSV 'BBABEQME', SF 0x800482804 < iWiFi Remote SharedHome Owner CallHandoff CommunalDevice >, ID 'BBXstzPI', IDS 'BBbVtzyO', PI 'BBXJauiW', Nm 'BBLjKDgK', Md 'BBHWXSWP', ADSID 'BBjqramb', SV 'BBeXQzPj', OSV 'BBouSiGF', SF 0x800482804 < iWiFi Remote SharedHome Owner CallHandoff CommunalDevice >, ID 'BBmjJwRq', IDS 'BBrIRaWF', PI 'BBfkHxGD', Nm 'BBOzGxtH', Md 'BBdmmqvc', ADSID 'BBjqramb', SV 'BBeXQzPj', OSV 'BBABEQME', SF 0x8000D2804 < iWiFi Remote SharedHome TV Touch Owner CommunalDevice >, ID 'BBZqybTr', IDS 'BBQLgnrb', PI 'BBewNoza', Nm 'BBSqVpnl', Md 'BBjsKXKs', ADSID 'BBjqramb', SV 'BBeXQzPj', OSV 'BBFodyhu', SF 0x82104 < iWiFi DuetSync SharedHome Owner >, ID 'BBECDxTF', IDS 'BBzEnfyR', PI 'BBqrwDUr', Nm 'BBRAGXuw', Md 'BBdXVgjV', ADSID 'BBjqramb', SV 'BBeXQzPj', OSV 'BBABEQME', SF 0x8000D2804 < iWiFi Remote SharedHome TV Touch Owner CommunalDevice >]
2026-07-15 15:00:08.222 Df callservicesd[1075:2dfb37] [com.apple.calls.callservicesd:Default] Updating nearby device routes using devices: [ID 'BBRRgvxb', IDS 'BBmkANmL', PI 'BBUmjUSs', Nm 'BBPZjlSw', Md 'BBzvhkOz', ADSID 'BBjqramb', SV 'BBeXQzPj', OSV 'BBouSiGF', SF 0xC2104 < iWiFi DuetSync SharedHome Touch Owner >, ID 'BBVgWUWb', IDS 'BBdUFyxN', PI 'BBQZyprS', Nm 'BBxzotZa', Md 'BBvDbKzf', ADSID 'BBjqramb', SV 'BBeXQzPj', OSV 'BBFodyhu', SF 0x10000082184 < iWiFi Personal DuetSync SharedHome Owner MeDeviceIsMe >, ID 'BBIRZgqO', IDS 'BBNmRMMl', PI 'BBFNAWFq', Nm 'BBpZcTpF', Md 'BBNkCRvv', ADSID 'BBjqramb', SV 'BBeXQzPj', OSV 'BBABEQME', SF 0x800482804 < iWiFi Remote SharedHome Owner CallHandoff CommunalDevice >, ID 'BBXstzPI', IDS 'BBbVtzyO', PI 'BBXJauiW', Nm 'BBLjKDgK', Md 'BBHWXSWP', ADSID 'BBjqramb', SV 'BBeXQzPj', OSV 'BBouSiGF', SF 0x800482804 < iWiFi Remote SharedHome Owner CallHandoff CommunalDevice >, ID 'BBmjJwRq', IDS 'BBrIRaWF', PI 'BBfkHxGD', Nm 'BBOzGxtH', Md 'BBdmmqvc', ADSID 'BBjqramb', SV 'BBeXQzPj', OSV 'BBABEQME', SF 0x8000D2804 < iWiFi Remote SharedHome TV Touch Owner CommunalDevice >, ID 'BBZqybTr', IDS 'BBQLgnrb', PI 'BBewNoza', Nm 'BBSqVpnl', Md 'BBjsKXKs', ADSID 'BBjqramb', SV 'BBeXQzPj', OSV 'BBFodyhu', SF 0x82104 < iWiFi DuetSync SharedHome Owner >, ID 'BBECDxTF', IDS 'BBzEnfyR', PI 'BBqrwDUr', Nm 'BBRAGXuw', Md 'BBdXVgjV', ADSID 'BBjqramb', SV 'BBeXQzPj', OSV 'BBABEQME', SF 0x8000D2804 < iWiFi Remote SharedHome TV Touch Owner CommunalDevice >]
2026-07-15 15:00:08.700 Df avconferenced[1230:2dfb08] [com.apple.AVConference:ViceroyTrace] VCAudioStream [NOTICE] _VCAudioStream_CheckAbnormalOWRDAndResetLagReference:466 (0x77d8785000) RTT=0.068, TxBW=4084000b/sec, PLR=0.00%, PLaMR=3.71%
2026-07-15 15:00:09.416 Df avconferenced[1230:2dfb13] [com.apple.AVConference:ViceroyTrace] [NOTICE] -[VCAudioStreamGroupCommon collectAndLogChannelMetrics:averagePower:]:612 streamGroupID=micr participantUUID=1952F070-5434-4495-9577-96ACA38ECA34 (0x77e52b48c0) Health Monitor for Audio Stream Send Group streamID=0 audio=106kbps VCAudioIO=0x77d5486600 procsCount=3494 averagePower=-24.639280 state=2 noVoiceActivityPacketCount=0
2026-07-15 15:00:09.416 Df avconferenced[1230:2dfb13] [com.apple.AVConference:ViceroyTrace] [NOTICE] -[VCAudioStreamGroupCommon collectAndLogChannelMetrics:averagePower:]:612 streamGroupID=micr participantUUID=B83B5018-C0AB-4787-A87D-CFC65439095E (0x77e52b5a40) Health Monitor for Audio Stream Receive Group streamID=62339 audio=73kbps VCAudioIO=0x77d8557c00 procsCount=3495 averagePower=-104.409035 state=2 noVoiceActivityPacketCount=0
2026-07-15 15:00:09.416 Df avconferenced[1230:2dfb13] [com.apple.AVConference:ViceroyTrace] [NOTICE] -[VCAudioStreamReceiveGroup collectAndLogChannelMetrics:]:165 @=@ Health: VCAudioStreamReceiveGroup self=0x77e364d400 streamGroupID=micr participantUUID=B83B5018-C0AB-4787-A87D-CFC65439095E speakerProcsCalled=3495, averageOutputPower=-104.409035, syncTargetCalled=6984
2026-07-15 15:00:09.416 Df avconferenced[1230:2dfb13] [com.apple.AVConference:ViceroyTrace] [NOTICE] -[VCAudioStreamGroupCommon collectAndLogChannelMetrics:averagePower:]:612 streamGroupID=micr participantUUID=B83B5018-C0AB-4787-A87D-CFC65439095E (0x77e52b5a40) Health Monitor for Audio Stream Receive Group streamID=62339 audio=73kbps VCAudioIO=0x77d8557c00 procsCount=3495 averagePower=-104.409035 state=2 noVoiceActivityPacketCount=0
2026-07-15 15:00:09.416 Df avconferenced[1230:2dfb13] [com.apple.AVConference:ViceroyTrace] [NOTICE] -[VCAudioStreamReceiveGroup collectAndLogChannelMetrics:]:165 @=@ Health: VCAudioStreamReceiveGroup self=0x77e364d400 streamGroupID=micr participantUUID=B83B5018-C0AB-4787-A87D-CFC65439095E speakerProcsCalled=3495, averageOutputPower=-104.409035, syncTargetCalled=6984
2026-07-15 15:00:09.416 Df avconferenced[1230:2dea2e] [com.apple.AVConference:ViceroyTrace] VCAudioReceiver [NOTICE] _VCAudioReceiver_CalculateAndReportRTPMetrics:660 @=@ Health: VCAudioReceiver VCAudioReceiver[0x77f1873000] ParticipantID=B83B5018-C0AB-4787-A87D-CFC65439095E erasure percentage=0.00% PLR percentage=0.03% current percentage:0.00% (rec:250 exp:250, loss:0) receiver(rtp=250, bb=0, unk=0, dup=0, drop=0) jb(enc=500, drop=0) infobuf(rec=3489, exp:9731, drec=3484, dexp=9726)
2026-07-15 15:00:09.416 Df avconferenced[1230:2dea2e] [com.apple.AVConference:ViceroyTrace] VCAudioReceiver [NOTICE] _VCAudioReceiver_RegisterReportingTask_block_invoke_2:851 @=@ Health: VCAudioReceiver VCAudioReceiver[0x77f1873000] audioRxBitrate=79kbps, primaryAudioRxRate=51kbps payload=104 streamID=0 redReceivedBitrate=24kbps totalPacketsReceived=3489 mediaBitrateNoRed=27kbps redPlayedRate=0kbps redDiscardedRate=24kbps
2026-07-15 15:00:09.416 Df avconferenced[1230:2dfb13] [com.apple.AVConference:ViceroyTrace] [NOTICE] -[VCAudioTransmitter gatherRealtimeStats:]:772 @=@ Health: VCAudioTransmitter [0x77e26fd900] audioTxBitrate=108kbps, audioFecTx=1.000000, primaryAudioTxRate=40kbps, audioStreamRedundancyLevel=1, _qualityIndex=0, payload=104, totalPacketsSent=3494 streamIDsCount=0 _targetBitrate=120000 _currentTargetBitrate=120000 _supportsAdaptation=1 audioTxRedRate=43kbps
2026-07-15 15:00:09.700 Df avconferenced[1230:2dfb08] [com.apple.AVConference:ViceroyTrace] VCAudioStream [NOTICE] _VCAudioStream_CheckAbnormalOWRDAndResetLagReference:466 (0x77d8785000) RTT=0.068, TxBW=4084000b/sec, PLR=0.00%, PLaMR=3.71%
2026-07-15 15:00:09.916 Df audioaccessoryd[1042:2dfabb] [com.apple.bluetooth:BTSmartRoutingDaemon] AudioStateSnapshot: BtState PoweredOn Route Speaker App com.apple.avconferenced, Score 501, Remote -1 NumofApp 1
2026-07-15 15:00:10.057 Df usbaudiod[864:2dfb0a] [] current microframe timestamp calcError ns 1583
2026-07-15 15:00:10.700 Df avconferenced[1230:2dfb08] [com.apple.AVConference:ViceroyTrace] VCAudioStream [NOTICE] _VCAudioStream_CheckAbnormalOWRDAndResetLagReference:466 (0x77d8785000) RTT=0.068, TxBW=4084000b/sec, PLR=0.00%, PLaMR=2.60%
2026-07-15 15:00:10.720 Df avconferenced[1230:2dfb08] [com.apple.AVConference:ViceroyTrace] VCAudioStream [NOTICE] _VCAudioStream_CheckAbnormalOWRDAndResetLagReference:466 (0x77d8785000) RTT=0.067, TxBW=4084000b/sec, PLR=0.00%, PLaMR=2.60%
2026-07-15 15:00:11.740 Df avconferenced[1230:2dfb08] [com.apple.AVConference:ViceroyTrace] VCAudioStream [NOTICE] _VCAudioStream_CheckAbnormalOWRDAndResetLagReference:466 (0x77d8785000) RTT=0.067, TxBW=4084000b/sec, PLR=0.00%, PLaMR=2.60%
2026-07-15 15:00:12.305 Df usbaudiod[864:2dfb0a] [] current microframe timestamp calcError ns 1000
2026-07-15 15:00:12.740 Df avconferenced[1230:2dfb08] [com.apple.AVConference:ViceroyTrace] VCAudioStream [NOTICE] _VCAudioStream_CheckAbnormalOWRDAndResetLagReference:466 (0x77d8785000) RTT=0.071, TxBW=4084000b/sec, PLR=0.00%, PLaMR=2.60%
2026-07-15 15:00:12.916 Df audioaccessoryd[1042:2dfd74] [com.apple.bluetooth:BTSmartRoutingDaemon] AudioStateSnapshot: BtState PoweredOn Route Speaker App com.apple.avconferenced, Score 501, Remote -1 NumofApp 1
2026-07-15 15:00:13.741 Df avconferenced[1230:2dfb08] [com.apple.AVConference:ViceroyTrace] VCAudioStream [NOTICE] _VCAudioStream_CheckAbnormalOWRDAndResetLagReference:466 (0x77d8785000) RTT=0.067, TxBW=4084000b/sec, PLR=0.00%, PLaMR=2.60%
2026-07-15 15:00:13.760 Df avconferenced[1230:2dfb08] [com.apple.AVConference:ViceroyTrace] VCAudioStream [NOTICE] _VCAudioStream_CheckAbnormalOWRDAndResetLagReference:466 (0x77d8785000) RTT=0.068, TxBW=4084000b/sec, PLR=0.00%, PLaMR=2.60%
2026-07-15 15:00:14.218 Df audioaccessoryd[1042:2dfd74] [com.apple.AudioAccessory:AABatteryMonitorDaemon] All batteries expired, removing device: AADeviceBatteryInfo identifier: 62E245F3-2C27-26C2-1CB9-406B59E9F76C, Bt Addr 'CC:22:FE:90:F0:98', Col '255', Nm 'James’s AirPods Pro', Pid '8231', fmGI '3453CCDD-03A6-4EAC-ACC3-2C727E1BC3D8', fmCI '48D9B764-E900-6DF7-7EAA-4A813E19F1E6'
2026-07-15 15:00:14.218 Df audioaccessoryd[1042:2dfd74] [com.apple.AudioAccessory:AABatteryMonitorDaemon] AADeviceBatteryInfo lost: AADeviceBatteryInfo identifier: 62E245F3-2C27-26C2-1CB9-406B59E9F76C, Bt Addr 'CC:22:FE:90:F0:98', Col '255', Nm 'James’s AirPods Pro', Pid '8231', fmGI '3453CCDD-03A6-4EAC-ACC3-2C727E1BC3D8', fmCI '48D9B764-E900-6DF7-7EAA-4A813E19F1E6'
2026-07-15 15:00:14.218 Df audioaccessoryd[1042:2dfd74] [com.apple.AudioAccessory:AALowBatteryAlertDaemon] Battery info lost: AADeviceBatteryInfo identifier: 62E245F3-2C27-26C2-1CB9-406B59E9F76C, Bt Addr 'CC:22:FE:90:F0:98', Col '255', Nm 'James’s AirPods Pro', Pid '8231'
2026-07-15 15:00:14.219 Df audioaccessoryd[1042:2dfabb] [com.apple.AudioAccessory:AADeviceManager] AADeviceBatteryInfo lost for clientID 0xC7D30004, battery object: AADeviceBatteryInfo identifier: 62E245F3-2C27-26C2-1CB9-406B59E9F76C, Bt Addr 'CC:22:FE:90:F0:98', Col '255', Nm 'James’s AirPods Pro', Pid '8231'
2026-07-15 15:00:14.219 Df audioaccessoryd[1042:2dfabb] [com.apple.AudioAccessory:AADeviceManager] AADeviceBatteryInfo lost for clientID 0xC7D30001, battery object: AADeviceBatteryInfo identifier: 62E245F3-2C27-26C2-1CB9-406B59E9F76C, Bt Addr 'CC:22:FE:90:F0:98', Col '255', Nm 'James’s AirPods Pro', Pid '8231'
2026-07-15 15:00:14.219 Df audioaccessoryd[1042:2dfabb] [com.apple.AudioAccessory:AADeviceManager] AADeviceBatteryInfo lost for clientID 0xC7D30007, battery object: AADeviceBatteryInfo identifier: 62E245F3-2C27-26C2-1CB9-406B59E9F76C, Bt Addr 'CC:22:FE:90:F0:98', Col '255', Nm 'James’s AirPods Pro', Pid '8231'
2026-07-15 15:00:14.219 Df audioaccessoryd[1042:2dfabb] [com.apple.AudioAccessory:AADeviceManager] AADeviceBatteryInfo lost for clientID 0xC7D30003, battery object: AADeviceBatteryInfo identifier: 62E245F3-2C27-26C2-1CB9-406B59E9F76C, Bt Addr 'CC:22:FE:90:F0:98', Col '255', Nm 'James’s AirPods Pro', Pid '8231'
2026-07-15 15:00:14.219 Df audioaccessoryd[1042:2dfabb] [com.apple.AudioAccessory:AADeviceManager] AADeviceBatteryInfo lost for clientID 0xC7D30008, battery object: AADeviceBatteryInfo identifier: 62E245F3-2C27-26C2-1CB9-406B59E9F76C, Bt Addr 'CC:22:FE:90:F0:98', Col '255', Nm 'James’s AirPods Pro', Pid '8231'
2026-07-15 15:00:14.219 Df audioaccessoryd[1042:2dfabb] [com.apple.AudioAccessory:AADeviceManager] AADeviceBatteryInfo lost for clientID 0xC7D30002, battery object: AADeviceBatteryInfo identifier: 62E245F3-2C27-26C2-1CB9-406B59E9F76C, Bt Addr 'CC:22:FE:90:F0:98', Col '255', Nm 'James’s AirPods Pro', Pid '8231'
2026-07-15 15:00:14.219 Df audioaccessoryd[1042:2dfabb] [com.apple.AudioAccessory:AADeviceManager] AADeviceBatteryInfo lost for clientID 0xC7D3000A, battery object: AADeviceBatteryInfo identifier: 62E245F3-2C27-26C2-1CB9-406B59E9F76C, Bt Addr 'CC:22:FE:90:F0:98', Col '255', Nm 'James’s AirPods Pro', Pid '8231'
2026-07-15 15:00:14.220 Df audioaccessoryd[1042:1f78] [com.apple.AudioAccessory:AADeviceManager] AADeviceBatteryInfo lost for clientID 0xC7D3000B, battery object: AADeviceBatteryInfo identifier: 62E245F3-2C27-26C2-1CB9-406B59E9F76C, Bt Addr 'CC:22:FE:90:F0:98', Col '255', Nm 'James’s AirPods Pro', Pid '8231'
2026-07-15 15:00:14.227 Df audioaccessoryd[1042:2dfabb] [com.apple.bluetooth:BTSmartRoutingDaemon] Pairing found device CBDevice 62E245F3-2C27-26C2-1CB9-406B59E9F76C, BDA , Nm , Md AirPods3,4, PID 0x2027 (AirPods3,4), PrNm AirPods Pro, VID 0x004C, VS 1, avCp 1, AVC 1, DsFl 0x800000 < Pairing >, DvF 0x25901D804037 < AACP MagicPaired ShareAudio Tipi PSE ClassicPaired SpatialAudio AdvancedAppleAudio ANC Transparency SpatialAudioAllowed LidClosed FindMyManaged SmartRouting Connectable SensorData >, DvT Headphones, SupS 0x180019 < HFP AVRCP A2DP AACP GATT >, Freq 2.4, Band ISM2.4, aaCp 1, ClkH L NoiseManagement R NoiseManagement, ECC 3, MCCp 1, MCC 2, CVer'8B41', cdCp 1, cDC 1, DbTp C Basic, GAPA 0x1 < Real >, FV '8B41', LsnM ANC, LsMC 0x6 < ANC Transparency >, BTv 6.0, MicM Auto, Plcm M Enabled, Prim Unknown, fmCI 48D9B764-E900-6DF7-7EAA-4A813E19F1E6, fmGI 3453CCDD-03A6-4EAC-ACC3-2C727E1BC3D8, modU A3064, SN 'CH7K4Q74Y5', SN Left'J5QHP501V510000UHZ', SN Right 'J5QHP600V1B0000UHY', srMd Enabled, spAM ContentDriven, AdTsMC <71781301855>, deDa , baDa , ppDa , ppPD 01 27 20 34 77 b2 3a <…>
2026-07-15 15:00:14.400 Df avconferenced[1230:2df295] [com.apple.AVConference:ViceroyTrace] [NOTICE] -[VCAudioStreamGroupCommon collectAndLogChannelMetrics:averagePower:]:612 streamGroupID=micr participantUUID=1952F070-5434-4495-9577-96ACA38ECA34 (0x77e52b48c0) Health Monitor for Audio Stream Send Group streamID=0 audio=87kbps VCAudioIO=0x77d5486600 procsCount=3743 averagePower=-25.440857 state=2 noVoiceActivityPacketCount=0
2026-07-15 15:00:14.400 Df avconferenced[1230:2df295] [com.apple.AVConference:ViceroyTrace] [NOTICE] -[VCAudioStreamGroupCommon collectAndLogChannelMetrics:averagePower:]:612 streamGroupID=micr participantUUID=B83B5018-C0AB-4787-A87D-CFC65439095E (0x77e52b5a40) Health Monitor for Audio Stream Receive Group streamID=62339 audio=79kbps VCAudioIO=0x77d8557c00 procsCount=3744 averagePower=-51.142319 state=2 noVoiceActivityPacketCount=0
2026-07-15 15:00:14.400 Df avconferenced[1230:2df295] [com.apple.AVConference:ViceroyTrace] [NOTICE] -[VCAudioStreamReceiveGroup collectAndLogChannelMetrics:]:165 @=@ Health: VCAudioStreamReceiveGroup self=0x77e364d400 streamGroupID=micr participantUUID=B83B5018-C0AB-4787-A87D-CFC65439095E speakerProcsCalled=3744, averageOutputPower=-51.142319, syncTargetCalled=7482
2026-07-15 15:00:14.400 Df avconferenced[1230:2df295] [com.apple.AVConference:ViceroyTrace] [NOTICE] -[VCAudioStreamGroupCommon collectAndLogChannelMetrics:averagePower:]:612 streamGroupID=micr participantUUID=B83B5018-C0AB-4787-A87D-CFC65439095E (0x77e52b5a40) Health Monitor for Audio Stream Receive Group streamID=62339 audio=79kbps VCAudioIO=0x77d8557c00 procsCount=3744 averagePower=-51.142319 state=2 noVoiceActivityPacketCount=0
2026-07-15 15:00:14.400 Df avconferenced[1230:2df295] [com.apple.AVConference:ViceroyTrace] [NOTICE] -[VCAudioStreamReceiveGroup collectAndLogChannelMetrics:]:165 @=@ Health: VCAudioStreamReceiveGroup self=0x77e364d400 streamGroupID=micr participantUUID=B83B5018-C0AB-4787-A87D-CFC65439095E speakerProcsCalled=3744, averageOutputPower=-51.142319, syncTargetCalled=7482
2026-07-15 15:00:14.400 Df avconferenced[1230:2df299] [com.apple.AVConference:ViceroyTrace] VCAudioReceiver [NOTICE] _VCAudioReceiver_CalculateAndReportRTPMetrics:660 @=@ Health: VCAudioReceiver VCAudioReceiver[0x77f1873000] ParticipantID=B83B5018-C0AB-4787-A87D-CFC65439095E erasure percentage=0.00% PLR percentage=0.01% current percentage:0.00% (rec:249 exp:249, loss:0) receiver(rtp=249, bb=0, unk=0, dup=0, drop=0) jb(enc=498, drop=0) infobuf(rec=3738, exp:9980, drec=3733, dexp=9975)
2026-07-15 15:00:14.400 Df avconferenced[1230:2df299] [com.apple.AVConference:ViceroyTrace] VCAudioReceiver [NOTICE] _VCAudioReceiver_RegisterReportingTask_block_invoke_2:851 @=@ Health: VCAudioReceiver VCAudioReceiver[0x77f1873000] audioRxBitrate=64kbps, primaryAudioRxRate=36kbps payload=104 streamID=0 redReceivedBitrate=17kbps totalPacketsReceived=3738 mediaBitrateNoRed=19kbps redPlayedRate=0kbps redDiscardedRate=17kbps
2026-07-15 15:00:14.401 Df avconferenced[1230:2dfb1e] [com.apple.AVConference:ViceroyTrace] [NOTICE] -[VCAudioTransmitter gatherRealtimeStats:]:772 @=@ Health: VCAudioTransmitter [0x77e26fd900] audioTxBitrate=88kbps, audioFecTx=1.000000, primaryAudioTxRate=30kbps, audioStreamRedundancyLevel=1, _qualityIndex=0, payload=104, totalPacketsSent=3743 streamIDsCount=0 _targetBitrate=120000 _currentTargetBitrate=120000 _supportsAdaptation=1 audioTxRedRate=32kbps
2026-07-15 15:00:14.553 Df usbaudiod[864:2dfb0a] [] current microframe timestamp calcError ns 1416
2026-07-15 15:00:14.780 Df avconferenced[1230:2dfb08] [com.apple.AVConference:ViceroyTrace] VCAudioStream [NOTICE] _VCAudioStream_CheckAbnormalOWRDAndResetLagReference:466 (0x77d8785000) RTT=0.068, TxBW=4084000b/sec, PLR=0.00%, PLaMR=2.60%
2026-07-15 15:00:15.800 Df avconferenced[1230:2dfb08] [com.apple.AVConference:ViceroyTrace] VCAudioStream [NOTICE] _VCAudioStream_CheckAbnormalOWRDAndResetLagReference:466 (0x77d8785000) RTT=0.068, TxBW=4084000b/sec, PLR=0.00%, PLaMR=1.82%
2026-07-15 15:00:15.820 Df avconferenced[1230:2dfb08] [com.apple.AVConference:ViceroyTrace] VCAudioStream [NOTICE] _VCAudioStream_CheckAbnormalOWRDAndResetLagReference:466 (0x77d8785000) RTT=0.068, TxBW=4084000b/sec, PLR=0.00%, PLaMR=1.82%
2026-07-15 15:00:15.916 Df audioaccessoryd[1042:2dfabb] [com.apple.bluetooth:BTSmartRoutingDaemon] AudioStateSnapshot: BtState PoweredOn Route Speaker App com.apple.avconferenced, Score 501, Remote -1 NumofApp 1
2026-07-15 15:00:16.801 Df usbaudiod[864:2dfb0a] [] current microframe timestamp calcError ns 750
2026-07-15 15:00:16.820 Df avconferenced[1230:2dfb08] [com.apple.AVConference:ViceroyTrace] VCAudioStream [NOTICE] _VCAudioStream_CheckAbnormalOWRDAndResetLagReference:466 (0x77d8785000) RTT=0.068, TxBW=4084000b/sec, PLR=0.00%, PLaMR=1.82%
2026-07-15 15:00:17.001 Df audioaccessoryd[1042:2dfd74] [com.apple.bluetooth:BTSmartRoutingDaemon] Nearby Wx device 48D9B764-E900-6DF7-7EAA-4A813E19F1E6 changed, name , addr E9:25:D5:B0:33:91, UTP no, sourceCount 0, audioState Idle, lastRoute NULL, zeroLastRoute NULL, oneLastRoute NULL, lidClosed no, primaryInEar no, secondaryInEar no, primaryInCase no, secondaryInCase no, battery Left 0.000000, battery right 0.000000, battery main 0.000000
2026-07-15 15:00:17.003 Df audioaccessoryd[1042:2dfabb] [com.apple.AudioAccessory:AANearbyDeviceManagerDaemon] Updating nearby case device '48D9B764-E900-6DF7-7EAA-4A813E19F1E6' with primary device: CBDevice 62E245F3-2C27-26C2-1CB9-406B59E9F76C, BDA , Nm , Md AirPods3,4, PID 0x2027 (AirPods3,4), PrNm AirPods Pro, VID 0x004C, VS 1, avCp 1, AVC 1, DsFl 0x800000 < Pairing >, DvF 0x25901D804037 < AACP MagicPaired ShareAudio Tipi PSE ClassicPaired SpatialAudio AdvancedAppleAudio ANC Transparency SpatialAudioAllowed LidClosed FindMyManaged SmartRouting Connectable SensorData >, DvT Headphones, SupS 0x180019 < HFP AVRCP A2DP AACP GATT >, Freq 2.4, Band ISM2.4, aaCp 1, ClkH L NoiseManagement R NoiseManagement, ECC 3, MCCp 1, MCC 2, CVer'8B41', cdCp 1, cDC 1, DbTp C Basic, GAPA 0x1 < Real >, FV '8B41', LsnM ANC, LsMC 0x6 < ANC Transparency >, BTv 6.0, MicM Auto, Plcm M Enabled, Prim Unknown, fmCI 48D9B764-E900-6DF7-7EAA-4A813E19F1E6, fmGI 3453CCDD-03A6-4EAC-ACC3-2C727E1BC3D8, modU A3064, SN 'CH7K4Q74Y5', SN Left'J5QHP501V510000UHZ', SN Right 'J5QHP600V1B0000UHY', srMd Enabled, spAM ContentDriven, Ad<…>
2026-07-15 15:00:17.003 Df audioaccessoryd[1042:2dfabb] [com.apple.AudioAccessory:AANearbyDeviceManagerDaemon] AANearbyDevice updated: AANearbyDevice identifier: 48D9B764-E900-6DF7-7EAA-4A813E19F1E6, Bt addr 'E9:25:D5:B0:33:91', Md 'Device1,8233', Nm 'James’s AirPods Pro', paired, Case, Prim Id '62E245F3-2C27-26C2-1CB9-406B59E9F76C', Prim Bt addr 'CC:22:FE:90:F0:98'. AAProximityPairingAccessoryStatusPayload, PT: 7, PID 8233, ST: 6, lid open count: 3, lid closed: yes, need conn: no, sound En: no, connected: no, fault detect: no, C Batt: -21%, L Batt: +100%, R Batt: +100%, fw ver: 0.11.81, time till charged: 0, OBC on: no, DEOC on: no, Adv Data: <07 11 06 29 20 0b 15 e4 e4 51 0b 00 00 00 00 a9 30 00 00>
2026-07-15 15:00:17.004 Df audioaccessoryd[1042:2dfabb] [com.apple.AudioAccessory:AABatteryMonitorDaemon] AADeviceBatteryInfo updated from AANearbyDevice: AANearbyDevice identifier: 48D9B764-E900-6DF7-7EAA-4A813E19F1E6, Bt addr 'E9:25:D5:B0:33:91', Md 'Device1,8233', Nm 'James’s AirPods Pro', paired, Case, Prim Id '62E245F3-2C27-26C2-1CB9-406B59E9F76C', Prim Bt addr 'CC:22:FE:90:F0:98'. AAProximityPairingAccessoryStatusPayload, PT: 7, PID 8233, ST: 6, lid open count: 3, lid closed: yes, need conn: no, sound En: no, connected: no, fault detect: no, C Batt: -21%, L Batt: +100%, R Batt: +100%, fw ver: 0.11.81, time till charged: 0, OBC on: no, DEOC on: no, Adv Data: <07 11 06 29 20 0b 15 e4 e4 51 0b 00 00 00 00 a9 30 00 00>
2026-07-15 15:00:17.004 Df audioaccessoryd[1042:2dfabb] [com.apple.AudioAccessory:AABatteryMonitorDaemon] AADeviceBatteryInfo updated: AADeviceBatteryInfo identifier: 62E245F3-2C27-26C2-1CB9-406B59E9F76C, Bt Addr 'CC:22:FE:90:F0:98', Col '255', Nm 'James’s AirPods Pro', Pid '8231', fmGI '3453CCDD-03A6-4EAC-ACC3-2C727E1BC3D8', fmCI '48D9B764-E900-6DF7-7EAA-4A813E19F1E6', Batt C '-21.00%'[ls: 2026-07-15-20:00:17.023, sFL: 0x2 < CaseAdv >], Batt LR '+100.00%'[ls: 2026-07-15-20:00:17.023, sFL: 0x2 < CaseAdv >], Batt L '+100.00%'[ls: 2026-07-15-20:00:17.023, sFL: 0x2 < CaseAdv >], Batt R '+100.00%'[ls: 2026-07-15-20:00:17.023, sFL: 0x2 < CaseAdv >]
2026-07-15 15:00:17.005 Df audioaccessoryd[1042:2dfabb] [com.apple.AudioAccessory:AADevicePowerSources] Power source publish update for battery: 'Case' with details: { "Max Capacity" : 100, "Low Warn Level" : 25, "Is Present" : true, "Is Charged" : 0, "Name" : "James’s AirPods Pro Case", "Type" : "Accessory Source", "Accessory Identifier" : "48D9B764-E900-6DF7-7EAA-4A813E19F1E6", "Accessory Category" : "Audio Battery Case", "Part Identifier" : "Case", "Is Charging" : false, "Time to Full Charge" : 0, "Transport Type" : "Bluetooth LE", "Current Capacity" : 21, "Vendor ID Source" : 1, "Optimized Battery Charging Engaged" : false, "Vendor ID" : 76, "Dynamic End of Charging Engaged" : false, "Group Identifier" : "3453CCDD-03A6-4EAC-ACC3-2C727E1BC3D8", "Product ID" : 8231, "Power Source State" : "Battery Power", }
2026-07-15 15:00:17.005 Df audioaccessoryd[1042:2dfabb] [com.apple.AudioAccessory:AADevicePowerSources] Power source publish update for battery: 'Combined' with details: { "Max Capacity" : 100, "Combined Parts" : [ { "Max Capacity" : 100, "Low Warn Level" : 20, "Is Present" : true, "Is Charged" : 1, "Name" : "James’s AirPods Pro", "Type" : "Accessory Source", "Accessory Identifier" : "62E245F3-2C27-26C2-1CB9-406B59E9F76C", "Accessory Category" : "Headset", "Part Name" : "James’s AirPods Pro 🅛", "Part Identifier" : "Left", "Is Charging" : true, "Time to Full Charge" : 0, "Transport Type" : "Bluetooth LE", "Current Capacity" : 100, "Vendor ID Source" : 1, "Optimized Battery Charging Engaged" : false, "Vendor ID" : 76, "Dynamic End of Charging Engaged" : false, "Group Identifier" : "3453CCDD-03A6-4EAC-ACC3-2C727E1BC3D8", "Product ID" : 8231, <…>
2026-07-15 15:00:17.005 Df audioaccessoryd[1042:2dfabb] [com.apple.AudioAccessory:AADevicePowerSources] " : 20, "Is Present" : true, "Is Charged" : 1, "Name" : "James’s AirPods Pro", "Type" : "Accessory Source", "Accessory Identifier" : "62E245F3-2C27-26C2-1CB9-406B59E9F76C", "Accessory Category" : "Headset", "Part Identifier" : "Combined", "Is Charging" : true, "Time to Full Charge" : 0, "Transport Type" : "Bluetooth LE", "Current Capacity" : 100, "Vendor ID Source" : 1, "Optimized Battery Charging Engaged" : false, "Vendor ID" : 76, "Dynamic End of Charging Engaged" : false, "Group Identifier" : "3453CCDD-03A6-4EAC-ACC3-2C727E1BC3D8", "Product ID" : 8231, "Power Source State" : "AC Power", }
2026-07-15 15:00:17.006 Df audioaccessoryd[1042:2dfabb] [com.apple.AudioAccessory:AADevicePowerSources] AADevicePowerSource, Batteries: C, LR, Details: Case: { "Max Capacity" : 100, "Low Warn Level" : 25, "Is Present" : true, "Is Charged" : 0, "Name" : "James’s AirPods Pro Case", "Type" : "Accessory Source", "Accessory Identifier" : "48D9B764-E900-6DF7-7EAA-4A813E19F1E6", "Accessory Category" : "Audio Battery Case", "Part Identifier" : "Case", "Is Charging" : false, "Time to Full Charge" : 0, "Transport Type" : "Bluetooth LE", "Current Capacity" : 21, "Vendor ID Source" : 1, "Optimized Battery Charging Engaged" : false, "Vendor ID" : 76, "Dynamic End of Charging Engaged" : false, "Group Identifier" : "3453CCDD-03A6-4EAC-ACC3-2C727E1BC3D8", "Product ID" : 8231, "Power Source State" : "Battery Power", } LeftRight: { "Max Capacity" : 100, "Combined Parts" : [ { "Max Capacity" : 100, "Low Warn Level" : 20, "Is Present" : true, "Is Charged" : 1, <…>
2026-07-15 15:00:17.006 Df audioaccessoryd[1042:2dfabb] [com.apple.AudioAccessory:AALowBatteryAlertDaemon] Battery info updated: AADeviceBatteryInfo identifier: 62E245F3-2C27-26C2-1CB9-406B59E9F76C, Bt Addr 'CC:22:FE:90:F0:98', Col '255', Nm 'James’s AirPods Pro', Pid '8231', Batt C '-21.00%'[ls: 2026-07-15-20:00:17.023, sFL: 0x2 < CaseAdv >], Batt LR '+100.00%'[ls: 2026-07-15-20:00:17.023, sFL: 0x2 < CaseAdv >], Batt L '+100.00%'[ls: 2026-07-15-20:00:17.023, sFL: 0x2 < CaseAdv >], Batt R '+100.00%'[ls: 2026-07-15-20:00:17.023, sFL: 0x2 < CaseAdv >]
2026-07-15 15:00:17.009 Df audioaccessoryd[1042:2dfabb] [com.apple.bluetooth:BTSmartRoutingDaemon] Pairing found device CBDevice 62E245F3-2C27-26C2-1CB9-406B59E9F76C, BDA , Nm , Md AirPods3,4, PID 0x2027 (AirPods3,4), PrNm AirPods Pro, VID 0x004C, VS 1, avCp 1, AVC 1, DsFl 0x800000 < Pairing >, DvF 0x25901D804037 < AACP MagicPaired ShareAudio Tipi PSE ClassicPaired SpatialAudio AdvancedAppleAudio ANC Transparency SpatialAudioAllowed LidClosed FindMyManaged SmartRouting Connectable SensorData >, DvT Headphones, SupS 0x180019 < HFP AVRCP A2DP AACP GATT >, Freq 2.4, Band ISM2.4, aaCp 1, ClkH L NoiseManagement R NoiseManagement, ECC 3, MCCp 1, MCC 2, CVer'8B41', cdCp 1, cDC 1, DbTp C Basic, GAPA 0x1 < Real >, FV '8B41', LsnM ANC, LsMC 0x6 < ANC Transparency >, BTv 6.0, MicM Auto, Plcm M Enabled, Prim Unknown, fmCI 48D9B764-E900-6DF7-7EAA-4A813E19F1E6, fmGI 3453CCDD-03A6-4EAC-ACC3-2C727E1BC3D8, modU A3064, SN 'CH7K4Q74Y5', SN Left'J5QHP501V510000UHZ', SN Right 'J5QHP600V1B0000UHY', srMd Enabled, spAM ContentDriven, AdTsMC <71781301855>, deDa , baDa , Battery L +100% R +100% C -21%, p<…>
2026-07-15 15:00:17.099 Df audioaccessoryd[1042:2dfabb] [com.apple.SmartRouting:SRConnectionManager] EvaluateNearbyDevicesForConnection paired 12 connectedWx 0 nearbyWx 0 srDisDeviceCount 1 nearbySource 3 btState PoweredOn audioRoute Speaker tipiScore High sourceSRcapable yes audioCategory 501 callStarted yes OD Invalid
2026-07-15 15:00:17.099 Df audioaccessoryd[1042:2dfd74] [com.apple.AudioAccessory:AALowBatteryAlertDaemon] Low battery check[Case]: Charging no, High no, Low no, Lowest 21.000%, Threshold 10.000%, AADeviceBatteryInfo identifier: 62E245F3-2C27-26C2-1CB9-406B59E9F76C, Bt Addr 'CC:22:FE:90:F0:98', Col '255', Nm 'James’s AirPods Pro', Pid '8231', Batt C '-21.00%'[ls: 2026-07-15-20:00:17.023, sFL: 0x2 < CaseAdv >], Batt LR '+100.00%'[ls: 2026-07-15-20:00:17.023, sFL: 0x2 < CaseAdv >], Batt L '+100.00%'[ls: 2026-07-15-20:00:17.023, sFL: 0x2 < CaseAdv >], Batt R '+100.00%'[ls: 2026-07-15-20:00:17.023, sFL: 0x2 < CaseAdv >]
2026-07-15 15:00:17.099 Df audioaccessoryd[1042:2dfd74] [com.apple.AudioAccessory:AALowBatteryAlertDaemon] Low battery check[Buds]: Charging yes, High yes, Low no, Lowest 100.000%, Threshold 20.000%, AADeviceBatteryInfo identifier: 62E245F3-2C27-26C2-1CB9-406B59E9F76C, Bt Addr 'CC:22:FE:90:F0:98', Col '255', Nm 'James’s AirPods Pro', Pid '8231', Batt C '-21.00%'[ls: 2026-07-15-20:00:17.023, sFL: 0x2 < CaseAdv >], Batt LR '+100.00%'[ls: 2026-07-15-20:00:17.023, sFL: 0x2 < CaseAdv >], Batt L '+100.00%'[ls: 2026-07-15-20:00:17.023, sFL: 0x2 < CaseAdv >], Batt R '+100.00%'[ls: 2026-07-15-20:00:17.023, sFL: 0x2 < CaseAdv >]
2026-07-15 15:00:17.820 Df avconferenced[1230:2dfb08] [com.apple.AVConference:ViceroyTrace] VCAudioStream [NOTICE] _VCAudioStream_CheckAbnormalOWRDAndResetLagReference:466 (0x77d8785000) RTT=0.071, TxBW=4084000b/sec, PLR=0.00%, PLaMR=1.82%
2026-07-15 15:00:18.820 Df avconferenced[1230:2dfb08] [com.apple.AVConference:ViceroyTrace] VCAudioStream [NOTICE] _VCAudioStream_CheckAbnormalOWRDAndResetLagReference:466 (0x77d8785000) RTT=0.070, TxBW=4084000b/sec, PLR=0.00%, PLaMR=1.82%
2026-07-15 15:00:18.840 Df avconferenced[1230:2dfb08] [com.apple.AVConference:ViceroyTrace] VCAudioStream [NOTICE] _VCAudioStream_CheckAbnormalOWRDAndResetLagReference:466 (0x77d8785000) RTT=0.069, TxBW=4084000b/sec, PLR=0.00%, PLaMR=1.82%
2026-07-15 15:00:18.916 Df audioaccessoryd[1042:2dfd74] [com.apple.bluetooth:BTSmartRoutingDaemon] AudioStateSnapshot: BtState PoweredOn Route Speaker App com.apple.avconferenced, Score 501, Remote -1 NumofApp 1
2026-07-15 15:00:19.049 Df usbaudiod[864:2dfb0a] [] current microframe timestamp calcError ns 1375
2026-07-15 15:00:19.416 Df avconferenced[1230:2df299] [com.apple.AVConference:ViceroyTrace] [NOTICE] -[VCAudioStreamGroupCommon collectAndLogChannelMetrics:averagePower:]:612 streamGroupID=micr participantUUID=1952F070-5434-4495-9577-96ACA38ECA34 (0x77e52b48c0) Health Monitor for Audio Stream Send Group streamID=0 audio=124kbps VCAudioIO=0x77d5486600 procsCount=3994 averagePower=-25.692232 state=2 noVoiceActivityPacketCount=0
2026-07-15 15:00:19.416 Df avconferenced[1230:2df299] [com.apple.AVConference:ViceroyTrace] [NOTICE] -[VCAudioStreamGroupCommon collectAndLogChannelMetrics:averagePower:]:612 streamGroupID=micr participantUUID=B83B5018-C0AB-4787-A87D-CFC65439095E (0x77e52b5a40) Health Monitor for Audio Stream Receive Group streamID=62339 audio=64kbps VCAudioIO=0x77d8557c00 procsCount=3995 averagePower=-104.151527 state=2 noVoiceActivityPacketCount=0
2026-07-15 15:00:19.416 Df avconferenced[1230:2df299] [com.apple.AVConference:ViceroyTrace] [NOTICE] -[VCAudioStreamReceiveGroup collectAndLogChannelMetrics:]:165 @=@ Health: VCAudioStreamReceiveGroup self=0x77e364d400 streamGroupID=micr participantUUID=B83B5018-C0AB-4787-A87D-CFC65439095E speakerProcsCalled=3995, averageOutputPower=-104.151527, syncTargetCalled=7984
2026-07-15 15:00:19.416 Df avconferenced[1230:2df299] [com.apple.AVConference:ViceroyTrace] [NOTICE] -[VCAudioStreamGroupCommon collectAndLogChannelMetrics:averagePower:]:612 streamGroupID=micr participantUUID=B83B5018-C0AB-4787-A87D-CFC65439095E (0x77e52b5a40) Health Monitor for Audio Stream Receive Group streamID=62339 audio=64kbps VCAudioIO=0x77d8557c00 procsCount=3995 averagePower=-104.151527 state=2 noVoiceActivityPacketCount=0
2026-07-15 15:00:19.416 Df avconferenced[1230:2df299] [com.apple.AVConference:ViceroyTrace] [NOTICE] -[VCAudioStreamReceiveGroup collectAndLogChannelMetrics:]:165 @=@ Health: VCAudioStreamReceiveGroup self=0x77e364d400 streamGroupID=micr participantUUID=B83B5018-C0AB-4787-A87D-CFC65439095E speakerProcsCalled=3995, averageOutputPower=-104.151527, syncTargetCalled=7984
2026-07-15 15:00:19.416 Df avconferenced[1230:2df29c] [com.apple.AVConference:ViceroyTrace] [NOTICE] -[VCAudioTransmitter gatherRealtimeStats:]:772 @=@ Health: VCAudioTransmitter [0x77e26fd900] audioTxBitrate=123kbps, audioFecTx=1.000000, primaryAudioTxRate=48kbps, audioStreamRedundancyLevel=1, _qualityIndex=0, payload=104, totalPacketsSent=3994 streamIDsCount=0 _targetBitrate=120000 _currentTargetBitrate=120000 _supportsAdaptation=1 audioTxRedRate=50kbps
2026-07-15 15:00:19.416 Df avconferenced[1230:2dea2e] [com.apple.AVConference:ViceroyTrace] VCAudioReceiver [NOTICE] _VCAudioReceiver_CalculateAndReportRTPMetrics:660 @=@ Health: VCAudioReceiver VCAudioReceiver[0x77f1873000] ParticipantID=B83B5018-C0AB-4787-A87D-CFC65439095E erasure percentage=0.00% PLR percentage=0.01% current percentage:0.00% (rec:251 exp:251, loss:0) receiver(rtp=251, bb=0, unk=0, dup=0, drop=0) jb(enc=502, drop=0) infobuf(rec=3989, exp:10231, drec=3984, dexp=10226)
2026-07-15 15:00:19.416 Df avconferenced[1230:2dea2e] [com.apple.AVConference:ViceroyTrace] VCAudioReceiver [NOTICE] _VCAudioReceiver_RegisterReportingTask_block_invoke_2:851 @=@ Health: VCAudioReceiver VCAudioReceiver[0x77f1873000] audioRxBitrate=78kbps, primaryAudioRxRate=50kbps payload=104 streamID=0 redReceivedBitrate=23kbps totalPacketsReceived=3989 mediaBitrateNoRed=26kbps redPlayedRate=0kbps redDiscardedRate=23kbps
2026-07-15 15:00:19.840 Df avconferenced[1230:2dfb08] [com.apple.AVConference:ViceroyTrace] VCAudioStream [NOTICE] _VCAudioStream_CheckAbnormalOWRDAndResetLagReference:466 (0x77d8785000) RTT=0.067, TxBW=4084000b/sec, PLR=0.00%, PLaMR=1.82%
2026-07-15 15:00:19.860 Df avconferenced[1230:2dfb08] [com.apple.AVConference:ViceroyTrace] VCAudioStream [NOTICE] _VCAudioStream_CheckAbnormalOWRDAndResetLagReference:466 (0x77d8785000) RTT=0.067, TxBW=4084000b/sec, PLR=0.00%, PLaMR=1.82%
2026-07-15 15:00:20.860 Df avconferenced[1230:2dfb08] [com.apple.AVConference:ViceroyTrace] VCAudioStream [NOTICE] _VCAudioStream_CheckAbnormalOWRDAndResetLagReference:466 (0x77d8785000) RTT=0.068, TxBW=4084000b/sec, PLR=0.00%, PLaMR=1.27%
2026-07-15 15:00:20.880 Df avconferenced[1230:2dfb08] [com.apple.AVConference:ViceroyTrace] VCAudioStream [NOTICE] _VCAudioStream_CheckAbnormalOWRDAndResetLagReference:466 (0x77d8785000) RTT=0.068, TxBW=4084000b/sec, PLR=0.00%, PLaMR=1.27%
2026-07-15 15:00:21.297 Df usbaudiod[864:2dfb0a] [] current microframe timestamp calcError ns 2625
2026-07-15 15:00:21.900 Df avconferenced[1230:2dfb08] [com.apple.AVConference:ViceroyTrace] VCAudioStream [NOTICE] _VCAudioStream_CheckAbnormalOWRDAndResetLagReference:466 (0x77d8785000) RTT=0.069, TxBW=4084000b/sec, PLR=0.00%, PLaMR=1.27%
2026-07-15 15:00:21.916 Df audioaccessoryd[1042:2dfd74] [com.apple.bluetooth:BTSmartRoutingDaemon] AudioStateSnapshot: BtState PoweredOn Route Speaker App com.apple.avconferenced, Score 501, Remote -1 NumofApp 1
2026-07-15 15:00:22.900 Df avconferenced[1230:2dfb08] [com.apple.AVConference:ViceroyTrace] VCAudioStream [NOTICE] _VCAudioStream_CheckAbnormalOWRDAndResetLagReference:466 (0x77d8785000) RTT=0.068, TxBW=4084000b/sec, PLR=0.00%, PLaMR=1.27%
2026-07-15 15:00:23.545 Df usbaudiod[864:2dfb0a] [] current microframe timestamp calcError ns 583
2026-07-15 15:00:23.900 Df avconferenced[1230:2dfb08] [com.apple.AVConference:ViceroyTrace] VCAudioStream [NOTICE] _VCAudioStream_CheckAbnormalOWRDAndResetLagReference:466 (0x77d8785000) RTT=0.068, TxBW=4084000b/sec, PLR=0.00%, PLaMR=1.27%
2026-07-15 15:00:23.920 Df avconferenced[1230:2dfb08] [com.apple.AVConference:ViceroyTrace] VCAudioStream [NOTICE] _VCAudioStream_CheckAbnormalOWRDAndResetLagReference:466 (0x77d8785000) RTT=0.068, TxBW=4084000b/sec, PLR=0.00%, PLaMR=1.27%
2026-07-15 15:00:24.409 Df avconferenced[1230:2dfb1e] [com.apple.AVConference:ViceroyTrace] [NOTICE] -[VCAudioStreamGroupCommon collectAndLogChannelMetrics:averagePower:]:612 streamGroupID=micr participantUUID=1952F070-5434-4495-9577-96ACA38ECA34 (0x77e52b48c0) Health Monitor for Audio Stream Send Group streamID=0 audio=108kbps VCAudioIO=0x77d5486600 procsCount=4244 averagePower=-90.301239 state=2 noVoiceActivityPacketCount=0
2026-07-15 15:00:24.409 Df avconferenced[1230:2dfb1e] [com.apple.AVConference:ViceroyTrace] [NOTICE] -[VCAudioStreamGroupCommon collectAndLogChannelMetrics:averagePower:]:612 streamGroupID=micr participantUUID=B83B5018-C0AB-4787-A87D-CFC65439095E (0x77e52b5a40) Health Monitor for Audio Stream Receive Group streamID=62339 audio=78kbps VCAudioIO=0x77d8557c00 procsCount=4245 averagePower=-104.385681 state=2 noVoiceActivityPacketCount=0
2026-07-15 15:00:24.409 Df avconferenced[1230:2dfb1e] [com.apple.AVConference:ViceroyTrace] [NOTICE] -[VCAudioStreamReceiveGroup collectAndLogChannelMetrics:]:165 @=@ Health: VCAudioStreamReceiveGroup self=0x77e364d400 streamGroupID=micr participantUUID=B83B5018-C0AB-4787-A87D-CFC65439095E speakerProcsCalled=4245, averageOutputPower=-104.385681, syncTargetCalled=8484
2026-07-15 15:00:24.409 Df avconferenced[1230:2dfb1e] [com.apple.AVConference:ViceroyTrace] [NOTICE] -[VCAudioStreamGroupCommon collectAndLogChannelMetrics:averagePower:]:612 streamGroupID=micr participantUUID=B83B5018-C0AB-4787-A87D-CFC65439095E (0x77e52b5a40) Health Monitor for Audio Stream Receive Group streamID=62339 audio=78kbps VCAudioIO=0x77d8557c00 procsCount=4245 averagePower=-104.385681 state=2 noVoiceActivityPacketCount=0
2026-07-15 15:00:24.409 Df avconferenced[1230:2dfb1e] [com.apple.AVConference:ViceroyTrace] [NOTICE] -[VCAudioStreamReceiveGroup collectAndLogChannelMetrics:]:165 @=@ Health: VCAudioStreamReceiveGroup self=0x77e364d400 streamGroupID=micr participantUUID=B83B5018-C0AB-4787-A87D-CFC65439095E speakerProcsCalled=4245, averageOutputPower=-104.385681, syncTargetCalled=8484
2026-07-15 15:00:24.409 Df avconferenced[1230:2dea2e] [com.apple.AVConference:ViceroyTrace] VCAudioReceiver [NOTICE] _VCAudioReceiver_CalculateAndReportRTPMetrics:660 @=@ Health: VCAudioReceiver VCAudioReceiver[0x77f1873000] ParticipantID=B83B5018-C0AB-4787-A87D-CFC65439095E erasure percentage=0.00% PLR percentage=0.00% current percentage:0.00% (rec:250 exp:250, loss:0) receiver(rtp=250, bb=0, unk=0, dup=0, drop=0) jb(enc=500, drop=0) infobuf(rec=4239, exp:10481, drec=4234, dexp=10476)
2026-07-15 15:00:24.409 Df avconferenced[1230:2dea2e] [com.apple.AVConference:ViceroyTrace] VCAudioReceiver [NOTICE] _VCAudioReceiver_RegisterReportingTask_block_invoke_2:851 @=@ Health: VCAudioReceiver VCAudioReceiver[0x77f1873000] audioRxBitrate=62kbps, primaryAudioRxRate=34kbps payload=104 streamID=0 redReceivedBitrate=16kbps totalPacketsReceived=4239 mediaBitrateNoRed=18kbps redPlayedRate=0kbps redDiscardedRate=16kbps
2026-07-15 15:00:24.409 Df avconferenced[1230:2df295] [com.apple.AVConference:ViceroyTrace] [NOTICE] -[VCAudioTransmitter gatherRealtimeStats:]:772 @=@ Health: VCAudioTransmitter [0x77e26fd900] audioTxBitrate=109kbps, audioFecTx=1.000000, primaryAudioTxRate=41kbps, audioStreamRedundancyLevel=1, _qualityIndex=0, payload=104, totalPacketsSent=4244 streamIDsCount=0 _targetBitrate=120000 _currentTargetBitrate=120000 _supportsAdaptation=1 audioTxRedRate=43kbps
2026-07-15 15:00:24.915 Df audioaccessoryd[1042:2dfd74] [com.apple.bluetooth:BTSmartRoutingDaemon] AudioStateSnapshot: BtState PoweredOn Route Speaker App com.apple.avconferenced, Score 501, Remote -1 NumofApp 1
2026-07-15 15:00:24.920 Df avconferenced[1230:2dfb08] [com.apple.AVConference:ViceroyTrace] VCAudioStream [NOTICE] _VCAudioStream_CheckAbnormalOWRDAndResetLagReference:466 (0x77d8785000) RTT=0.067, TxBW=4084000b/sec, PLR=0.00%, PLaMR=1.27%
2026-07-15 15:00:25.793 Df usbaudiod[864:2dfb0a] [] current microframe timestamp calcError ns 83
2026-07-15 15:00:25.920 Df avconferenced[1230:2dfb08] [com.apple.AVConference:ViceroyTrace] VCAudioStream [NOTICE] _VCAudioStream_CheckAbnormalOWRDAndResetLagReference:466 (0x77d8785000) RTT=0.068, TxBW=4084000b/sec, PLR=0.00%, PLaMR=0.89%
2026-07-15 15:00:26.940 Df avconferenced[1230:2dfb08] [com.apple.AVConference:ViceroyTrace] VCAudioStream [NOTICE] _VCAudioStream_CheckAbnormalOWRDAndResetLagReference:466 (0x77d8785000) RTT=0.067, TxBW=4084000b/sec, PLR=0.00%, PLaMR=0.89%
2026-07-15 15:00:27.916 Df audioaccessoryd[1042:2dfd74] [com.apple.bluetooth:BTSmartRoutingDaemon] AudioStateSnapshot: BtState PoweredOn Route Speaker App com.apple.avconferenced, Score 501, Remote -1 NumofApp 1
2026-07-15 15:00:27.960 Df avconferenced[1230:2dfb08] [com.apple.AVConference:ViceroyTrace] VCAudioStream [NOTICE] _VCAudioStream_CheckAbnormalOWRDAndResetLagReference:466 (0x77d8785000) RTT=0.069, TxBW=4084000b/sec, PLR=0.00%, PLaMR=0.89%
2026-07-15 15:00:28.041 Df usbaudiod[864:2dfb0a] [] current microframe timestamp calcError ns 1708
2026-07-15 15:00:28.980 Df avconferenced[1230:2dfb08] [com.apple.AVConference:ViceroyTrace] VCAudioStream [NOTICE] _VCAudioStream_CheckAbnormalOWRDAndResetLagReference:466 (0x77d8785000) RTT=0.068, TxBW=4084000b/sec, PLR=0.00%, PLaMR=0.89%
2026-07-15 15:00:29.416 Df avconferenced[1230:2dea2e] [com.apple.AVConference:ViceroyTrace] [NOTICE] -[VCAudioStreamGroupCommon collectAndLogChannelMetrics:averagePower:]:612 streamGroupID=micr participantUUID=1952F070-5434-4495-9577-96ACA38ECA34 (0x77e52b48c0) Health Monitor for Audio Stream Send Group streamID=0 audio=114kbps VCAudioIO=0x77d5486600 procsCount=4494 averagePower=-20.613525 state=2 noVoiceActivityPacketCount=0
2026-07-15 15:00:29.416 Df avconferenced[1230:2dea2e] [com.apple.AVConference:ViceroyTrace] [NOTICE] -[VCAudioStreamGroupCommon collectAndLogChannelMetrics:averagePower:]:612 streamGroupID=micr participantUUID=B83B5018-C0AB-4787-A87D-CFC65439095E (0x77e52b5a40) Health Monitor for Audio Stream Receive Group streamID=62339 audio=62kbps VCAudioIO=0x77d8557c00 procsCount=4495 averagePower=-95.598190 state=2 noVoiceActivityPacketCount=0
2026-07-15 15:00:29.416 Df avconferenced[1230:2dea2e] [com.apple.AVConference:ViceroyTrace] [NOTICE] -[VCAudioStreamReceiveGroup collectAndLogChannelMetrics:]:165 @=@ Health: VCAudioStreamReceiveGroup self=0x77e364d400 streamGroupID=micr participantUUID=B83B5018-C0AB-4787-A87D-CFC65439095E speakerProcsCalled=4495, averageOutputPower=-95.598190, syncTargetCalled=8984
