Timestamp Ty Process[PID:TID]
2026-07-15 11:10:44.643 Df usbaudiod[864:2620ce] [] current microframe timestamp calcError ns 583
2026-07-15 11:10:45.041 Df avconferenced[1230:2620cc] [com.apple.AVConference:ViceroyTrace] VCAudioStream [NOTICE] _VCAudioStream_CheckAbnormalOWRDAndResetLagReference:466 (0x77d51dc800) RTT=0.101, TxBW=134111b/sec, PLR=0.76%, PLaMR=23.48%
2026-07-15 11:10:45.158 Df avconferenced[1230:261f69] [com.apple.AVConference:ViceroyTrace] VCMediaStream [NOTICE] -[VCMediaStream setRtcpEnabled:]:2153 VCAudioStream[0x77d8772800] -[VCMediaStream setRtcpEnabled:] rtcpEnabled[0]
2026-07-15 11:10:45.158 Df avconferenced[1230:261f69] [com.apple.AVConference:ViceroyTrace] VCMediaStream [NOTICE] -[VCMediaStream setRtcpEnabled:]:2153 VCAudioStream[0x77d8773000] -[VCMediaStream setRtcpEnabled:] rtcpEnabled[0]
2026-07-15 11:10:45.161 Df avconferenced[1230:2620cc] [com.apple.AVConference:ViceroyTrace] VCAudioStream [NOTICE] _VCAudioStream_CheckAbnormalOWRDAndResetLagReference:466 (0x77d51dc800) RTT=0.133, TxBW=159690b/sec, PLR=0.76%, PLaMR=23.48%
2026-07-15 11:10:45.262 Df avconferenced[1230:2623c7] [com.apple.AVConference:ViceroyTrace] VCMediaStream [NOTICE] -[VCMediaStream setRtcpEnabled:]:2153 VCAudioStream[0x77d8772800] -[VCMediaStream setRtcpEnabled:] rtcpEnabled[0]
2026-07-15 11:10:45.262 Df avconferenced[1230:2623c7] [com.apple.AVConference:ViceroyTrace] VCMediaStream [NOTICE] -[VCMediaStream setRtcpEnabled:]:2153 VCAudioStream[0x77d8773000] -[VCMediaStream setRtcpEnabled:] rtcpEnabled[0]
2026-07-15 11:10:45.264 Df avconferenced[1230:2620cb] [com.apple.AVConference:ViceroyTrace] [NOTICE] -[VCAudioTransmitter applySelectedTier:newBitrate:duplicationPercent:redundancyPayloadCount:redundancyMaxBlockDelay:]:1243 VCAudioTransmitter(0x77e26fa800) Switching audio bitrate tier payload from=113 to=113 for total tx=42000: netBitrate from=33334 to=41334, bundle from=3 to=3
2026-07-15 11:10:45.264 Df avconferenced[1230:2620cb] [com.apple.AVConference:ViceroyTrace] [NOTICE] -[VCAudioTransmitter updateAudioTxBitrate]:1666 VCAudioTransmitter(0x77e26fa800) Setting audioTxBitrate to 24933, 16000 audio + 8933 ((64/3+1)*24000/480) header for mode=1
2026-07-15 11:10:45.853 Df avconferenced[1230:262008] [com.apple.AVConference:ViceroyTrace] [NOTICE] -[VCAudioStreamGroupCommon collectAndLogChannelMetrics:averagePower:]:612 streamGroupID=micr participantUUID=C1BAF2CC-1AF1-481B-A511-4AFABC0321DB (0x77e52ac8c0) Health Monitor for Audio Stream Send Group streamID=0 audio=25kbps VCAudioIO=0x77d548ca00 procsCount=891 averagePower=-120.000000 state=2 noVoiceActivityPacketCount=0
2026-07-15 11:10:45.853 Df avconferenced[1230:262008] [com.apple.AVConference:ViceroyTrace] [NOTICE] -[VCAudioStreamGroupCommon collectAndLogChannelMetrics:averagePower:]:612 streamGroupID=micr participantUUID=2D2ABE74-AEC4-49D1-8031-D358ACF241F4 (0x77e52ad6c0) Health Monitor for Audio Stream Receive Group streamID=65365 audio=32kbps VCAudioIO=0x77d5496200 procsCount=890 averagePower=-20.947168 state=2 noVoiceActivityPacketCount=0
2026-07-15 11:10:45.853 Df avconferenced[1230:262008] [com.apple.AVConference:ViceroyTrace] [NOTICE] -[VCAudioStreamReceiveGroup collectAndLogChannelMetrics:]:165 @=@ Health: VCAudioStreamReceiveGroup self=0x77e26def80 streamGroupID=micr participantUUID=2D2ABE74-AEC4-49D1-8031-D358ACF241F4 speakerProcsCalled=890, averageOutputPower=-20.947168, syncTargetCalled=1774
2026-07-15 11:10:45.853 Df avconferenced[1230:262008] [com.apple.AVConference:ViceroyTrace] [NOTICE] -[VCAudioStreamGroupCommon collectAndLogChannelMetrics:averagePower:]:612 streamGroupID=micr participantUUID=2D2ABE74-AEC4-49D1-8031-D358ACF241F4 (0x77e52ad6c0) Health Monitor for Audio Stream Receive Group streamID=65365 audio=32kbps VCAudioIO=0x77d5496200 procsCount=890 averagePower=-20.947168 state=2 noVoiceActivityPacketCount=0
2026-07-15 11:10:45.853 Df avconferenced[1230:262008] [com.apple.AVConference:ViceroyTrace] [NOTICE] -[VCAudioStreamReceiveGroup collectAndLogChannelMetrics:]:165 @=@ Health: VCAudioStreamReceiveGroup self=0x77e26def80 streamGroupID=micr participantUUID=2D2ABE74-AEC4-49D1-8031-D358ACF241F4 speakerProcsCalled=890, averageOutputPower=-20.947168, syncTargetCalled=1774
2026-07-15 11:10:45.854 Df avconferenced[1230:262000] [com.apple.AVConference:ViceroyTrace] VCAudioReceiver [NOTICE] _VCAudioReceiver_CalculateAndReportRTPMetrics:660 @=@ Health: VCAudioReceiver VCAudioReceiver[0x77d9182000] ParticipantID=2D2ABE74-AEC4-49D1-8031-D358ACF241F4 erasure percentage=0.00% PLR percentage=4.51% current percentage:0.00% (rec:90 exp:90, loss:0) receiver(rtp=90, bb=0, unk=0, dup=0, drop=0) jb(enc=360, drop=0) infobuf(rec=323, exp:57338, drec=315, dexp=57330)
2026-07-15 11:10:45.854 Df avconferenced[1230:262002] [com.apple.AVConference:ViceroyTrace] [NOTICE] -[VCAudioTransmitter gatherRealtimeStats:]:772 @=@ Health: VCAudioTransmitter [0x77e26fa800] audioTxBitrate=29kbps, audioFecTx=2.000000, primaryAudioTxRate=10kbps, audioStreamRedundancyLevel=1, _qualityIndex=0, payload=113, totalPacketsSent=502 streamIDsCount=0 _targetBitrate=42000 _currentTargetBitrate=42000 _supportsAdaptation=1 audioTxRedRate=11kbps
2026-07-15 11:10:45.854 Df avconferenced[1230:262000] [com.apple.AVConference:ViceroyTrace] VCAudioReceiver [NOTICE] _VCAudioReceiver_RegisterReportingTask_block_invoke_2:851 @=@ Health: VCAudioReceiver VCAudioReceiver[0x77d9182000] audioRxBitrate=40kbps, primaryAudioRxRate=30kbps payload=113 streamID=0 redReceivedBitrate=20kbps totalPacketsReceived=312 mediaBitrateNoRed=10kbps redPlayedRate=0kbps redDiscardedRate=20kbps
2026-07-15 11:10:45.857 Df avconferenced[1230:262507] [com.apple.AVConference:ViceroyTrace] VCMediaStream [NOTICE] -[VCMediaStream setRtcpEnabled:]:2153 VCAudioStream[0x77d8772800] -[VCMediaStream setRtcpEnabled:] rtcpEnabled[0]
2026-07-15 11:10:45.857 Df avconferenced[1230:262507] [com.apple.AVConference:ViceroyTrace] VCMediaStream [NOTICE] -[VCMediaStream setRtcpEnabled:]:2153 VCAudioStream[0x77d8773000] -[VCMediaStream setRtcpEnabled:] rtcpEnabled[0]
2026-07-15 11:10:46.105 Df avconferenced[1230:2623c9] [com.apple.AVConference:ViceroyTrace] VCMediaStream [NOTICE] -[VCMediaStream setRtcpEnabled:]:2153 VCAudioStream[0x77d8772800] -[VCMediaStream setRtcpEnabled:] rtcpEnabled[0]
2026-07-15 11:10:46.105 Df avconferenced[1230:2623c9] [com.apple.AVConference:ViceroyTrace] VCMediaStream [NOTICE] -[VCMediaStream setRtcpEnabled:]:2153 VCAudioStream[0x77d8773000] -[VCMediaStream setRtcpEnabled:] rtcpEnabled[0]
2026-07-15 11:10:46.181 Df avconferenced[1230:2620cc] [com.apple.AVConference:ViceroyTrace] VCAudioStream [NOTICE] _VCAudioStream_CheckAbnormalOWRDAndResetLagReference:466 (0x77d51dc800) RTT=0.108, TxBW=198143b/sec, PLR=0.76%, PLaMR=23.48%
2026-07-15 11:10:46.822 Df avconferenced[1230:2623c7] [com.apple.AVConference:ViceroyTrace] VCMediaStream [NOTICE] -[VCMediaStream setRtcpEnabled:]:2153 VCAudioStream[0x77d8772800] -[VCMediaStream setRtcpEnabled:] rtcpEnabled[0]
2026-07-15 11:10:46.822 Df avconferenced[1230:2623c7] [com.apple.AVConference:ViceroyTrace] VCMediaStream [NOTICE] -[VCMediaStream setRtcpEnabled:]:2153 VCAudioStream[0x77d8773000] -[VCMediaStream setRtcpEnabled:] rtcpEnabled[0]
2026-07-15 11:10:46.891 Df usbaudiod[864:2620ce] [] current microframe timestamp calcError ns 1666
2026-07-15 11:10:46.946 Df avconferenced[1230:2620cb] [com.apple.AVConference:ViceroyTrace] [NOTICE] -[VCAudioTransmitter applySelectedTier:newBitrate:duplicationPercent:redundancyPayloadCount:redundancyMaxBlockDelay:]:1243 VCAudioTransmitter(0x77e26fa800) Switching audio bitrate tier payload from=113 to=113 for total tx=52000: netBitrate from=41334 to=57334, bundle from=3 to=3
2026-07-15 11:10:46.946 Df avconferenced[1230:2620cb] [com.apple.AVConference:ViceroyTrace] [NOTICE] -[VCAudioTransmitter updateAudioTxBitrate]:1666 VCAudioTransmitter(0x77e26fa800) Setting audioTxBitrate to 32933, 24000 audio + 8933 ((64/3+1)*24000/480) header for mode=1
2026-07-15 11:10:46.947 Df avconferenced[1230:261f69] [com.apple.AVConference:ViceroyTrace] VCMediaStream [NOTICE] -[VCMediaStream setRtcpEnabled:]:2153 VCAudioStream[0x77d8772800] -[VCMediaStream setRtcpEnabled:] rtcpEnabled[0]
2026-07-15 11:10:46.947 Df avconferenced[1230:261f69] [com.apple.AVConference:ViceroyTrace] VCMediaStream [NOTICE] -[VCMediaStream setRtcpEnabled:]:2153 VCAudioStream[0x77d8773000] -[VCMediaStream setRtcpEnabled:] rtcpEnabled[0]
2026-07-15 11:10:47.181 Df avconferenced[1230:2620cc] [com.apple.AVConference:ViceroyTrace] VCAudioStream [NOTICE] _VCAudioStream_CheckAbnormalOWRDAndResetLagReference:466 (0x77d51dc800) RTT=0.102, TxBW=228847b/sec, PLR=0.76%, PLaMR=16.44%
2026-07-15 11:10:48.087 Df avconferenced[1230:262507] [com.apple.AVConference:ViceroyTrace] VCMediaStream [NOTICE] -[VCMediaStream setRtcpEnabled:]:2153 VCAudioStream[0x77d8772800] -[VCMediaStream setRtcpEnabled:] rtcpEnabled[0]
2026-07-15 11:10:48.087 Df avconferenced[1230:262507] [com.apple.AVConference:ViceroyTrace] VCMediaStream [NOTICE] -[VCMediaStream setRtcpEnabled:]:2153 VCAudioStream[0x77d8773000] -[VCMediaStream setRtcpEnabled:] rtcpEnabled[0]
2026-07-15 11:10:48.201 Df avconferenced[1230:2620cc] [com.apple.AVConference:ViceroyTrace] VCAudioStream [NOTICE] _VCAudioStream_CheckAbnormalOWRDAndResetLagReference:466 (0x77d51dc800) RTT=0.109, TxBW=242769b/sec, PLR=0.33%, PLaMR=16.44%
2026-07-15 11:10:49.139 Df usbaudiod[864:2620ce] [] current microframe timestamp calcError ns 1583
2026-07-15 11:10:49.157 Df avconferenced[1230:262506] [com.apple.AVConference:ViceroyTrace] VCMediaStream [NOTICE] -[VCMediaStream setRtcpEnabled:]:2153 VCAudioStream[0x77d8772800] -[VCMediaStream setRtcpEnabled:] rtcpEnabled[0]
2026-07-15 11:10:49.157 Df avconferenced[1230:262506] [com.apple.AVConference:ViceroyTrace] VCMediaStream [NOTICE] -[VCMediaStream setRtcpEnabled:]:2153 VCAudioStream[0x77d8773000] -[VCMediaStream setRtcpEnabled:] rtcpEnabled[0]
2026-07-15 11:10:49.201 Df avconferenced[1230:2620cc] [com.apple.AVConference:ViceroyTrace] VCAudioStream [NOTICE] _VCAudioStream_CheckAbnormalOWRDAndResetLagReference:466 (0x77d51dc800) RTT=0.100, TxBW=257563b/sec, PLR=0.33%, PLaMR=16.44%
2026-07-15 11:10:49.261 Df avconferenced[1230:2620cc] [com.apple.AVConference:ViceroyTrace] VCAudioStream [NOTICE] _VCAudioStream_CheckAbnormalOWRDAndResetLagReference:466 (0x77d51dc800) RTT=0.102, TxBW=257563b/sec, PLR=0.33%, PLaMR=16.44%
2026-07-15 11:10:49.281 Df avconferenced[1230:2623ca] [com.apple.AVConference:ViceroyTrace] VCMediaStream [NOTICE] -[VCMediaStream setRtcpEnabled:]:2153 VCAudioStream[0x77d8772800] -[VCMediaStream setRtcpEnabled:] rtcpEnabled[0]
2026-07-15 11:10:49.281 Df avconferenced[1230:2623ca] [com.apple.AVConference:ViceroyTrace] VCMediaStream [NOTICE] -[VCMediaStream setRtcpEnabled:]:2153 VCAudioStream[0x77d8773000] -[VCMediaStream setRtcpEnabled:] rtcpEnabled[0]
2026-07-15 11:10:50.261 Df avconferenced[1230:2620cc] [com.apple.AVConference:ViceroyTrace] VCAudioStream [NOTICE] _VCAudioStream_CheckAbnormalOWRDAndResetLagReference:466 (0x77d51dc800) RTT=0.105, TxBW=260598b/sec, PLR=0.33%, PLaMR=16.44%
2026-07-15 11:10:50.298 Df avconferenced[1230:262508] [com.apple.AVConference:ViceroyTrace] VCMediaStream [NOTICE] -[VCMediaStream setRtcpEnabled:]:2153 VCAudioStream[0x77d8772800] -[VCMediaStream setRtcpEnabled:] rtcpEnabled[0]
2026-07-15 11:10:50.298 Df avconferenced[1230:262508] [com.apple.AVConference:ViceroyTrace] VCMediaStream [NOTICE] -[VCMediaStream setRtcpEnabled:]:2153 VCAudioStream[0x77d8773000] -[VCMediaStream setRtcpEnabled:] rtcpEnabled[0]
2026-07-15 11:10:50.301 Df avconferenced[1230:2620cc] [com.apple.AVConference:ViceroyTrace] VCAudioStream [NOTICE] _VCAudioStream_CheckAbnormalOWRDAndResetLagReference:466 (0x77d51dc800) RTT=0.108, TxBW=276479b/sec, PLR=0.33%, PLaMR=16.44%
2026-07-15 11:10:50.820 Df avconferenced[1230:261f83] [com.apple.AVConference:ViceroyTrace] [NOTICE] -[VCAudioStreamGroupCommon collectAndLogChannelMetrics:averagePower:]:612 streamGroupID=micr participantUUID=C1BAF2CC-1AF1-481B-A511-4AFABC0321DB (0x77e52ac8c0) Health Monitor for Audio Stream Send Group streamID=0 audio=50kbps VCAudioIO=0x77d548ca00 procsCount=1139 averagePower=-120.000000 state=2 noVoiceActivityPacketCount=0
2026-07-15 11:10:50.820 Df avconferenced[1230:261f83] [com.apple.AVConference:ViceroyTrace] [NOTICE] -[VCAudioStreamGroupCommon collectAndLogChannelMetrics:averagePower:]:612 streamGroupID=micr participantUUID=2D2ABE74-AEC4-49D1-8031-D358ACF241F4 (0x77e52ad6c0) Health Monitor for Audio Stream Receive Group streamID=65365 audio=40kbps VCAudioIO=0x77d5496200 procsCount=1138 averagePower=-80.957710 state=2 noVoiceActivityPacketCount=0
2026-07-15 11:10:50.820 Df avconferenced[1230:261f83] [com.apple.AVConference:ViceroyTrace] [NOTICE] -[VCAudioStreamReceiveGroup collectAndLogChannelMetrics:]:165 @=@ Health: VCAudioStreamReceiveGroup self=0x77e26def80 streamGroupID=micr participantUUID=2D2ABE74-AEC4-49D1-8031-D358ACF241F4 speakerProcsCalled=1138, averageOutputPower=-80.957710, syncTargetCalled=2270
2026-07-15 11:10:50.820 Df avconferenced[1230:261f83] [com.apple.AVConference:ViceroyTrace] [NOTICE] -[VCAudioStreamGroupCommon collectAndLogChannelMetrics:averagePower:]:612 streamGroupID=micr participantUUID=2D2ABE74-AEC4-49D1-8031-D358ACF241F4 (0x77e52ad6c0) Health Monitor for Audio Stream Receive Group streamID=65365 audio=40kbps VCAudioIO=0x77d5496200 procsCount=1138 averagePower=-80.957710 state=2 noVoiceActivityPacketCount=0
2026-07-15 11:10:50.820 Df avconferenced[1230:261f83] [com.apple.AVConference:ViceroyTrace] [NOTICE] -[VCAudioStreamReceiveGroup collectAndLogChannelMetrics:]:165 @=@ Health: VCAudioStreamReceiveGroup self=0x77e26def80 streamGroupID=micr participantUUID=2D2ABE74-AEC4-49D1-8031-D358ACF241F4 speakerProcsCalled=1138, averageOutputPower=-80.957710, syncTargetCalled=2270
2026-07-15 11:10:50.821 Df avconferenced[1230:262002] [com.apple.AVConference:ViceroyTrace] [NOTICE] -[VCAudioTransmitter gatherRealtimeStats:]:772 @=@ Health: VCAudioTransmitter [0x77e26fa800] audioTxBitrate=54kbps, audioFecTx=2.000000, primaryAudioTxRate=22kbps, audioStreamRedundancyLevel=1, _qualityIndex=0, payload=113, totalPacketsSent=584 streamIDsCount=0 _targetBitrate=52000 _currentTargetBitrate=52000 _supportsAdaptation=1 audioTxRedRate=23kbps
2026-07-15 11:10:50.821 Df avconferenced[1230:261f83] [com.apple.AVConference:ViceroyTrace] VCAudioReceiver [NOTICE] _VCAudioReceiver_CalculateAndReportRTPMetrics:660 @=@ Health: VCAudioReceiver VCAudioReceiver[0x77d9182000] ParticipantID=2D2ABE74-AEC4-49D1-8031-D358ACF241F4 erasure percentage=0.00% PLR percentage=2.26% current percentage:0.00% (rec:83 exp:83, loss:0) receiver(rtp=83, bb=0, unk=0, dup=0, drop=0) jb(enc=328, drop=0) infobuf(rec=406, exp:57421, drec=403, dexp=57418)
2026-07-15 11:10:50.821 Df avconferenced[1230:261f83] [com.apple.AVConference:ViceroyTrace] VCAudioReceiver [NOTICE] _VCAudioReceiver_RegisterReportingTask_block_invoke_2:851 @=@ Health: VCAudioReceiver VCAudioReceiver[0x77d9182000] audioRxBitrate=52kbps, primaryAudioRxRate=43kbps payload=113 streamID=0 redReceivedBitrate=30kbps totalPacketsReceived=395 mediaBitrateNoRed=13kbps redPlayedRate=0kbps redDiscardedRate=30kbps
2026-07-15 11:10:50.901 Df avconferenced[1230:262508] [com.apple.AVConference:ViceroyTrace] VCMediaStream [NOTICE] -[VCMediaStream setRtcpEnabled:]:2153 VCAudioStream[0x77d8772800] -[VCMediaStream setRtcpEnabled:] rtcpEnabled[0]
2026-07-15 11:10:50.901 Df avconferenced[1230:262508] [com.apple.AVConference:ViceroyTrace] VCMediaStream [NOTICE] -[VCMediaStream setRtcpEnabled:]:2153 VCAudioStream[0x77d8773000] -[VCMediaStream setRtcpEnabled:] rtcpEnabled[0]
2026-07-15 11:10:51.137 Df avconferenced[1230:262508] [com.apple.AVConference:ViceroyTrace] VCMediaStream [NOTICE] -[VCMediaStream setRtcpEnabled:]:2153 VCAudioStream[0x77d8772800] -[VCMediaStream setRtcpEnabled:] rtcpEnabled[0]
2026-07-15 11:10:51.137 Df avconferenced[1230:262508] [com.apple.AVConference:ViceroyTrace] VCMediaStream [NOTICE] -[VCMediaStream setRtcpEnabled:]:2153 VCAudioStream[0x77d8773000] -[VCMediaStream setRtcpEnabled:] rtcpEnabled[0]
2026-07-15 11:10:51.321 Df avconferenced[1230:2620cc] [com.apple.AVConference:ViceroyTrace] VCAudioStream [NOTICE] _VCAudioStream_CheckAbnormalOWRDAndResetLagReference:466 (0x77d51dc800) RTT=0.101, TxBW=300285b/sec, PLR=0.33%, PLaMR=16.44%
2026-07-15 11:10:51.361 Df avconferenced[1230:2620cc] [com.apple.AVConference:ViceroyTrace] VCAudioStream [NOTICE] _VCAudioStream_CheckAbnormalOWRDAndResetLagReference:466 (0x77d51dc800) RTT=0.104, TxBW=300285b/sec, PLR=0.33%, PLaMR=16.44%
2026-07-15 11:10:51.387 Df usbaudiod[864:2620ce] [] current microframe timestamp calcError ns 416
2026-07-15 11:10:52.381 Df avconferenced[1230:2620cc] [com.apple.AVConference:ViceroyTrace] VCAudioStream [NOTICE] _VCAudioStream_CheckAbnormalOWRDAndResetLagReference:466 (0x77d51dc800) RTT=0.109, TxBW=300285b/sec, PLR=0.33%, PLaMR=11.51%
2026-07-15 11:10:52.401 Df avconferenced[1230:2620cc] [com.apple.AVConference:ViceroyTrace] VCAudioStream [NOTICE] _VCAudioStream_CheckAbnormalOWRDAndResetLagReference:466 (0x77d51dc800) RTT=0.115, TxBW=300285b/sec, PLR=0.33%, PLaMR=11.51%
2026-07-15 11:10:52.942 Df avconferenced[1230:2623c7] [com.apple.AVConference:ViceroyTrace] VCMediaStream [NOTICE] -[VCMediaStream setRtcpEnabled:]:2153 VCAudioStream[0x77d8772800] -[VCMediaStream setRtcpEnabled:] rtcpEnabled[0]
2026-07-15 11:10:52.942 Df avconferenced[1230:2623c7] [com.apple.AVConference:ViceroyTrace] VCMediaStream [NOTICE] -[VCMediaStream setRtcpEnabled:]:2153 VCAudioStream[0x77d8773000] -[VCMediaStream setRtcpEnabled:] rtcpEnabled[0]
2026-07-15 11:10:53.401 Df avconferenced[1230:2620cc] [com.apple.AVConference:ViceroyTrace] VCAudioStream [NOTICE] _VCAudioStream_CheckAbnormalOWRDAndResetLagReference:466 (0x77d51dc800) RTT=0.107, TxBW=318495b/sec, PLR=0.00%, PLaMR=11.51%
2026-07-15 11:10:53.461 Df avconferenced[1230:2620cc] [com.apple.AVConference:ViceroyTrace] VCAudioStream [NOTICE] _VCAudioStream_CheckAbnormalOWRDAndResetLagReference:466 (0x77d51dc800) RTT=0.115, TxBW=318495b/sec, PLR=0.00%, PLaMR=11.51%
2026-07-15 11:10:53.597 Df avconferenced[1230:2623ca] [com.apple.AVConference:ViceroyTrace] VCMediaStream [NOTICE] -[VCMediaStream setRtcpEnabled:]:2153 VCAudioStream[0x77d8772800] -[VCMediaStream setRtcpEnabled:] rtcpEnabled[0]
2026-07-15 11:10:53.598 Df avconferenced[1230:2623ca] [com.apple.AVConference:ViceroyTrace] VCMediaStream [NOTICE] -[VCMediaStream setRtcpEnabled:]:2153 VCAudioStream[0x77d8773000] -[VCMediaStream setRtcpEnabled:] rtcpEnabled[0]
2026-07-15 11:10:53.635 Df usbaudiod[864:2620ce] [] current microframe timestamp calcError ns 833
2026-07-15 11:10:54.211 Df avconferenced[1230:2623c5] [com.apple.AVConference:ViceroyTrace] VCMediaStream [NOTICE] -[VCMediaStream setRtcpEnabled:]:2153 VCAudioStream[0x77d8772800] -[VCMediaStream setRtcpEnabled:] rtcpEnabled[0]
2026-07-15 11:10:54.211 Df avconferenced[1230:2623c5] [com.apple.AVConference:ViceroyTrace] VCMediaStream [NOTICE] -[VCMediaStream setRtcpEnabled:]:2153 VCAudioStream[0x77d8773000] -[VCMediaStream setRtcpEnabled:] rtcpEnabled[0]
2026-07-15 11:10:54.481 Df avconferenced[1230:2620cc] [com.apple.AVConference:ViceroyTrace] VCAudioStream [NOTICE] _VCAudioStream_CheckAbnormalOWRDAndResetLagReference:466 (0x77d51dc800) RTT=0.105, TxBW=358366b/sec, PLR=0.00%, PLaMR=11.51%
2026-07-15 11:10:54.501 Df avconferenced[1230:2620cc] [com.apple.AVConference:ViceroyTrace] VCAudioStream [NOTICE] _VCAudioStream_CheckAbnormalOWRDAndResetLagReference:466 (0x77d51dc800) RTT=0.110, TxBW=358366b/sec, PLR=0.00%, PLaMR=11.51%
2026-07-15 11:10:55.501 Df avconferenced[1230:2620cc] [com.apple.AVConference:ViceroyTrace] VCAudioStream [NOTICE] _VCAudioStream_CheckAbnormalOWRDAndResetLagReference:466 (0x77d51dc800) RTT=0.112, TxBW=358366b/sec, PLR=0.00%, PLaMR=11.51%
2026-07-15 11:10:55.541 Df avconferenced[1230:2620cc] [com.apple.AVConference:ViceroyTrace] VCAudioStream [NOTICE] _VCAudioStream_CheckAbnormalOWRDAndResetLagReference:466 (0x77d51dc800) RTT=0.120, TxBW=358366b/sec, PLR=0.00%, PLaMR=11.51%
2026-07-15 11:10:55.812 Df avconferenced[1230:262000] [com.apple.AVConference:ViceroyTrace] [NOTICE] -[VCAudioStreamGroupCommon collectAndLogChannelMetrics:averagePower:]:612 streamGroupID=micr participantUUID=C1BAF2CC-1AF1-481B-A511-4AFABC0321DB (0x77e52ac8c0) Health Monitor for Audio Stream Send Group streamID=0 audio=57kbps VCAudioIO=0x77d548ca00 procsCount=1389 averagePower=-37.898315 state=2 noVoiceActivityPacketCount=0
2026-07-15 11:10:55.812 Df avconferenced[1230:262000] [com.apple.AVConference:ViceroyTrace] [NOTICE] -[VCAudioStreamGroupCommon collectAndLogChannelMetrics:averagePower:]:612 streamGroupID=micr participantUUID=2D2ABE74-AEC4-49D1-8031-D358ACF241F4 (0x77e52ad6c0) Health Monitor for Audio Stream Receive Group streamID=65365 audio=52kbps VCAudioIO=0x77d5496200 procsCount=1388 averagePower=-111.997711 state=2 noVoiceActivityPacketCount=0
2026-07-15 11:10:55.812 Df avconferenced[1230:262000] [com.apple.AVConference:ViceroyTrace] [NOTICE] -[VCAudioStreamReceiveGroup collectAndLogChannelMetrics:]:165 @=@ Health: VCAudioStreamReceiveGroup self=0x77e26def80 streamGroupID=micr participantUUID=2D2ABE74-AEC4-49D1-8031-D358ACF241F4 speakerProcsCalled=1388, averageOutputPower=-111.997711, syncTargetCalled=2770
2026-07-15 11:10:55.812 Df avconferenced[1230:262000] [com.apple.AVConference:ViceroyTrace] [NOTICE] -[VCAudioStreamGroupCommon collectAndLogChannelMetrics:averagePower:]:612 streamGroupID=micr participantUUID=2D2ABE74-AEC4-49D1-8031-D358ACF241F4 (0x77e52ad6c0) Health Monitor for Audio Stream Receive Group streamID=65365 audio=52kbps VCAudioIO=0x77d5496200 procsCount=1388 averagePower=-111.997711 state=2 noVoiceActivityPacketCount=0
2026-07-15 11:10:55.812 Df avconferenced[1230:262000] [com.apple.AVConference:ViceroyTrace] [NOTICE] -[VCAudioStreamReceiveGroup collectAndLogChannelMetrics:]:165 @=@ Health: VCAudioStreamReceiveGroup self=0x77e26def80 streamGroupID=micr participantUUID=2D2ABE74-AEC4-49D1-8031-D358ACF241F4 speakerProcsCalled=1388, averageOutputPower=-111.997711, syncTargetCalled=2770
2026-07-15 11:10:55.812 Df avconferenced[1230:261f83] [com.apple.AVConference:ViceroyTrace] VCAudioReceiver [NOTICE] _VCAudioReceiver_CalculateAndReportRTPMetrics:660 @=@ Health: VCAudioReceiver VCAudioReceiver[0x77d9182000] ParticipantID=2D2ABE74-AEC4-49D1-8031-D358ACF241F4 erasure percentage=0.00% PLR percentage=1.13% current percentage:0.00% (rec:83 exp:83, loss:0) receiver(rtp=83, bb=0, unk=0, dup=0, drop=0) jb(enc=336, drop=0) infobuf(rec=489, exp:57504, drec=487, dexp=57502)
2026-07-15 11:10:55.812 Df avconferenced[1230:261f83] [com.apple.AVConference:ViceroyTrace] VCAudioReceiver [NOTICE] _VCAudioReceiver_RegisterReportingTask_block_invoke_2:851 @=@ Health: VCAudioReceiver VCAudioReceiver[0x77d9182000] audioRxBitrate=53kbps, primaryAudioRxRate=44kbps payload=113 streamID=0 redReceivedBitrate=30kbps totalPacketsReceived=478 mediaBitrateNoRed=13kbps redPlayedRate=0kbps redDiscardedRate=30kbps
2026-07-15 11:10:55.812 Df avconferenced[1230:262008] [com.apple.AVConference:ViceroyTrace] [NOTICE] -[VCAudioTransmitter gatherRealtimeStats:]:772 @=@ Health: VCAudioTransmitter [0x77e26fa800] audioTxBitrate=58kbps, audioFecTx=2.000000, primaryAudioTxRate=24kbps, audioStreamRedundancyLevel=1, _qualityIndex=0, payload=113, totalPacketsSent=668 streamIDsCount=0 _targetBitrate=52000 _currentTargetBitrate=52000 _supportsAdaptation=1 audioTxRedRate=25kbps
2026-07-15 11:10:55.883 Df usbaudiod[864:2620ce] [] current microframe timestamp calcError ns 1333
2026-07-15 11:10:56.064 Df avconferenced[1230:2623ca] [com.apple.AVConference:ViceroyTrace] VCMediaStream [NOTICE] -[VCMediaStream setRtcpEnabled:]:2153 VCAudioStream[0x77d8772800] -[VCMediaStream setRtcpEnabled:] rtcpEnabled[0]
2026-07-15 11:10:56.064 Df avconferenced[1230:2623ca] [com.apple.AVConference:ViceroyTrace] VCMediaStream [NOTICE] -[VCMediaStream setRtcpEnabled:]:2153 VCAudioStream[0x77d8773000] -[VCMediaStream setRtcpEnabled:] rtcpEnabled[0]
2026-07-15 11:10:56.083 Df avconferenced[1230:2620cb] [com.apple.AVConference:ViceroyTrace] [NOTICE] -[VCAudioTransmitter applySelectedTier:newBitrate:duplicationPercent:redundancyPayloadCount:redundancyMaxBlockDelay:]:1243 VCAudioTransmitter(0x77e26fa800) Switching audio bitrate tier payload from=113 to=113 for total tx=68000: netBitrate from=57334 to=62000, bundle from=3 to=2
2026-07-15 11:10:56.083 Df avconferenced[1230:2620cb] [com.apple.AVConference:ViceroyTrace] [NOTICE] -[VCAudioTransmitter updateAudioTxBitrate]:1666 VCAudioTransmitter(0x77e26fa800) Setting audioTxBitrate to 37200, 24000 audio + 13200 ((64/2+1)*24000/480) header for mode=1
2026-07-15 11:10:56.561 Df avconferenced[1230:2620cc] [com.apple.AVConference:ViceroyTrace] VCAudioStream [NOTICE] _VCAudioStream_CheckAbnormalOWRDAndResetLagReference:466 (0x77d51dc800) RTT=0.122, TxBW=427731b/sec, PLR=0.00%, PLaMR=11.51%
2026-07-15 11:10:56.601 Df avconferenced[1230:2620cc] [com.apple.AVConference:ViceroyTrace] VCAudioStream [NOTICE] _VCAudioStream_CheckAbnormalOWRDAndResetLagReference:466 (0x77d51dc800) RTT=0.127, TxBW=427731b/sec, PLR=0.00%, PLaMR=11.51%
2026-07-15 11:10:56.602 Df avconferenced[1230:2623ca] [com.apple.AVConference:ViceroyTrace] VCMediaStream [NOTICE] -[VCMediaStream setRtcpEnabled:]:2153 VCAudioStream[0x77d8772800] -[VCMediaStream setRtcpEnabled:] rtcpEnabled[0]
2026-07-15 11:10:56.602 Df avconferenced[1230:2623ca] [com.apple.AVConference:ViceroyTrace] VCMediaStream [NOTICE] -[VCMediaStream setRtcpEnabled:]:2153 VCAudioStream[0x77d8773000] -[VCMediaStream setRtcpEnabled:] rtcpEnabled[0]
2026-07-15 11:10:57.288 Df avconferenced[1230:2623c5] [com.apple.AVConference:ViceroyTrace] VCMediaStream [NOTICE] -[VCMediaStream setRtcpEnabled:]:2153 VCAudioStream[0x77d8772800] -[VCMediaStream setRtcpEnabled:] rtcpEnabled[0]
2026-07-15 11:10:57.288 Df avconferenced[1230:2623c5] [com.apple.AVConference:ViceroyTrace] VCMediaStream [NOTICE] -[VCMediaStream setRtcpEnabled:]:2153 VCAudioStream[0x77d8773000] -[VCMediaStream setRtcpEnabled:] rtcpEnabled[0]
2026-07-15 11:10:57.621 Df avconferenced[1230:2620cc] [com.apple.AVConference:ViceroyTrace] VCAudioStream [NOTICE] _VCAudioStream_CheckAbnormalOWRDAndResetLagReference:466 (0x77d51dc800) RTT=0.120, TxBW=598900b/sec, PLR=0.00%, PLaMR=8.05%
2026-07-15 11:10:57.641 Df avconferenced[1230:2620cc] [com.apple.AVConference:ViceroyTrace] VCAudioStream [NOTICE] _VCAudioStream_CheckAbnormalOWRDAndResetLagReference:466 (0x77d51dc800) RTT=0.125, TxBW=598900b/sec, PLR=0.00%, PLaMR=8.05%
2026-07-15 11:10:58.083 Df avconferenced[1230:2620cb] [com.apple.AVConference:ViceroyTrace] [NOTICE] -[VCAudioTransmitter applySelectedTier:newBitrate:duplicationPercent:redundancyPayloadCount:redundancyMaxBlockDelay:]:1243 VCAudioTransmitter(0x77e26fa800) Switching audio bitrate tier payload from=113 to=104 for total tx=120000: netBitrate from=62000 to=124000, bundle from=2 to=1
2026-07-15 11:10:58.083 Df avconferenced[1230:2620cb] [com.apple.AVConference:ViceroyTrace] [NOTICE] -[VCAudioTransmitter useAudioPayload:withBitrate:redNumPayloads:]:1706 VCAudioTransmitter(0x77e26fa800) Switching payloads from payload=113 -> 104 480 samplesPerFrame
2026-07-15 11:10:58.083 Df avconferenced[1230:2620cb] [com.apple.AVConference:ViceroyTrace] [NOTICE] -[VCAudioTransmitter updateAudioTxBitrate]:1666 VCAudioTransmitter(0x77e26fa800) Setting audioTxBitrate to 74000, 48000 audio + 26000 ((64/1+1)*24000/480) header for mode=1
2026-07-15 11:10:58.131 Df usbaudiod[864:2620ce] [] current microframe timestamp calcError ns 916
2026-07-15 11:10:58.236 Df avconferenced[1230:262506] [com.apple.AVConference:ViceroyTrace] VCMediaStream [NOTICE] -[VCMediaStream setRtcpEnabled:]:2153 VCAudioStream[0x77d8772800] -[VCMediaStream setRtcpEnabled:] rtcpEnabled[0]
2026-07-15 11:10:58.236 Df avconferenced[1230:262506] [com.apple.AVConference:ViceroyTrace] VCMediaStream [NOTICE] -[VCMediaStream setRtcpEnabled:]:2153 VCAudioStream[0x77d8773000] -[VCMediaStream setRtcpEnabled:] rtcpEnabled[0]
2026-07-15 11:10:58.661 Df avconferenced[1230:2620cc] [com.apple.AVConference:ViceroyTrace] VCAudioStream [NOTICE] _VCAudioStream_CheckAbnormalOWRDAndResetLagReference:466 (0x77d51dc800) RTT=0.120, TxBW=701966b/sec, PLR=0.00%, PLaMR=8.05%
2026-07-15 11:10:58.701 Df avconferenced[1230:2620cc] [com.apple.AVConference:ViceroyTrace] VCAudioStream [NOTICE] _VCAudioStream_CheckAbnormalOWRDAndResetLagReference:466 (0x77d51dc800) RTT=0.122, TxBW=701966b/sec, PLR=0.00%, PLaMR=8.05%
2026-07-15 11:10:58.702 Df avconferenced[1230:262507] [com.apple.AVConference:ViceroyTrace] VCMediaStream [NOTICE] -[VCMediaStream setRtcpEnabled:]:2153 VCAudioStream[0x77d8772800] -[VCMediaStream setRtcpEnabled:] rtcpEnabled[0]
2026-07-15 11:10:58.702 Df avconferenced[1230:262507] [com.apple.AVConference:ViceroyTrace] VCMediaStream [NOTICE] -[VCMediaStream setRtcpEnabled:]:2153 VCAudioStream[0x77d8773000] -[VCMediaStream setRtcpEnabled:] rtcpEnabled[0]
2026-07-15 11:10:58.990 Df callservicesd[1075:261d5e] [com.apple.calls.callservicesd:Default] Updating nearby device routes using devices: [ID 'BBRRgvxb', IDS 'BBmkANmL', PI 'BBJPEFLl', Nm 'BBPZjlSw', Md 'BBzvhkOz', ADSID 'BBjqramb', SV 'BBeXQzPj', OSV 'BBouSiGF', SF 0x82104 < iWiFi DuetSync SharedHome Owner >, ID 'BBVgWUWb', IDS 'BBdUFyxN', PI 'BBRnXxdp', Nm 'BBxzotZa', Md 'BBvDbKzf', ADSID 'BBjqramb', SV 'BBeXQzPj', OSV 'BBFodyhu', SF 0x10000082184 < iWiFi Personal DuetSync SharedHome Owner MeDeviceIsMe >, ID 'BBIRZgqO', IDS 'BBNmRMMl', PI 'BBuTDBsI', Nm 'BBpZcTpF', Md 'BBNkCRvv', ADSID 'BBjqramb', SV 'BBeXQzPj', OSV 'BBABEQME', SF 0x800482804 < iWiFi Remote SharedHome Owner CallHandoff CommunalDevice >, ID 'BBXstzPI', IDS 'BBbVtzyO', PI 'BBgzLmwH', Nm 'BBLjKDgK', Md 'BBHWXSWP', ADSID 'BBjqramb', SV 'BBeXQzPj', OSV 'BBouSiGF', SF 0x800482804 < iWiFi Remote SharedHome Owner CallHandoff CommunalDevice >, ID 'BBmjJwRq', IDS 'BBrIRaWF', PI 'BBUvFzDa', Nm 'BBOzGxtH', Md 'BBdmmqvc', ADSID 'BBjqramb', SV 'BBeXQzPj', OSV 'BBABEQME', SF 0x8000D2804 < iWiFi Remote SharedHome TV Touch Owner CommunalDevice >, ID 'BBZqybTr', IDS 'BBQLgnrb', PI 'BBKYSFuB', Nm 'BBSqVpnl', Md 'BBjsKXKs', ADSID 'BBjqramb', SV 'BBeXQzPj', OSV 'BBFodyhu', SF 0x80104 < iWiFi DuetSync Owner >, ID 'BBECDxTF', IDS 'BBzEnfyR', PI 'BBkiiXfN', Nm 'BBRAGXuw', Md 'BBdXVgjV', ADSID 'BBjqramb', SV 'BBeXQzPj', OSV 'BBABEQME', SF 0x8000D2804 < iWiFi Remote SharedHome TV Touch Owner CommunalDevice >]
2026-07-15 11:10:59.701 Df avconferenced[1230:2620cc] [com.apple.AVConference:ViceroyTrace] VCAudioStream [NOTICE] _VCAudioStream_CheckAbnormalOWRDAndResetLagReference:466 (0x77d51dc800) RTT=0.114, TxBW=808666b/sec, PLR=0.00%, PLaMR=8.05%
2026-07-15 11:10:59.741 Df avconferenced[1230:2620cc] [com.apple.AVConference:ViceroyTrace] VCAudioStream [NOTICE] _VCAudioStream_CheckAbnormalOWRDAndResetLagReference:466 (0x77d51dc800) RTT=0.120, TxBW=808666b/sec, PLR=0.00%, PLaMR=8.05%
2026-07-15 11:11:00.078 Df avconferenced[1230:2623c4] [com.apple.AVConference:ViceroyTrace] VCMediaStream [NOTICE] -[VCMediaStream setRtcpEnabled:]:2153 VCAudioStream[0x77d8772800] -[VCMediaStream setRtcpEnabled:] rtcpEnabled[0]
2026-07-15 11:11:00.078 Df avconferenced[1230:2623c4] [com.apple.AVConference:ViceroyTrace] VCMediaStream [NOTICE] -[VCMediaStream setRtcpEnabled:]:2153 VCAudioStream[0x77d8773000] -[VCMediaStream setRtcpEnabled:] rtcpEnabled[0]
2026-07-15 11:11:00.379 Df usbaudiod[864:2620ce] [] current microframe timestamp calcError ns 2375
2026-07-15 11:11:00.741 Df avconferenced[1230:2620cc] [com.apple.AVConference:ViceroyTrace] VCAudioStream [NOTICE] _VCAudioStream_CheckAbnormalOWRDAndResetLagReference:466 (0x77d51dc800) RTT=0.122, TxBW=931583b/sec, PLR=0.00%, PLaMR=8.05%
2026-07-15 11:11:00.801 Df avconferenced[1230:2620cc] [com.apple.AVConference:ViceroyTrace] VCAudioStream [NOTICE] _VCAudioStream_CheckAbnormalOWRDAndResetLagReference:466 (0x77d51dc800) RTT=0.133, TxBW=931583b/sec, PLR=0.00%, PLaMR=8.05%
2026-07-15 11:11:00.816 Df avconferenced[1230:262000] [com.apple.AVConference:ViceroyTrace] [NOTICE] -[VCAudioStreamGroupCommon collectAndLogChannelMetrics:averagePower:]:612 streamGroupID=micr participantUUID=C1BAF2CC-1AF1-481B-A511-4AFABC0321DB (0x77e52ac8c0) Health Monitor for Audio Stream Send Group streamID=0 audio=83kbps VCAudioIO=0x77d548ca00 procsCount=1639 averagePower=-34.368492 state=2 noVoiceActivityPacketCount=0
2026-07-15 11:11:00.816 Df avconferenced[1230:262000] [com.apple.AVConference:ViceroyTrace] [NOTICE] -[VCAudioStreamGroupCommon collectAndLogChannelMetrics:averagePower:]:612 streamGroupID=micr participantUUID=2D2ABE74-AEC4-49D1-8031-D358ACF241F4 (0x77e52ad6c0) Health Monitor for Audio Stream Receive Group streamID=65365 audio=53kbps VCAudioIO=0x77d5496200 procsCount=1638 averagePower=-79.703163 state=2 noVoiceActivityPacketCount=0
2026-07-15 11:11:00.816 Df avconferenced[1230:262000] [com.apple.AVConference:ViceroyTrace] [NOTICE] -[VCAudioStreamReceiveGroup collectAndLogChannelMetrics:]:165 @=@ Health: VCAudioStreamReceiveGroup self=0x77e26def80 streamGroupID=micr participantUUID=2D2ABE74-AEC4-49D1-8031-D358ACF241F4 speakerProcsCalled=1638, averageOutputPower=-79.703163, syncTargetCalled=3270
2026-07-15 11:11:00.816 Df avconferenced[1230:262000] [com.apple.AVConference:ViceroyTrace] [NOTICE] -[VCAudioStreamGroupCommon collectAndLogChannelMetrics:averagePower:]:612 streamGroupID=micr participantUUID=2D2ABE74-AEC4-49D1-8031-D358ACF241F4 (0x77e52ad6c0) Health Monitor for Audio Stream Receive Group streamID=65365 audio=53kbps VCAudioIO=0x77d5496200 procsCount=1638 averagePower=-79.703163 state=2 noVoiceActivityPacketCount=0
2026-07-15 11:11:00.816 Df avconferenced[1230:262000] [com.apple.AVConference:ViceroyTrace] [NOTICE] -[VCAudioStreamReceiveGroup collectAndLogChannelMetrics:]:165 @=@ Health: VCAudioStreamReceiveGroup self=0x77e26def80 streamGroupID=micr participantUUID=2D2ABE74-AEC4-49D1-8031-D358ACF241F4 speakerProcsCalled=1638, averageOutputPower=-79.703163, syncTargetCalled=3270
2026-07-15 11:11:00.816 Df avconferenced[1230:2626c9] [com.apple.AVConference:ViceroyTrace] VCAudioReceiver [NOTICE] _VCAudioReceiver_CalculateAndReportRTPMetrics:660 @=@ Health: VCAudioReceiver VCAudioReceiver[0x77d9182000] ParticipantID=2D2ABE74-AEC4-49D1-8031-D358ACF241F4 erasure percentage=0.00% PLR percentage=0.56% current percentage:0.00% (rec:84 exp:84, loss:0) receiver(rtp=84, bb=0, unk=0, dup=0, drop=0) jb(enc=336, drop=0) infobuf(rec=573, exp:57588, drec=571, dexp=57586)
2026-07-15 11:11:00.816 Df avconferenced[1230:2626c9] [com.apple.AVConference:ViceroyTrace] VCAudioReceiver [NOTICE] _VCAudioReceiver_RegisterReportingTask_block_invoke_2:851 @=@ Health: VCAudioReceiver VCAudioReceiver[0x77d9182000] audioRxBitrate=67kbps, primaryAudioRxRate=57kbps payload=113 streamID=0 redReceivedBitrate=40kbps totalPacketsReceived=562 mediaBitrateNoRed=17kbps redPlayedRate=0kbps redDiscardedRate=40kbps
2026-07-15 11:11:00.816 Df avconferenced[1230:262000] [com.apple.AVConference:ViceroyTrace] [NOTICE] -[VCAudioTransmitter gatherRealtimeStats:]:772 @=@ Health: VCAudioTransmitter [0x77e26fa800] audioTxBitrate=97kbps, audioFecTx=2.000000, primaryAudioTxRate=38kbps, audioStreamRedundancyLevel=1, _qualityIndex=0, payload=104, totalPacketsSent=860 streamIDsCount=0 _targetBitrate=120000 _currentTargetBitrate=120000 _supportsAdaptation=1 audioTxRedRate=39kbps
2026-07-15 11:11:00.957 Df avconferenced[1230:262507] [com.apple.AVConference:ViceroyTrace] VCMediaStream [NOTICE] -[VCMediaStream setRtcpEnabled:]:2153 VCAudioStream[0x77d8772800] -[VCMediaStream setRtcpEnabled:] rtcpEnabled[0]
2026-07-15 11:11:00.957 Df avconferenced[1230:262507] [com.apple.AVConference:ViceroyTrace] VCMediaStream [NOTICE] -[VCMediaStream setRtcpEnabled:]:2153 VCAudioStream[0x77d8773000] -[VCMediaStream setRtcpEnabled:] rtcpEnabled[0]
2026-07-15 11:11:01.710 Df avconferenced[1230:262507] [com.apple.AVConference:ViceroyTrace] VCMediaStream [NOTICE] -[VCMediaStream setRtcpEnabled:]:2153 VCAudioStream[0x77d8772800] -[VCMediaStream setRtcpEnabled:] rtcpEnabled[0]
2026-07-15 11:11:01.710 Df avconferenced[1230:262507] [com.apple.AVConference:ViceroyTrace] VCMediaStream [NOTICE] -[VCMediaStream setRtcpEnabled:]:2153 VCAudioStream[0x77d8773000] -[VCMediaStream setRtcpEnabled:] rtcpEnabled[0]
2026-07-15 11:11:01.801 Df avconferenced[1230:2620cc] [com.apple.AVConference:ViceroyTrace] VCAudioStream [NOTICE] _VCAudioStream_CheckAbnormalOWRDAndResetLagReference:466 (0x77d51dc800) RTT=0.158, TxBW=1259328b/sec, PLR=0.00%, PLaMR=5.64%
2026-07-15 11:11:01.841 Df avconferenced[1230:2620cc] [com.apple.AVConference:ViceroyTrace] VCAudioStream [NOTICE] _VCAudioStream_CheckAbnormalOWRDAndResetLagReference:466 (0x77d51dc800) RTT=0.188, TxBW=1259328b/sec, PLR=0.00%, PLaMR=5.64%
2026-07-15 11:11:01.909 Df avconferenced[1230:2623c9] [com.apple.AVConference:ViceroyTrace] VCMediaStream [NOTICE] -[VCMediaStream setRtcpEnabled:]:2153 VCAudioStream[0x77d8772800] -[VCMediaStream setRtcpEnabled:] rtcpEnabled[0]
2026-07-15 11:11:01.909 Df avconferenced[1230:2623c9] [com.apple.AVConference:ViceroyTrace] VCMediaStream [NOTICE] -[VCMediaStream setRtcpEnabled:]:2153 VCAudioStream[0x77d8773000] -[VCMediaStream setRtcpEnabled:] rtcpEnabled[0]
2026-07-15 11:11:01.936 Df FaceTime[3023:261da4] [com.apple.calls.telephonyutilities:Default] _cachedInputDevices = ( "" )
2026-07-15 11:11:01.936 Df FaceTime[3023:261da4] [com.apple.calls.telephonyutilities:Default] _cachedInputDevices = ( "" )
2026-07-15 11:11:01.944 Df audioaccessoryd[1042:25f3f9] [com.apple.AudioAccessory:AANearbyDeviceManagerDaemon] AANearbyDevice found from CBDiscovery: AANearbyDevice identifier: 62E245F3-2C27-26C2-1CB9-406B59E9F76C, Bt addr 'CC:22:FE:90:F0:98', Md 'AirPods3,4', Nm 'James’s AirPods Pro', paired
2026-07-15 11:11:01.945 Df audioaccessoryd[1042:26165c] [com.apple.AudioAccessory:AAPairedDeviceDaemon] Paired AADevice updated from CBDiscovery: CBDevice 62E245F3-2C27-26C2-1CB9-406B59E9F76C, BDA , Nm , Md AirPods3,4, PID 0x2027 (AirPods3,4), PrNm AirPods Pro, VID 0x004C, VS 1, avCp 1, AVC 1, DsFl 0x40808000 < WxStatus Pairing BLEAdvertisementData >, DvF 0x25001D804037 < AACP MagicPaired ShareAudio Tipi PSE ClassicPaired SpatialAudio AdvancedAppleAudio ANC Transparency SpatialAudioAllowed SmartRouting Connectable SensorData >, DvT Headphones, RSSI -38, SupS 0x180019 < HFP AVRCP A2DP AACP GATT >, Freq 2.4, Band ISM2.4, Ch 39, aaCp 1, ClkH L NoiseManagement R NoiseManagement, ECC 3, MCCp 1, MCC 2, CVer'8B41', cdCp 1, DbTp C Basic, GAPA 0x1 < Real >, FV '8B41', LsnM ANC, LsMC 0x6 < ANC Transparency >, MicM Auto, Plcm M Enabled, Prim Unknown, fmCI 17899530-F614-C5E7-55E3-ED0C1AA80701, fmGI CA7596FA-C7B6-4E0F-AF85-10064B534003, modU A3063, SN 'CH7K4Q74Y5', SN Left'J5QHP501V510000UHZ', SN Right 'J5QHP600V1B0000UHY', srMd Enabled, spAM ContentDriven, AdTsMC <70489819066>, AMfD <4c 00 07 19<…>
2026-07-15 11:11:01.945 Df audioaccessoryd[1042:25f3f9] [com.apple.AudioAccessory:AANearbyDeviceManagerDaemon] [1/3] AANearbyDevice loading properties from paired device: AADevice id: 62E245F3-2C27-26C2-1CB9-406B59E9F76C, nm James’s AirPods Pro, ml AirPods3,4, pid 8231, color 255, AutoANC: Bbl: Cam ctl: cfg -, Chr rem: cap +, en +, DEOC: OBC: cap +, HG: tgl +, acct UpDn, decl S2S, HA: HP: PPE: HT: HR: cap +, Lsn: off +, Pl: PrfEQ: SR&P: SrMt: Sldt: SS: Misc Caps: Misc Info: hk wr +
2026-07-15 11:11:01.945 Df audioaccessoryd[1042:25f3f9] [com.apple.AudioAccessory:AANearbyDeviceManagerDaemon] [2/3] CBDevice 62E245F3-2C27-26C2-1CB9-406B59E9F76C, BDA , Nm , Md AirPods3,4, PID 0x2027 (AirPods3,4), PrNm AirPods Pro, VID 0x004C, VS 1, avCp 1, AVC 1, DsFl 0x40808000 < WxStatus Pairing BLEAdvertisementData >, DvF 0x25001D804037 < AACP MagicPaired ShareAudio Tipi PSE ClassicPaired SpatialAudio AdvancedAppleAudio ANC Transparency SpatialAudioAllowed SmartRouting Connectable SensorData >, DvT Headphones, RSSI -38, SupS 0x180019 < HFP AVRCP A2DP AACP GATT >, Freq 2.4, Band ISM2.4, Ch 39, aaCp 1, ClkH L NoiseManagement R NoiseManagement, ECC 3, MCCp 1, MCC 2, CVer'8B41', cdCp 1, DbTp C Basic, GAPA 0x1 < Real >, FV '8B41', LsnM ANC, LsMC 0x6 < ANC Transparency >, MicM Auto, Plcm M Enabled, Prim Unknown, fmCI 17899530-F614-C5E7-55E3-ED0C1AA80701, fmGI CA7596FA-C7B6-4E0F-AF85-10064B534003, modU A3063, SN 'CH7K4Q74Y5', SN Left'J5QHP501V510000UHZ', SN Right 'J5QHP600V1B0000UHY', srMd Enabled, spAM ContentDriven, AdTsMC <70489819066>,
2026-07-15 11:11:01.945 Df audioaccessoryd[1042:25f3f9] [com.apple.AudioAccessory:AANearbyDeviceManagerDaemon] [3/3] AMfD <4c 00 07 19 01 27 20 24 88 92 31 00 00 00 d0 d0 1b 20 2f ee 00 00 00 00 10 ce e8 12 e0>, deDa , baDa , ppDa , ppPD 01 27 20 24 88 92 31 00 00 00 d0 d0 1b 20 2f ee 00 00 00 00 10 ce e8 12 e0, ppPI 0x2027 (AirPods3,4), ppST 0x01 (WxStatus), ppPP InCase, asLO 1, ssCp Enabled, HaSp Yes, HtSp Yes, CF 0x80A40008000 < WxStatus BLEAdvertisementData RSSI DiscoveryFlags Attributes > 2026-07-15 11:11:01.945 Df audioaccessoryd[1042:26165c] [com.apple.AudioAccessory:AAPairedDeviceDaemon] [1/3] Paired AADevice updated: AADevice id: 62E245F3-2C27-26C2-1CB9-406B59E9F76C, nm James’s AirPods Pro, ml AirPods3,4, pid 8231, color 255, AutoANC: Bbl: Cam ctl: cfg -, Chr rem: cap +, en +, DEOC: OBC: cap +, HG: tgl +, acct UpDn, decl S2S, HA: HP: PPE: HT: HR: cap +, Lsn: off +, Pl: PrfEQ: SR&P: SrMt: Sldt: SS: Misc Caps: Misc Info: hk wr +
2026-07-15 11:11:01.945 Df audioaccessoryd[1042:26165c] [com.apple.AudioAccessory:AAPairedDeviceDaemon] [2/3] CBDevice 62E245F3-2C27-26C2-1CB9-406B59E9F76C, BDA , Nm , Md AirPods3,4, PID 0x2027 (AirPods3,4), PrNm AirPods Pro, VID 0x004C, VS 1, avCp 1, AVC 1, DsFl 0x40808000 < WxStatus Pairing BLEAdvertisementData >, DvF 0x25001D804037 < AACP MagicPaired ShareAudio Tipi PSE ClassicPaired SpatialAudio AdvancedAppleAudio ANC Transparency SpatialAudioAllowed SmartRouting Connectable SensorData >, DvT Headphones, RSSI -38, SupS 0x180019 < HFP AVRCP A2DP AACP GATT >, Freq 2.4, Band ISM2.4, Ch 39, aaCp 1, ClkH L NoiseManagement R NoiseManagement, ECC 3, MCCp 1, MCC 2, CVer'8B41', cdCp 1, DbTp C Basic, GAPA 0x1 < Real >, FV '8B41', LsnM ANC, LsMC 0x6 < ANC Transparency >, MicM Auto, Plcm M Enabled, Prim Unknown, fmCI 17899530-F614-C5E7-55E3-ED0C1AA80701, fmGI CA7596FA-C7B6-4E0F-AF85-10064B534003, modU A3063, SN 'CH7K4Q74Y5', SN Left'J5QHP501V510000UHZ', SN Right 'J5QHP600V1B0000UHY', srMd Enabled, spAM ContentDriven, AdTsMC <70489819066>,
2026-07-15 11:11:01.945 Df audioaccessoryd[1042:26165c] [com.apple.AudioAccessory:AAPairedDeviceDaemon] [3/3] AMfD <4c 00 07 19 01 27 20 24 88 92 31 00 00 00 d0 d0 1b 20 2f ee 00 00 00 00 10 ce e8 12 e0>, deDa , baDa , ppDa , ppPD 01 27 20 24 88 92 31 00 00 00 d0 d0 1b 20 2f ee 00 00 00 00 10 ce e8 12 e0, ppPI 0x2027 (AirPods3,4), ppST 0x01 (WxStatus), ppPP InCase, asLO 1, ssCp Enabled, HaSp Yes, HtSp Yes, CF 0x80A40008000 < WxStatus BLEAdvertisementData RSSI DiscoveryFlags Attributes > 2026-07-15 11:11:01.945 Df audioaccessoryd[1042:2627cb] [com.apple.AudioAccessory:AADeviceManagerDaemon] Paired AADevice updated, but device not connected: AADevice id: 62E245F3-2C27-26C2-1CB9-406B59E9F76C, nm James’s AirPods Pro, ml AirPods3,4, pid 8231, color 255, AutoANC: Bbl: Cam ctl: cfg -, Chr rem: cap +, en +, DEOC: OBC: cap +, HG: tgl +, acct UpDn, decl S2S, HA: HP: PPE: HT: HR: cap +, Lsn: off +, Pl: PrfEQ: SR&P: SrMt: Sldt: SS: Misc Caps: Misc Info: hk wr + CBDevice 62E245F3-2C27-26C2-1CB9-406B59E9F76C, BDA , Nm , Md AirPods3,4, PID 0x2027 (AirPods3,4), PrNm AirPods Pro, VID 0x004C, VS 1, avCp 1, AVC 1, DsFl 0x40808000 < WxStatus Pairing BLEAdvertisementData >, DvF 0x25001D804037 < AACP MagicPaired ShareAudio Tipi PSE ClassicPaired SpatialAudio AdvancedAppleAudio ANC Transparency SpatialAudioAllowed SmartRouting Connectable SensorData >, DvT Headphones, RSSI -38, SupS 0x180019 < HFP AVRCP A2DP AACP GATT >, Freq 2.4, Band ISM2.4, Ch 39, aaCp 1, ClkH L NoiseManagement R NoiseManagement, ECC 3, MCCp 1, MCC 2, CVer'8B41', cdCp 1, DbTp C Basic, GAPA 0x1 < Real <…>
2026-07-15 11:11:01.946 Df audioaccessoryd[1042:2627ca] [com.apple.bluetooth:BTSmartRoutingDaemon] Pairing found device CBDevice 62E245F3-2C27-26C2-1CB9-406B59E9F76C, BDA , Nm , Md AirPods3,4, PID 0x2027 (AirPods3,4), PrNm AirPods Pro, VID 0x004C, VS 1, avCp 1, AVC 1, DsFl 0x40808000 < WxStatus Pairing BLEAdvertisementData >, DvF 0x25001D804037 < AACP MagicPaired ShareAudio Tipi PSE ClassicPaired SpatialAudio AdvancedAppleAudio ANC Transparency SpatialAudioAllowed SmartRouting Connectable SensorData >, DvT Headphones, RSSI -38, SupS 0x180019 < HFP AVRCP A2DP AACP GATT >, Freq 2.4, Band ISM2.4, Ch 39, aaCp 1, ClkH L NoiseManagement R NoiseManagement, ECC 3, MCCp 1, MCC 2, CVer'8B41', cdCp 1, DbTp C Basic, GAPA 0x1 < Real >, FV '8B41', LsnM ANC, LsMC 0x6 < ANC Transparency >, MicM Auto, Plcm M Enabled, Prim Unknown, fmCI 17899530-F614-C5E7-55E3-ED0C1AA80701, fmGI CA7596FA-C7B6-4E0F-AF85-10064B534003, modU A3063, SN 'CH7K4Q74Y5', SN Left'J5QHP501V510000UHZ', SN Right 'J5QHP600V1B0000UHY', srMd Enabled, spAM ContentDriven, AdTsMC <70489819066>, AMfD <4c 00 07 19 01 27 20 24 88 92 31<…>
2026-07-15 11:11:01.946 Df audioaccessoryd[1042:25f3f9] [com.apple.AudioAccessory:AANearbyDeviceManagerDaemon] AANearbyDevice updated: AANearbyDevice identifier: 62E245F3-2C27-26C2-1CB9-406B59E9F76C, Bt addr 'CC:22:FE:90:F0:98', Md 'AirPods3,4', Nm 'James’s AirPods Pro', paired. AAProximityPairingStatusPayloadB188B288, PT: 7, PID 8231, ST: 1, Sup Wir Split: yes, Audio St: Idle, Src count: 0, DEOC on: no, OBC on: no, SR Conn: no, My Batt: +80, Oth Batt: +80, C Batt: -27, lst conn hst: 202fee, lst bud in C w/curr bud: 000000, SR score 1: Unknown, SR score 2: Unknown, Idle time: <5s, time out of case: <5s, lst conn host iCloud signed in: yes, UTP: no, This: Left - Primary - In Case, Other: Unknown, Out of Box: no, L Batt: +80%, R Batt: +80%, lid open count: 1, lid closed: no, case ver: B435, case led col: Green, case led status: Solid, color: 0, Adv Data: <07 19 01 27 20 24 88 92 31 00 00 00 d0 d0 1b 20 2f ee 00 00 00 00 10 ce e8 12 e0>, HRM Cap Supported, HK Data Wr Yes
2026-07-15 11:11:01.946 Df audioaccessoryd[1042:2627ca] [com.apple.bluetooth:BTSmartRoutingDaemon] Nearby Wx device 62E245F3-2C27-26C2-1CB9-406B59E9F76C changed, name James’s AirPods Pro, addr CC:22:FE:90:F0:98, UTP no, sourceCount 0, audioState Idle, lastRoute 202fee, zeroLastRoute 202fee, oneLastRoute NULL, lidClosed no, primaryInEar no, secondaryInEar no, primaryInCase yes, secondaryInCase no, battery Left 0.800000, battery right 0.800000, battery main 0.000000
2026-07-15 11:11:01.946 Df audioaccessoryd[1042:2627ca] [com.apple.bluetooth:BTSmartRoutingDaemon] SRDiscoveredDevice: Nearby Wx changed addr CC:22:FE:90:F0:98 name James’s AirPods Pro found yes streamState Idle productID 8231 paired yes iCloudSignedIn yes lastConnect 202fee inEar no priBudInEar no secBudInEar no usb no
2026-07-15 11:11:01.946 Df audioaccessoryd[1042:2627ca] [com.apple.bluetooth:SRDiscoveredDevice] Setting nearbyName CC:22:FE:90:F0:98 NULL -> James’s AirPods Pro
2026-07-15 11:11:01.946 Df audioaccessoryd[1042:2627ca] [com.apple.bluetooth:SRDiscoveredDevice] Setting nearbyLastRouteHost CC:22:FE:90:F0:98 NULL -> 202fee
2026-07-15 11:11:01.946 Df audioaccessoryd[1042:2627ca] [com.apple.bluetooth:BTSmartRoutingDaemon] Airpods fw version is 8B41, pairing record CBDevice 62E245F3-2C27-26C2-1CB9-406B59E9F76C, BDA , Nm , Md AirPods3,4, PID 0x2027 (AirPods3,4), PrNm AirPods Pro, VID 0x004C, VS 1, avCp 1, AVC 1, DsFl 0x40808000 < WxStatus Pairing BLEAdvertisementData >, DvF 0x25001D804037 < AACP MagicPaired ShareAudio Tipi PSE ClassicPaired SpatialAudio AdvancedAppleAudio ANC Transparency SpatialAudioAllowed SmartRouting Connectable SensorData >, DvT Headphones, RSSI -38, SupS 0x180019 < HFP AVRCP A2DP AACP GATT >, Freq 2.4, Band ISM2.4, Ch 39, aaCp 1, ClkH L NoiseManagement R NoiseManagement, ECC 3, MCCp 1, MCC 2, CVer'8B41', cdCp 1, DbTp C Basic, GAPA 0x1 < Real >, FV '8B41', LsnM ANC, LsMC 0x6 < ANC Transparency >, MicM Auto, Plcm M Enabled, Prim Unknown, fmCI 17899530-F614-C5E7-55E3-ED0C1AA80701, fmGI CA7596FA-C7B6-4E0F-AF85-10064B534003, modU A3063, SN 'CH7K4Q74Y5', SN Left'J5QHP501V510000UHZ', SN Right 'J5QHP600V1B0000UHY', srMd Enabled, spAM ContentDriven, AdTsMC <70489819066>, AMfD <4c 00 07 1<…>
2026-07-15 11:11:01.946 Df audioaccessoryd[1042:25f3f9] [com.apple.AudioAccessory:AABatteryMonitorDaemon] AADeviceBatteryInfo updated from AANearbyDevice: AANearbyDevice identifier: 62E245F3-2C27-26C2-1CB9-406B59E9F76C, Bt addr 'CC:22:FE:90:F0:98', Md 'AirPods3,4', Nm 'James’s AirPods Pro', paired. AAProximityPairingStatusPayloadB188B288, PT: 7, PID 8231, ST: 1, Sup Wir Split: yes, Audio St: Idle, Src count: 0, DEOC on: no, OBC on: no, SR Conn: no, My Batt: +80, Oth Batt: +80, C Batt: -27, lst conn hst: 202fee, lst bud in C w/curr bud: 000000, SR score 1: Unknown, SR score 2: Unknown, Idle time: <5s, time out of case: <5s, lst conn host iCloud signed in: yes, UTP: no, This: Left - Primary - In Case, Other: Unknown, Out of Box: no, L Batt: +80%, R Batt: +80%, lid open count: 1, lid closed: no, case ver: B435, case led col: Green, case led status: Solid, color: 0, Adv Data: <07 19 01 27 20 24 88 92 31 00 00 00 d0 d0 1b 20 2f ee 00 00 00 00 10 ce e8 12 e0>, HRM Cap Supported, HK Data Wr Yes
2026-07-15 11:11:01.946 Df audioaccessoryd[1042:25f3f9] [com.apple.AudioAccessory:AABatteryMonitorDaemon] AADeviceBatteryInfo updated: AADeviceBatteryInfo identifier: 62E245F3-2C27-26C2-1CB9-406B59E9F76C, Bt Addr 'CC:22:FE:90:F0:98', Col '0', Nm 'James’s AirPods Pro', Pid '8231', fmGI 'CA7596FA-C7B6-4E0F-AF85-10064B534003', fmCI '17899530-F614-C5E7-55E3-ED0C1AA80701', Batt C '-27.00%'[ls: 2026-07-15-16:11:01.899, sFL: 0x1 < HeadsetAdv >], Batt LR '+80.00%'[ls: 2026-07-15-16:11:01.899, sFL: 0x1 < HeadsetAdv >], Batt L '+80.00%'[ls: 2026-07-15-16:11:01.899, sFL: 0x1 < HeadsetAdv >], Batt R '+80.00%'[ls: 2026-07-15-16:11:01.899, sFL: 0x1 < HeadsetAdv >]
