2026-07-15 11:13:04.365 Df audioaccessoryd[1042:26289e] [com.apple.AudioAccessory:AALowBatteryAlertDaemon] Low battery check[Buds]: Charging no, High yes, Low no, Lowest 79.000%, Threshold 20.000%, AADeviceBatteryInfo identifier: 62E245F3-2C27-26C2-1CB9-406B59E9F76C, Bt Addr 'CC:22:FE:90:F0:98', Col '0', Nm 'James’s AirPods Pro', Pid '8231', Batt LR '-79.00%'[ls: 2026-07-15-16:13:04.213, sFL: 0x5 < HeadsetAdv AACPInfo >], Batt L '-79.00%'[ls: 2026-07-15-16:13:04.213, sFL: 0x5 < HeadsetAdv AACPInfo >], Batt R '-80.00%'[ls: 2026-07-15-16:13:04.213, sFL: 0x5 < HeadsetAdv AACPInfo >]
2026-07-15 11:13:04.609 Df audioaccessoryd[1042:26289e] [com.apple.AudioAccessory:AANearbyDeviceManagerDaemon] [1/3] AANearbyDevice loading properties from paired device: AADevice id: 62E245F3-2C27-26C2-1CB9-406B59E9F76C, nm James’s AirPods Pro, ml AirPods3,4, pid 8231, color 255, AutoANC: cap V2, Bbl: cap +, Cam ctl: cfg -, Chr rem: cap +, en +, DEOC: cap +, OBC: cap +, HG: tgl +, acct UpDn, decl S2S, HA: cap +, v2 cap +, HP: cap +, PPE: cap +, HT: cap +, HR: cap +, en +, Lsn: off +, Pl: PrfEQ: cap -, SR&P: SrMt: cap +, Sldt: cap +, SS: Misc Caps: cas snd +, ear fit +, ff upl +, hide er -, hide off +, ovd str +, pmee +, pt +, wrd lssls -, Misc Info: enh trn V4,hk wr +lst conn '2026-07-15 16:11:02.000', lst on head '2026-07-15 16:13:04.216',
2026-07-15 11:13:04.609 Df audioaccessoryd[1042:26289e] [com.apple.AudioAccessory:AANearbyDeviceManagerDaemon] [2/3] CBDevice 62E245F3-2C27-26C2-1CB9-406B59E9F76C, BDA , Nm , Md AirPods3,4, PID 0x2027 (AirPods3,4), PrNm AirPods Pro, VID 0x004C, VS 1, avCp 1, AVC 1, DsFl 0xA08000 < WxStatus Connections Pairing >, DvF 0x25085D804077 < AACP MagicPaired ShareAudio Tipi PSE AudioOwner ClassicPaired SpatialAudio AdvancedAppleAudio ANC Transparency SpatialAudioAllowed SpatialAudioActive UTPConnected SmartRouting Connectable SensorData >, DvT Headphones, RSSI -59, CnS 0x1980019 < HFP AVRCP A2DP AACP GATT ACL SCO >, SupS 0x180019 < HFP AVRCP A2DP AACP GATT >, AStS SCO, Freq 2.4, Band ISM2.4, Ch 39, aaCp 1, ClkH L NoiseManagement R NoiseManagement, ECC 3, MCCp 1, MCC 2, CVer'8B41', cdCp 1, cDC 1, DbTp C Basic, GAPA 0x1 < Real >, FV '8B41', LsnM ANC, LsMC 0x6 < ANC Transparency >, BTv 6.0, MicM Auto, Plcm P InEar S InEar M Enabled, Prim Right, fmCI 17899530-F614-C5E7-55E3-ED0C1AA80701, fmGI CA7596FA-C7B6-4E0F-AF85-10064B534003, modU A3064, SN 'CH7K4Q74Y5', SN Left'J5QHP501V510000UHZ',
2026-07-15 11:13:04.609 Df audioaccessoryd[1042:26289e] [com.apple.AudioAccessory:AANearbyDeviceManagerDaemon] [3/3] SN Right 'J5QHP600V1B0000UHY', srMd Enabled, spAM ContentDriven, AdTsMC <70611562176>, AMfD <4c 00 07 19 01 27 20 0b 88 8f 10 00 06 16 50 50 ff e9 bb ee 00 00 00 06 1c 00 13 c0 64>, deDa , baDa , Battery L -79% R -80%, ppDa , ppPD 01 27 20 0b 88 8f 10 00 06 16 50 50 ff e9 bb ee 00 00 00 06 1c 00 13 c0 64, ppPI 0x2027 (AirPods3,4), ppST 0x01 (WxStatus), ppPP InEar, ppSP InEar, asLO 1, ssCp Enabled, HaSp Yes, HtSp Yes, CF 0x80000000000 < Attributes > 2026-07-15 11:13:04.609 Df audioaccessoryd[1042:26289e] [com.apple.AudioAccessory:AANearbyDeviceManagerDaemon] AANearbyDevice updated: AANearbyDevice identifier: 62E245F3-2C27-26C2-1CB9-406B59E9F76C, Bt addr 'CC:22:FE:90:F0:98', Md 'AirPods3,4', Nm 'James’s AirPods Pro', paired. AAProximityPairingStatusPayloadB188B288, PT: 7, PID 8231, ST: 1, Sup Wir Split: yes, Audio St: HFPCall, Src count: 1, DEOC on: yes, OBC on: no, SR Conn: no, My Batt: -80, Oth Batt: -79, C Batt: invalid, lst conn hst: e9bbee, lst bud in C w/curr bud: 000000, SR score 1: High, SR score 2: Unknown, Idle time: <5s, time out of case: >60s, lst conn host iCloud signed in: yes, UTP: yes, This: Right - Primary - In Ear, Other: In Ear, Out of Box: no, L Batt: -79%, R Batt: -80%, lid open count: 0, lid closed: no, case ver: B435, case led col: Off, case led status: Solid, color: 0, Adv Data: <07 19 01 27 20 0b 78 8f 10 00 06 16 50 4f ff e9 bb ee 00 00 00 06 1c 49 1a 40 91>, HRM Cap Supported, HK Data Wr Yes
2026-07-15 11:13:04.609 Df audioaccessoryd[1042:262d2c] [com.apple.bluetooth:BTSmartRoutingDaemon] Nearby Wx device 62E245F3-2C27-26C2-1CB9-406B59E9F76C changed, name James’s AirPods Pro, addr CC:22:FE:90:F0:98, UTP yes, sourceCount 1, audioState HFP Call, lastRoute e9bbee, zeroLastRoute 202fee, oneLastRoute e9bbee, lidClosed no, primaryInEar yes, secondaryInEar yes, primaryInCase no, secondaryInCase no, battery Left 0.790000, battery right 0.800000, battery main 0.000000
2026-07-15 11:13:04.609 Df audioaccessoryd[1042:262d2c] [com.apple.bluetooth:BTSmartRoutingDaemon] SRDiscoveredDevice: Nearby Wx changed addr CC:22:FE:90:F0:98 name James’s AirPods Pro found yes streamState HFP Call productID 8231 paired yes iCloudSignedIn yes lastConnect e9bbee inEar yes priBudInEar yes secBudInEar yes usb no
2026-07-15 11:13:04.609 Df audioaccessoryd[1042:262d2c] [com.apple.bluetooth:BTSmartRoutingDaemon] Airpods fw version is 8B41, pairing record CBDevice 62E245F3-2C27-26C2-1CB9-406B59E9F76C, BDA , Nm , Md AirPods3,4, PID 0x2027 (AirPods3,4), PrNm AirPods Pro, VID 0x004C, VS 1, avCp 1, AVC 1, DsFl 0xA08000 < WxStatus Connections Pairing >, DvF 0x25085D804077 < AACP MagicPaired ShareAudio Tipi PSE AudioOwner ClassicPaired SpatialAudio AdvancedAppleAudio ANC Transparency SpatialAudioAllowed SpatialAudioActive UTPConnected SmartRouting Connectable SensorData >, DvT Headphones, RSSI -59, CnS 0x1980019 < HFP AVRCP A2DP AACP GATT ACL SCO >, SupS 0x180019 < HFP AVRCP A2DP AACP GATT >, AStS SCO, Freq 2.4, Band ISM2.4, Ch 39, aaCp 1, ClkH L NoiseManagement R NoiseManagement, ECC 3, MCCp 1, MCC 2, CVer'8B41', cdCp 1, cDC 1, DbTp C Basic, GAPA 0x1 < Real >, FV '8B41', LsnM ANC, LsMC 0x6 < ANC Transparency >, BTv 6.0, MicM Auto, Plcm P InEar S InEar M Enabled, Prim Right, fmCI 17899530-F614-C5E7-55E3-ED0C1AA80701, fmGI CA7596FA-C7B6-4E0F-AF85-10064B534003, modU A3064, SN 'CH7K4Q74Y5', SN Left'<…>
2026-07-15 11:13:04.609 Df audioaccessoryd[1042:262d2c] [com.apple.bluetooth:BTSmartRoutingDaemon] Airpods fw version is 8B41, pairing record CBDevice 62E245F3-2C27-26C2-1CB9-406B59E9F76C, BDA , Nm , Md AirPods3,4, PID 0x2027 (AirPods3,4), PrNm AirPods Pro, VID 0x004C, VS 1, avCp 1, AVC 1, DsFl 0xA08000 < WxStatus Connections Pairing >, DvF 0x25085D804077 < AACP MagicPaired ShareAudio Tipi PSE AudioOwner ClassicPaired SpatialAudio AdvancedAppleAudio ANC Transparency SpatialAudioAllowed SpatialAudioActive UTPConnected SmartRouting Connectable SensorData >, DvT Headphones, RSSI -59, CnS 0x1980019 < HFP AVRCP A2DP AACP GATT ACL SCO >, SupS 0x180019 < HFP AVRCP A2DP AACP GATT >, AStS SCO, Freq 2.4, Band ISM2.4, Ch 39, aaCp 1, ClkH L NoiseManagement R NoiseManagement, ECC 3, MCCp 1, MCC 2, CVer'8B41', cdCp 1, cDC 1, DbTp C Basic, GAPA 0x1 < Real >, FV '8B41', LsnM ANC, LsMC 0x6 < ANC Transparency >, BTv 6.0, MicM Auto, Plcm P InEar S InEar M Enabled, Prim Right, fmCI 17899530-F614-C5E7-55E3-ED0C1AA80701, fmGI CA7596FA-C7B6-4E0F-AF85-10064B534003, modU A3064, SN 'CH7K4Q74Y5', SN Left'<…>
2026-07-15 11:13:04.700 Df audioaccessoryd[1042:262d2c] [com.apple.SmartRouting:SRConnectionManager] EvaluateNearbyDevicesForConnection paired 11 connectedWx 1 nearbyWx 1 srDisDeviceCount 1 nearbySource 3 btState PoweredOn audioRoute Bluetooth tipiScore High sourceSRcapable yes audioCategory 501 callStarted yes OD Invalid
2026-07-15 11:13:04.700 Df audioaccessoryd[1042:262d2c] [com.apple.SmartRouting:SRConnectionManager] Evaluator: skip, current route not speaker during call.
2026-07-15 11:13:04.776 Df avconferenced[1230:263cfc] [com.apple.AVConference:ViceroyTrace] VCMediaStream [NOTICE] -[VCMediaStream setRtcpEnabled:]:2153 VCAudioStream[0x77d8772800] -[VCMediaStream setRtcpEnabled:] rtcpEnabled[0]
2026-07-15 11:13:04.776 Df avconferenced[1230:263cfc] [com.apple.AVConference:ViceroyTrace] VCMediaStream [NOTICE] -[VCMediaStream setRtcpEnabled:]:2153 VCAudioStream[0x77d8773000] -[VCMediaStream setRtcpEnabled:] rtcpEnabled[0]
2026-07-15 11:13:05.145 Df avconferenced[1230:262cc9] [com.apple.AVConference:ViceroyTrace] VCAudioStream [NOTICE] _VCAudioStream_CheckAbnormalOWRDAndResetLagReference:466 (0x77d51dc800) RTT=0.099, TxBW=1184462b/sec, PLR=46.45%, PLaMR=24.27%
2026-07-15 11:13:05.185 Df avconferenced[1230:262cc9] [com.apple.AVConference:ViceroyTrace] VCAudioStream [NOTICE] _VCAudioStream_CheckAbnormalOWRDAndResetLagReference:466 (0x77d51dc800) RTT=0.110, TxBW=1184462b/sec, PLR=46.45%, PLaMR=24.27%
2026-07-15 11:13:05.828 Df avconferenced[1230:2639a5] [com.apple.AVConference:ViceroyTrace] [NOTICE] -[VCAudioStreamGroupCommon collectAndLogChannelMetrics:averagePower:]:612 streamGroupID=micr participantUUID=C1BAF2CC-1AF1-481B-A511-4AFABC0321DB (0x77e52ac8c0) Health Monitor for Audio Stream Send Group streamID=0 audio=127kbps VCAudioIO=0x77d548ca00 procsCount=7846 averagePower=-30.790733 state=2 noVoiceActivityPacketCount=0
2026-07-15 11:13:05.828 Df avconferenced[1230:2639a5] [com.apple.AVConference:ViceroyTrace] [NOTICE] -[VCAudioStreamGroupCommon collectAndLogChannelMetrics:averagePower:]:612 streamGroupID=micr participantUUID=2D2ABE74-AEC4-49D1-8031-D358ACF241F4 (0x77e52ad6c0) Health Monitor for Audio Stream Receive Group streamID=65365 audio=30kbps VCAudioIO=0x77d5496200 procsCount=7843 averagePower=-59.082867 state=2 noVoiceActivityPacketCount=0
2026-07-15 11:13:05.828 Df avconferenced[1230:2639a5] [com.apple.AVConference:ViceroyTrace] [NOTICE] -[VCAudioStreamReceiveGroup collectAndLogChannelMetrics:]:165 @=@ Health: VCAudioStreamReceiveGroup self=0x77e26def80 streamGroupID=micr participantUUID=2D2ABE74-AEC4-49D1-8031-D358ACF241F4 speakerProcsCalled=7843, averageOutputPower=-59.082867, syncTargetCalled=15680
2026-07-15 11:13:05.828 Df avconferenced[1230:2639a5] [com.apple.AVConference:ViceroyTrace] [NOTICE] -[VCAudioStreamGroupCommon collectAndLogChannelMetrics:averagePower:]:612 streamGroupID=micr participantUUID=2D2ABE74-AEC4-49D1-8031-D358ACF241F4 (0x77e52ad6c0) Health Monitor for Audio Stream Receive Group streamID=65365 audio=30kbps VCAudioIO=0x77d5496200 procsCount=7843 averagePower=-59.082867 state=2 noVoiceActivityPacketCount=0
2026-07-15 11:13:05.828 Df avconferenced[1230:2639a5] [com.apple.AVConference:ViceroyTrace] [NOTICE] -[VCAudioStreamReceiveGroup collectAndLogChannelMetrics:]:165 @=@ Health: VCAudioStreamReceiveGroup self=0x77e26def80 streamGroupID=micr participantUUID=2D2ABE74-AEC4-49D1-8031-D358ACF241F4 speakerProcsCalled=7843, averageOutputPower=-59.082867, syncTargetCalled=15680
2026-07-15 11:13:05.828 Df avconferenced[1230:2626c9] [com.apple.AVConference:ViceroyTrace] VCAudioReceiver [NOTICE] _VCAudioReceiver_CalculateAndReportRTPMetrics:660 @=@ Health: VCAudioReceiver VCAudioReceiver[0x77d9182000] ParticipantID=2D2ABE74-AEC4-49D1-8031-D358ACF241F4 erasure percentage=35.86% PLR percentage=20.68% current percentage:0.00% (rec:83 exp:83, loss:0) receiver(rtp=158, bb=0, unk=0, dup=75, drop=0) jb(enc=326, drop=0) infobuf(rec=5368, exp:62646, drec=5364, dexp=62642)
2026-07-15 11:13:05.828 Df avconferenced[1230:2626c9] [com.apple.AVConference:ViceroyTrace] VCAudioReceiver [NOTICE] _VCAudioReceiver_RegisterReportingTask_block_invoke_2:851 @=@ Health: VCAudioReceiver VCAudioReceiver[0x77d9182000] audioRxBitrate=54kbps, primaryAudioRxRate=45kbps payload=113 streamID=0 redReceivedBitrate=31kbps totalPacketsReceived=5357 mediaBitrateNoRed=13kbps redPlayedRate=0kbps redDiscardedRate=31kbps
2026-07-15 11:13:05.828 Df avconferenced[1230:2639a5] [com.apple.AVConference:ViceroyTrace] [NOTICE] -[VCAudioTransmitter gatherRealtimeStats:]:772 @=@ Health: VCAudioTransmitter [0x77e26fa800] audioTxBitrate=128kbps, audioFecTx=4.000000, primaryAudioTxRate=24kbps, audioStreamRedundancyLevel=3, _qualityIndex=0, payload=113, totalPacketsSent=7067 streamIDsCount=0 _targetBitrate=120000 _currentTargetBitrate=120000 _supportsAdaptation=1 audioTxRedRate=79kbps
2026-07-15 11:13:06.003 Df audioaccessoryd[1042:263e01] [com.apple.bluetooth:BTSmartRoutingDaemon] AudioStateSnapshot: BtState PoweredOn Route Bluetooth App com.apple.avconferenced, Score 501, Remote 0 NumofApp 3
2026-07-15 11:13:06.104 Df coreaudiod[843:262f05] [com.apple.coreaudio:aid] IssueReporting.cpp:490 RTAID [ use_case=Generic report_type=RMS Generic Chain clientID=ADM node=ADM::com.apple.avconferenced_1090.1100.0_airpods noise suppression studio::in-0 issue_detected_sample_time=0.000000 ] -- [ rms:[-23.749750], peaks:[-4.917436] ]
2026-07-15 11:13:06.105 Df coreaudiod[843:262f05] [com.apple.coreaudio:aid] IssueReporting.cpp:490 RTAID [ use_case=Generic report_type=RMS Generic Chain clientID=ADM node=ADM::com.apple.avconferenced_1090.1100.0_airpods noise suppression studio::out-0 issue_detected_sample_time=2640480.000000 ] -- [ rms:[-18.495796], peaks:[-0.311307] ]
2026-07-15 11:13:06.185 Df avconferenced[1230:262cc9] [com.apple.AVConference:ViceroyTrace] VCAudioStream [NOTICE] _VCAudioStream_CheckAbnormalOWRDAndResetLagReference:466 (0x77d51dc800) RTT=0.100, TxBW=1184462b/sec, PLR=46.45%, PLaMR=16.99%
2026-07-15 11:13:06.222 Df avconferenced[1230:263cfd] [com.apple.AVConference:ViceroyTrace] VCMediaStream [NOTICE] -[VCMediaStream setRtcpEnabled:]:2153 VCAudioStream[0x77d8772800] -[VCMediaStream setRtcpEnabled:] rtcpEnabled[0]
2026-07-15 11:13:06.222 Df avconferenced[1230:263cfd] [com.apple.AVConference:ViceroyTrace] VCMediaStream [NOTICE] -[VCMediaStream setRtcpEnabled:]:2153 VCAudioStream[0x77d8773000] -[VCMediaStream setRtcpEnabled:] rtcpEnabled[0]
2026-07-15 11:13:06.225 Df avconferenced[1230:262cc9] [com.apple.AVConference:ViceroyTrace] VCAudioStream [NOTICE] _VCAudioStream_CheckAbnormalOWRDAndResetLagReference:466 (0x77d51dc800) RTT=0.105, TxBW=1205638b/sec, PLR=46.45%, PLaMR=16.99%
2026-07-15 11:13:06.938 Df avconferenced[1230:263cf9] [com.apple.AVConference:ViceroyTrace] VCMediaStream [NOTICE] -[VCMediaStream setRtcpEnabled:]:2153 VCAudioStream[0x77d8772800] -[VCMediaStream setRtcpEnabled:] rtcpEnabled[0]
2026-07-15 11:13:06.938 Df avconferenced[1230:263cf9] [com.apple.AVConference:ViceroyTrace] VCMediaStream [NOTICE] -[VCMediaStream setRtcpEnabled:]:2153 VCAudioStream[0x77d8773000] -[VCMediaStream setRtcpEnabled:] rtcpEnabled[0]
2026-07-15 11:13:07.225 Df avconferenced[1230:262cc9] [com.apple.AVConference:ViceroyTrace] VCAudioStream [NOTICE] _VCAudioStream_CheckAbnormalOWRDAndResetLagReference:466 (0x77d51dc800) RTT=0.097, TxBW=1258753b/sec, PLR=46.45%, PLaMR=16.99%
2026-07-15 11:13:07.285 Df avconferenced[1230:262cc9] [com.apple.AVConference:ViceroyTrace] VCAudioStream [NOTICE] _VCAudioStream_CheckAbnormalOWRDAndResetLagReference:466 (0x77d51dc800) RTT=0.097, TxBW=1258753b/sec, PLR=46.45%, PLaMR=16.99%
2026-07-15 11:13:07.417 Df avconferenced[1230:263cfa] [com.apple.AVConference:ViceroyTrace] VCMediaStream [NOTICE] -[VCMediaStream setRtcpEnabled:]:2153 VCAudioStream[0x77d8772800] -[VCMediaStream setRtcpEnabled:] rtcpEnabled[0]
2026-07-15 11:13:07.417 Df avconferenced[1230:263cfa] [com.apple.AVConference:ViceroyTrace] VCMediaStream [NOTICE] -[VCMediaStream setRtcpEnabled:]:2153 VCAudioStream[0x77d8773000] -[VCMediaStream setRtcpEnabled:] rtcpEnabled[0]
2026-07-15 11:13:08.305 Df avconferenced[1230:262cc9] [com.apple.AVConference:ViceroyTrace] VCAudioStream [NOTICE] _VCAudioStream_CheckAbnormalOWRDAndResetLagReference:466 (0x77d51dc800) RTT=0.097, TxBW=1450505b/sec, PLR=46.45%, PLaMR=16.99%
2026-07-15 11:13:08.326 Df avconferenced[1230:262cc9] [com.apple.AVConference:ViceroyTrace] VCAudioStream [NOTICE] _VCAudioStream_CheckAbnormalOWRDAndResetLagReference:466 (0x77d51dc800) RTT=0.111, TxBW=1450505b/sec, PLR=46.45%, PLaMR=16.99%
2026-07-15 11:13:08.622 Df avconferenced[1230:263cfb] [com.apple.AVConference:ViceroyTrace] VCMediaStream [NOTICE] -[VCMediaStream setRtcpEnabled:]:2153 VCAudioStream[0x77d8772800] -[VCMediaStream setRtcpEnabled:] rtcpEnabled[0]
2026-07-15 11:13:08.622 Df avconferenced[1230:263cfb] [com.apple.AVConference:ViceroyTrace] VCMediaStream [NOTICE] -[VCMediaStream setRtcpEnabled:]:2153 VCAudioStream[0x77d8773000] -[VCMediaStream setRtcpEnabled:] rtcpEnabled[0]
2026-07-15 11:13:08.846 Df avconferenced[1230:263cf9] [com.apple.AVConference:ViceroyTrace] VCMediaStream [NOTICE] -[VCMediaStream setRtcpEnabled:]:2153 VCAudioStream[0x77d8772800] -[VCMediaStream setRtcpEnabled:] rtcpEnabled[0]
2026-07-15 11:13:08.846 Df avconferenced[1230:263cf9] [com.apple.AVConference:ViceroyTrace] VCMediaStream [NOTICE] -[VCMediaStream setRtcpEnabled:]:2153 VCAudioStream[0x77d8773000] -[VCMediaStream setRtcpEnabled:] rtcpEnabled[0]
2026-07-15 11:13:08.857 Df avconferenced[1230:263cfa] [com.apple.AVConference:ViceroyTrace] VCMediaStream [NOTICE] -[VCMediaStream setRtcpEnabled:]:2153 VCAudioStream[0x77d8772800] -[VCMediaStream setRtcpEnabled:] rtcpEnabled[0]
2026-07-15 11:13:08.857 Df avconferenced[1230:263cfa] [com.apple.AVConference:ViceroyTrace] VCMediaStream [NOTICE] -[VCMediaStream setRtcpEnabled:]:2153 VCAudioStream[0x77d8773000] -[VCMediaStream setRtcpEnabled:] rtcpEnabled[0]
2026-07-15 11:13:09.003 Df audioaccessoryd[1042:263e01] [com.apple.bluetooth:BTSmartRoutingDaemon] AudioStateSnapshot: BtState PoweredOn Route Bluetooth App com.apple.avconferenced, Score 501, Remote 0 NumofApp 3
2026-07-15 11:13:09.057 Df avconferenced[1230:263cfd] [com.apple.AVConference:ViceroyTrace] VCMediaStream [NOTICE] -[VCMediaStream setRtcpEnabled:]:2153 VCAudioStream[0x77d8772800] -[VCMediaStream setRtcpEnabled:] rtcpEnabled[0]
2026-07-15 11:13:09.057 Df avconferenced[1230:263cfd] [com.apple.AVConference:ViceroyTrace] VCMediaStream [NOTICE] -[VCMediaStream setRtcpEnabled:]:2153 VCAudioStream[0x77d8773000] -[VCMediaStream setRtcpEnabled:] rtcpEnabled[0]
2026-07-15 11:13:09.257 Df avconferenced[1230:263cfa] [com.apple.AVConference:ViceroyTrace] VCMediaStream [NOTICE] -[VCMediaStream setRtcpEnabled:]:2153 VCAudioStream[0x77d8772800] -[VCMediaStream setRtcpEnabled:] rtcpEnabled[0]
2026-07-15 11:13:09.257 Df avconferenced[1230:263cfa] [com.apple.AVConference:ViceroyTrace] VCMediaStream [NOTICE] -[VCMediaStream setRtcpEnabled:]:2153 VCAudioStream[0x77d8773000] -[VCMediaStream setRtcpEnabled:] rtcpEnabled[0]
2026-07-15 11:13:09.345 Df avconferenced[1230:262cc9] [com.apple.AVConference:ViceroyTrace] VCAudioStream [NOTICE] _VCAudioStream_CheckAbnormalOWRDAndResetLagReference:466 (0x77d51dc800) RTT=0.092, TxBW=1902358b/sec, PLR=0.00%, PLaMR=16.99%
2026-07-15 11:13:09.370 Df avconferenced[1230:263cef] [com.apple.AVConference:ViceroyTrace] VCMediaStream [NOTICE] -[VCMediaStream setRtcpEnabled:]:2153 VCAudioStream[0x77d8772800] -[VCMediaStream setRtcpEnabled:] rtcpEnabled[0]
2026-07-15 11:13:09.370 Df avconferenced[1230:263cef] [com.apple.AVConference:ViceroyTrace] VCMediaStream [NOTICE] -[VCMediaStream setRtcpEnabled:]:2153 VCAudioStream[0x77d8773000] -[VCMediaStream setRtcpEnabled:] rtcpEnabled[0]
2026-07-15 11:13:09.385 Df avconferenced[1230:262cc9] [com.apple.AVConference:ViceroyTrace] VCAudioStream [NOTICE] _VCAudioStream_CheckAbnormalOWRDAndResetLagReference:466 (0x77d51dc800) RTT=0.103, TxBW=1949000b/sec, PLR=0.00%, PLaMR=16.99%
2026-07-15 11:13:10.405 Df avconferenced[1230:262cc9] [com.apple.AVConference:ViceroyTrace] VCAudioStream [NOTICE] _VCAudioStream_CheckAbnormalOWRDAndResetLagReference:466 (0x77d51dc800) RTT=0.092, TxBW=1949000b/sec, PLR=0.00%, PLaMR=16.99%
2026-07-15 11:13:10.425 Df avconferenced[1230:262cc9] [com.apple.AVConference:ViceroyTrace] VCAudioStream [NOTICE] _VCAudioStream_CheckAbnormalOWRDAndResetLagReference:466 (0x77d51dc800) RTT=0.107, TxBW=1949000b/sec, PLR=0.00%, PLaMR=16.99%
2026-07-15 11:13:10.846 Df avconferenced[1230:2626c9] [com.apple.AVConference:ViceroyTrace] [NOTICE] -[VCAudioStreamGroupCommon collectAndLogChannelMetrics:averagePower:]:612 streamGroupID=micr participantUUID=C1BAF2CC-1AF1-481B-A511-4AFABC0321DB (0x77e52ac8c0) Health Monitor for Audio Stream Send Group streamID=0 audio=127kbps VCAudioIO=0x77d548ca00 procsCount=8096 averagePower=-26.035959 state=2 noVoiceActivityPacketCount=0
2026-07-15 11:13:10.846 Df avconferenced[1230:2626c9] [com.apple.AVConference:ViceroyTrace] [NOTICE] -[VCAudioStreamGroupCommon collectAndLogChannelMetrics:averagePower:]:612 streamGroupID=micr participantUUID=2D2ABE74-AEC4-49D1-8031-D358ACF241F4 (0x77e52ad6c0) Health Monitor for Audio Stream Receive Group streamID=65365 audio=54kbps VCAudioIO=0x77d5496200 procsCount=8094 averagePower=-93.795792 state=2 noVoiceActivityPacketCount=0
2026-07-15 11:13:10.846 Df avconferenced[1230:2626c9] [com.apple.AVConference:ViceroyTrace] [NOTICE] -[VCAudioStreamReceiveGroup collectAndLogChannelMetrics:]:165 @=@ Health: VCAudioStreamReceiveGroup self=0x77e26def80 streamGroupID=micr participantUUID=2D2ABE74-AEC4-49D1-8031-D358ACF241F4 speakerProcsCalled=8094, averageOutputPower=-93.795792, syncTargetCalled=16182
2026-07-15 11:13:10.846 Df avconferenced[1230:2626c9] [com.apple.AVConference:ViceroyTrace] [NOTICE] -[VCAudioStreamGroupCommon collectAndLogChannelMetrics:averagePower:]:612 streamGroupID=micr participantUUID=2D2ABE74-AEC4-49D1-8031-D358ACF241F4 (0x77e52ad6c0) Health Monitor for Audio Stream Receive Group streamID=65365 audio=54kbps VCAudioIO=0x77d5496200 procsCount=8094 averagePower=-93.795792 state=2 noVoiceActivityPacketCount=0
2026-07-15 11:13:10.846 Df avconferenced[1230:2626c9] [com.apple.AVConference:ViceroyTrace] [NOTICE] -[VCAudioStreamReceiveGroup collectAndLogChannelMetrics:]:165 @=@ Health: VCAudioStreamReceiveGroup self=0x77e26def80 streamGroupID=micr participantUUID=2D2ABE74-AEC4-49D1-8031-D358ACF241F4 speakerProcsCalled=8094, averageOutputPower=-93.795792, syncTargetCalled=16182
2026-07-15 11:13:10.847 Df avconferenced[1230:263113] [com.apple.AVConference:ViceroyTrace] VCAudioReceiver [NOTICE] _VCAudioReceiver_CalculateAndReportRTPMetrics:660 @=@ Health: VCAudioReceiver VCAudioReceiver[0x77d9182000] ParticipantID=2D2ABE74-AEC4-49D1-8031-D358ACF241F4 erasure percentage=0.00% PLR percentage=10.34% current percentage:0.00% (rec:190 exp:190, loss:0) receiver(rtp=380, bb=0, unk=0, dup=190, drop=0) jb(enc=754, drop=0) infobuf(rec=5558, exp:62836, drec=5545, dexp=62823)
2026-07-15 11:13:10.847 Df avconferenced[1230:263113] [com.apple.AVConference:ViceroyTrace] VCAudioReceiver [NOTICE] _VCAudioReceiver_RegisterReportingTask_block_invoke_2:851 @=@ Health: VCAudioReceiver VCAudioReceiver[0x77d9182000] audioRxBitrate=103kbps, primaryAudioRxRate=82kbps payload=113 streamID=0 redReceivedBitrate=57kbps totalPacketsReceived=5547 mediaBitrateNoRed=25kbps redPlayedRate=0kbps redDiscardedRate=57kbps
2026-07-15 11:13:10.847 Df avconferenced[1230:263113] [com.apple.AVConference:ViceroyTrace] [NOTICE] -[VCAudioTransmitter gatherRealtimeStats:]:772 @=@ Health: VCAudioTransmitter [0x77e26fa800] audioTxBitrate=127kbps, audioFecTx=4.000000, primaryAudioTxRate=24kbps, audioStreamRedundancyLevel=3, _qualityIndex=0, payload=113, totalPacketsSent=7317 streamIDsCount=0 _targetBitrate=120000 _currentTargetBitrate=120000 _supportsAdaptation=1 audioTxRedRate=78kbps
2026-07-15 11:13:11.445 Df avconferenced[1230:262cc9] [com.apple.AVConference:ViceroyTrace] VCAudioStream [NOTICE] _VCAudioStream_CheckAbnormalOWRDAndResetLagReference:466 (0x77d51dc800) RTT=0.094, TxBW=1949000b/sec, PLR=0.00%, PLaMR=11.89%
2026-07-15 11:13:11.465 Df avconferenced[1230:262cc9] [com.apple.AVConference:ViceroyTrace] VCAudioStream [NOTICE] _VCAudioStream_CheckAbnormalOWRDAndResetLagReference:466 (0x77d51dc800) RTT=0.101, TxBW=1949000b/sec, PLR=0.00%, PLaMR=11.89%
2026-07-15 11:13:12.003 Df audioaccessoryd[1042:26289e] [com.apple.bluetooth:BTSmartRoutingDaemon] AudioStateSnapshot: BtState PoweredOn Route Bluetooth App com.apple.avconferenced, Score 501, Remote 0 NumofApp 3
2026-07-15 11:13:12.486 Df avconferenced[1230:262cc9] [com.apple.AVConference:ViceroyTrace] VCAudioStream [NOTICE] _VCAudioStream_CheckAbnormalOWRDAndResetLagReference:466 (0x77d51dc800) RTT=0.088, TxBW=1949000b/sec, PLR=0.00%, PLaMR=11.89%
2026-07-15 11:13:12.525 Df avconferenced[1230:262cc9] [com.apple.AVConference:ViceroyTrace] VCAudioStream [NOTICE] _VCAudioStream_CheckAbnormalOWRDAndResetLagReference:466 (0x77d51dc800) RTT=0.103, TxBW=1949000b/sec, PLR=0.00%, PLaMR=11.89%
2026-07-15 11:13:13.545 Df avconferenced[1230:262cc9] [com.apple.AVConference:ViceroyTrace] VCAudioStream [NOTICE] _VCAudioStream_CheckAbnormalOWRDAndResetLagReference:466 (0x77d51dc800) RTT=0.092, TxBW=1949000b/sec, PLR=0.00%, PLaMR=11.89%
2026-07-15 11:13:13.565 Df avconferenced[1230:262cc9] [com.apple.AVConference:ViceroyTrace] VCAudioStream [NOTICE] _VCAudioStream_CheckAbnormalOWRDAndResetLagReference:466 (0x77d51dc800) RTT=0.108, TxBW=1949000b/sec, PLR=0.00%, PLaMR=11.89%
2026-07-15 11:13:14.566 Df avconferenced[1230:262cc9] [com.apple.AVConference:ViceroyTrace] VCAudioStream [NOTICE] _VCAudioStream_CheckAbnormalOWRDAndResetLagReference:466 (0x77d51dc800) RTT=0.093, TxBW=1949000b/sec, PLR=0.00%, PLaMR=11.89%
2026-07-15 11:13:14.625 Df avconferenced[1230:262cc9] [com.apple.AVConference:ViceroyTrace] VCAudioStream [NOTICE] _VCAudioStream_CheckAbnormalOWRDAndResetLagReference:466 (0x77d51dc800) RTT=0.104, TxBW=1949000b/sec, PLR=0.00%, PLaMR=11.89%
2026-07-15 11:13:15.003 Df audioaccessoryd[1042:26289e] [com.apple.bluetooth:BTSmartRoutingDaemon] AudioStateSnapshot: BtState PoweredOn Route Bluetooth App com.apple.avconferenced, Score 501, Remote 0 NumofApp 3
2026-07-15 11:13:15.625 Df avconferenced[1230:262cc9] [com.apple.AVConference:ViceroyTrace] VCAudioStream [NOTICE] _VCAudioStream_CheckAbnormalOWRDAndResetLagReference:466 (0x77d51dc800) RTT=0.093, TxBW=1949000b/sec, PLR=0.00%, PLaMR=11.89%
2026-07-15 11:13:15.665 Df avconferenced[1230:262cc9] [com.apple.AVConference:ViceroyTrace] VCAudioStream [NOTICE] _VCAudioStream_CheckAbnormalOWRDAndResetLagReference:466 (0x77d51dc800) RTT=0.104, TxBW=1949000b/sec, PLR=0.00%, PLaMR=11.89%
2026-07-15 11:13:15.828 Df avconferenced[1230:2639a3] [com.apple.AVConference:ViceroyTrace] [NOTICE] -[VCAudioStreamGroupCommon collectAndLogChannelMetrics:averagePower:]:612 streamGroupID=micr participantUUID=C1BAF2CC-1AF1-481B-A511-4AFABC0321DB (0x77e52ac8c0) Health Monitor for Audio Stream Send Group streamID=0 audio=127kbps VCAudioIO=0x77d548ca00 procsCount=8346 averagePower=-26.839296 state=2 noVoiceActivityPacketCount=0
2026-07-15 11:13:15.829 Df avconferenced[1230:2639a3] [com.apple.AVConference:ViceroyTrace] [NOTICE] -[VCAudioStreamGroupCommon collectAndLogChannelMetrics:averagePower:]:612 streamGroupID=micr participantUUID=2D2ABE74-AEC4-49D1-8031-D358ACF241F4 (0x77e52ad6c0) Health Monitor for Audio Stream Receive Group streamID=65365 audio=103kbps VCAudioIO=0x77d5496200 procsCount=8343 averagePower=-94.172218 state=2 noVoiceActivityPacketCount=0
2026-07-15 11:13:15.829 Df avconferenced[1230:2639a3] [com.apple.AVConference:ViceroyTrace] [NOTICE] -[VCAudioStreamReceiveGroup collectAndLogChannelMetrics:]:165 @=@ Health: VCAudioStreamReceiveGroup self=0x77e26def80 streamGroupID=micr participantUUID=2D2ABE74-AEC4-49D1-8031-D358ACF241F4 speakerProcsCalled=8343, averageOutputPower=-94.172218, syncTargetCalled=16680
2026-07-15 11:13:15.829 Df avconferenced[1230:2639a3] [com.apple.AVConference:ViceroyTrace] [NOTICE] -[VCAudioStreamGroupCommon collectAndLogChannelMetrics:averagePower:]:612 streamGroupID=micr participantUUID=2D2ABE74-AEC4-49D1-8031-D358ACF241F4 (0x77e52ad6c0) Health Monitor for Audio Stream Receive Group streamID=65365 audio=103kbps VCAudioIO=0x77d5496200 procsCount=8343 averagePower=-94.172218 state=2 noVoiceActivityPacketCount=0
2026-07-15 11:13:15.829 Df avconferenced[1230:2639a3] [com.apple.AVConference:ViceroyTrace] [NOTICE] -[VCAudioStreamReceiveGroup collectAndLogChannelMetrics:]:165 @=@ Health: VCAudioStreamReceiveGroup self=0x77e26def80 streamGroupID=micr participantUUID=2D2ABE74-AEC4-49D1-8031-D358ACF241F4 speakerProcsCalled=8343, averageOutputPower=-94.172218, syncTargetCalled=16680
2026-07-15 11:13:15.829 Df avconferenced[1230:2639a3] [com.apple.AVConference:ViceroyTrace] VCAudioReceiver [NOTICE] _VCAudioReceiver_CalculateAndReportRTPMetrics:660 @=@ Health: VCAudioReceiver VCAudioReceiver[0x77d9182000] ParticipantID=2D2ABE74-AEC4-49D1-8031-D358ACF241F4 erasure percentage=0.00% PLR percentage=5.17% current percentage:0.00% (rec:249 exp:249, loss:0) receiver(rtp=498, bb=0, unk=0, dup=249, drop=0) jb(enc=996, drop=0) infobuf(rec=5807, exp:63085, drec=5795, dexp=63073)
2026-07-15 11:13:15.829 Df avconferenced[1230:2639a3] [com.apple.AVConference:ViceroyTrace] VCAudioReceiver [NOTICE] _VCAudioReceiver_RegisterReportingTask_block_invoke_2:851 @=@ Health: VCAudioReceiver VCAudioReceiver[0x77d9182000] audioRxBitrate=131kbps, primaryAudioRxRate=103kbps payload=113 streamID=0 redReceivedBitrate=72kbps totalPacketsReceived=5796 mediaBitrateNoRed=31kbps redPlayedRate=0kbps redDiscardedRate=72kbps
2026-07-15 11:13:15.829 Df avconferenced[1230:262006] [com.apple.AVConference:ViceroyTrace] [NOTICE] -[VCAudioTransmitter gatherRealtimeStats:]:772 @=@ Health: VCAudioTransmitter [0x77e26fa800] audioTxBitrate=128kbps, audioFecTx=4.000000, primaryAudioTxRate=24kbps, audioStreamRedundancyLevel=3, _qualityIndex=0, payload=113, totalPacketsSent=7567 streamIDsCount=0 _targetBitrate=120000 _currentTargetBitrate=120000 _supportsAdaptation=1 audioTxRedRate=79kbps
2026-07-15 11:13:16.106 Df coreaudiod[843:263dea] [com.apple.coreaudio:aid] IssueReporting.cpp:490 RTAID [ use_case=Generic report_type=RMS Generic Chain clientID=ADM node=ADM::com.apple.avconferenced_1090.1100.0_airpods noise suppression studio::in-0 issue_detected_sample_time=0.000000 ] -- [ rms:[-26.110989], peaks:[-7.349720] ]
2026-07-15 11:13:16.106 Df coreaudiod[843:263dea] [com.apple.coreaudio:aid] IssueReporting.cpp:490 RTAID [ use_case=Generic report_type=RMS Generic Chain clientID=ADM node=ADM::com.apple.avconferenced_1090.1100.0_airpods noise suppression studio::out-0 issue_detected_sample_time=2880480.000000 ] -- [ rms:[-20.284651], peaks:[-2.937382] ]
2026-07-15 11:13:16.665 Df avconferenced[1230:262cc9] [com.apple.AVConference:ViceroyTrace] VCAudioStream [NOTICE] _VCAudioStream_CheckAbnormalOWRDAndResetLagReference:466 (0x77d51dc800) RTT=0.090, TxBW=1949000b/sec, PLR=0.00%, PLaMR=8.32%
2026-07-15 11:13:16.725 Df avconferenced[1230:262cc9] [com.apple.AVConference:ViceroyTrace] VCAudioStream [NOTICE] _VCAudioStream_CheckAbnormalOWRDAndResetLagReference:466 (0x77d51dc800) RTT=0.102, TxBW=1949000b/sec, PLR=0.00%, PLaMR=8.32%
2026-07-15 11:13:17.745 Df avconferenced[1230:262cc9] [com.apple.AVConference:ViceroyTrace] VCAudioStream [NOTICE] _VCAudioStream_CheckAbnormalOWRDAndResetLagReference:466 (0x77d51dc800) RTT=0.102, TxBW=1949000b/sec, PLR=0.00%, PLaMR=8.32%
2026-07-15 11:13:17.765 Df avconferenced[1230:262cc9] [com.apple.AVConference:ViceroyTrace] VCAudioStream [NOTICE] _VCAudioStream_CheckAbnormalOWRDAndResetLagReference:466 (0x77d51dc800) RTT=0.112, TxBW=1949000b/sec, PLR=0.00%, PLaMR=8.32%
2026-07-15 11:13:18.003 Df audioaccessoryd[1042:264131] [com.apple.bluetooth:BTSmartRoutingDaemon] AudioStateSnapshot: BtState PoweredOn Route Bluetooth App com.apple.avconferenced, Score 501, Remote 0 NumofApp 3
2026-07-15 11:13:18.307 Df audioaccessoryd[1042:264131] [com.apple.bluetooth:BTSmartRoutingDaemon] inputDeviceChange, Wx addr found CC:22:FE:90:F0:98
2026-07-15 11:13:18.310 Df audioaccessoryd[1042:264131] [com.apple.bluetooth:BTSmartRoutingDaemon] inputDeviceChange, Wx addr found CC:22:FE:90:F0:98
2026-07-15 11:13:18.335 Df audioaccessoryd[1042:262d2e] [com.apple.bluetooth:BTSmartRoutingDaemon] inputDeviceChange, Wx addr found CC:22:FE:90:F0:98
2026-07-15 11:13:18.341 Df audioaccessoryd[1042:262d2e] [com.apple.bluetooth:BTSmartRoutingDaemon] inputDeviceChange, Wx addr found CC:22:FE:90:F0:98
2026-07-15 11:13:18.785 Df avconferenced[1230:262cc9] [com.apple.AVConference:ViceroyTrace] VCAudioStream [NOTICE] _VCAudioStream_CheckAbnormalOWRDAndResetLagReference:466 (0x77d51dc800) RTT=0.102, TxBW=1949000b/sec, PLR=0.00%, PLaMR=8.32%
2026-07-15 11:13:18.825 Df avconferenced[1230:262cc9] [com.apple.AVConference:ViceroyTrace] VCAudioStream [NOTICE] _VCAudioStream_CheckAbnormalOWRDAndResetLagReference:466 (0x77d51dc800) RTT=0.117, TxBW=1949000b/sec, PLR=0.00%, PLaMR=8.32%
2026-07-15 11:13:19.845 Df avconferenced[1230:262cc9] [com.apple.AVConference:ViceroyTrace] VCAudioStream [NOTICE] _VCAudioStream_CheckAbnormalOWRDAndResetLagReference:466 (0x77d51dc800) RTT=0.111, TxBW=1949000b/sec, PLR=0.00%, PLaMR=8.32%
2026-07-15 11:13:19.865 Df avconferenced[1230:262cc9] [com.apple.AVConference:ViceroyTrace] VCAudioStream [NOTICE] _VCAudioStream_CheckAbnormalOWRDAndResetLagReference:466 (0x77d51dc800) RTT=0.117, TxBW=1949000b/sec, PLR=0.00%, PLaMR=8.32%
2026-07-15 11:13:20.836 Df avconferenced[1230:263113] [com.apple.AVConference:ViceroyTrace] [NOTICE] -[VCAudioStreamGroupCommon collectAndLogChannelMetrics:averagePower:]:612 streamGroupID=micr participantUUID=C1BAF2CC-1AF1-481B-A511-4AFABC0321DB (0x77e52ac8c0) Health Monitor for Audio Stream Send Group streamID=0 audio=128kbps VCAudioIO=0x77d548ca00 procsCount=8596 averagePower=-90.730133 state=2 noVoiceActivityPacketCount=0
2026-07-15 11:13:20.836 Df avconferenced[1230:263113] [com.apple.AVConference:ViceroyTrace] [NOTICE] -[VCAudioStreamGroupCommon collectAndLogChannelMetrics:averagePower:]:612 streamGroupID=micr participantUUID=2D2ABE74-AEC4-49D1-8031-D358ACF241F4 (0x77e52ad6c0) Health Monitor for Audio Stream Receive Group streamID=65365 audio=131kbps VCAudioIO=0x77d5496200 procsCount=8593 averagePower=-90.379631 state=2 noVoiceActivityPacketCount=0
2026-07-15 11:13:20.836 Df avconferenced[1230:263113] [com.apple.AVConference:ViceroyTrace] [NOTICE] -[VCAudioStreamReceiveGroup collectAndLogChannelMetrics:]:165 @=@ Health: VCAudioStreamReceiveGroup self=0x77e26def80 streamGroupID=micr participantUUID=2D2ABE74-AEC4-49D1-8031-D358ACF241F4 speakerProcsCalled=8593, averageOutputPower=-90.379631, syncTargetCalled=17180
2026-07-15 11:13:20.836 Df avconferenced[1230:263113] [com.apple.AVConference:ViceroyTrace] [NOTICE] -[VCAudioStreamGroupCommon collectAndLogChannelMetrics:averagePower:]:612 streamGroupID=micr participantUUID=2D2ABE74-AEC4-49D1-8031-D358ACF241F4 (0x77e52ad6c0) Health Monitor for Audio Stream Receive Group streamID=65365 audio=131kbps VCAudioIO=0x77d5496200 procsCount=8593 averagePower=-90.379631 state=2 noVoiceActivityPacketCount=0
2026-07-15 11:13:20.836 Df avconferenced[1230:263113] [com.apple.AVConference:ViceroyTrace] [NOTICE] -[VCAudioStreamReceiveGroup collectAndLogChannelMetrics:]:165 @=@ Health: VCAudioStreamReceiveGroup self=0x77e26def80 streamGroupID=micr participantUUID=2D2ABE74-AEC4-49D1-8031-D358ACF241F4 speakerProcsCalled=8593, averageOutputPower=-90.379631, syncTargetCalled=17180
2026-07-15 11:13:20.836 Df avconferenced[1230:2639a3] [com.apple.AVConference:ViceroyTrace] VCAudioReceiver [NOTICE] _VCAudioReceiver_CalculateAndReportRTPMetrics:660 @=@ Health: VCAudioReceiver VCAudioReceiver[0x77d9182000] ParticipantID=2D2ABE74-AEC4-49D1-8031-D358ACF241F4 erasure percentage=0.00% PLR percentage=2.58% current percentage:0.00% (rec:240 exp:240, loss:0) receiver(rtp=480, bb=0, unk=0, dup=240, drop=0) jb(enc=960, drop=0) infobuf(rec=6047, exp:63325, drec=6034, dexp=63312)
2026-07-15 11:13:20.836 Df avconferenced[1230:2639a3] [com.apple.AVConference:ViceroyTrace] VCAudioReceiver [NOTICE] _VCAudioReceiver_RegisterReportingTask_block_invoke_2:851 @=@ Health: VCAudioReceiver VCAudioReceiver[0x77d9182000] audioRxBitrate=125kbps, primaryAudioRxRate=99kbps payload=113 streamID=0 redReceivedBitrate=69kbps totalPacketsReceived=6036 mediaBitrateNoRed=30kbps redPlayedRate=0kbps redDiscardedRate=69kbps
2026-07-15 11:13:20.836 Df avconferenced[1230:2639a3] [com.apple.AVConference:ViceroyTrace] [NOTICE] -[VCAudioTransmitter gatherRealtimeStats:]:772 @=@ Health: VCAudioTransmitter [0x77e26fa800] audioTxBitrate=127kbps, audioFecTx=4.000000, primaryAudioTxRate=24kbps, audioStreamRedundancyLevel=3, _qualityIndex=0, payload=113, totalPacketsSent=7817 streamIDsCount=0 _targetBitrate=120000 _currentTargetBitrate=120000 _supportsAdaptation=1 audioTxRedRate=78kbps
2026-07-15 11:13:20.885 Df avconferenced[1230:262cc9] [com.apple.AVConference:ViceroyTrace] VCAudioStream [NOTICE] _VCAudioStream_CheckAbnormalOWRDAndResetLagReference:466 (0x77d51dc800) RTT=0.159, TxBW=1949000b/sec, PLR=0.00%, PLaMR=5.83%
2026-07-15 11:13:20.905 Df avconferenced[1230:262cc9] [com.apple.AVConference:ViceroyTrace] VCAudioStream [NOTICE] _VCAudioStream_CheckAbnormalOWRDAndResetLagReference:466 (0x77d51dc800) RTT=0.211, TxBW=1949000b/sec, PLR=0.00%, PLaMR=5.83%
2026-07-15 11:13:21.009 Df audioaccessoryd[1042:26289e] [com.apple.bluetooth:BTSmartRoutingDaemon] AudioStateSnapshot: BtState PoweredOn Route Bluetooth App com.apple.avconferenced, Score 501, Remote 0 NumofApp 3
2026-07-15 11:13:21.925 Df avconferenced[1230:262cc9] [com.apple.AVConference:ViceroyTrace] VCAudioStream [NOTICE] _VCAudioStream_CheckAbnormalOWRDAndResetLagReference:466 (0x77d51dc800) RTT=0.138, TxBW=1949000b/sec, PLR=0.00%, PLaMR=5.83%
2026-07-15 11:13:21.965 Df avconferenced[1230:262cc9] [com.apple.AVConference:ViceroyTrace] VCAudioStream [NOTICE] _VCAudioStream_CheckAbnormalOWRDAndResetLagReference:466 (0x77d51dc800) RTT=0.145, TxBW=1949000b/sec, PLR=0.00%, PLaMR=5.83%
2026-07-15 11:13:22.966 Df avconferenced[1230:262cc9] [com.apple.AVConference:ViceroyTrace] VCAudioStream [NOTICE] _VCAudioStream_CheckAbnormalOWRDAndResetLagReference:466 (0x77d51dc800) RTT=0.130, TxBW=1949000b/sec, PLR=0.00%, PLaMR=5.83%
2026-07-15 11:13:23.005 Df avconferenced[1230:262cc9] [com.apple.AVConference:ViceroyTrace] VCAudioStream [NOTICE] _VCAudioStream_CheckAbnormalOWRDAndResetLagReference:466 (0x77d51dc800) RTT=0.139, TxBW=1949000b/sec, PLR=0.00%, PLaMR=5.83%
2026-07-15 11:13:24.003 Df audioaccessoryd[1042:264131] [com.apple.bluetooth:BTSmartRoutingDaemon] AudioStateSnapshot: BtState PoweredOn Route Bluetooth App com.apple.avconferenced, Score 501, Remote 0 NumofApp 3
2026-07-15 11:13:24.005 Df avconferenced[1230:262cc9] [com.apple.AVConference:ViceroyTrace] VCAudioStream [NOTICE] _VCAudioStream_CheckAbnormalOWRDAndResetLagReference:466 (0x77d51dc800) RTT=0.119, TxBW=1949000b/sec, PLR=0.00%, PLaMR=5.83%
2026-07-15 11:13:24.065 Df avconferenced[1230:262cc9] [com.apple.AVConference:ViceroyTrace] VCAudioStream [NOTICE] _VCAudioStream_CheckAbnormalOWRDAndResetLagReference:466 (0x77d51dc800) RTT=0.130, TxBW=1949000b/sec, PLR=0.00%, PLaMR=5.83%
2026-07-15 11:13:25.085 Df avconferenced[1230:262cc9] [com.apple.AVConference:ViceroyTrace] VCAudioStream [NOTICE] _VCAudioStream_CheckAbnormalOWRDAndResetLagReference:466 (0x77d51dc800) RTT=0.114, TxBW=1949000b/sec, PLR=0.00%, PLaMR=5.83%
2026-07-15 11:13:25.105 Df avconferenced[1230:262cc9] [com.apple.AVConference:ViceroyTrace] VCAudioStream [NOTICE] _VCAudioStream_CheckAbnormalOWRDAndResetLagReference:466 (0x77d51dc800) RTT=0.136, TxBW=1949000b/sec, PLR=0.00%, PLaMR=5.83%
2026-07-15 11:13:25.811 Df avconferenced[1230:262006] [com.apple.AVConference:ViceroyTrace] [NOTICE] -[VCAudioStreamGroupCommon collectAndLogChannelMetrics:averagePower:]:612 streamGroupID=micr participantUUID=C1BAF2CC-1AF1-481B-A511-4AFABC0321DB (0x77e52ac8c0) Health Monitor for Audio Stream Send Group streamID=0 audio=127kbps VCAudioIO=0x77d548ca00 procsCount=8845 averagePower=-18.740976 state=2 noVoiceActivityPacketCount=0
2026-07-15 11:13:25.811 Df avconferenced[1230:262006] [com.apple.AVConference:ViceroyTrace] [NOTICE] -[VCAudioStreamGroupCommon collectAndLogChannelMetrics:averagePower:]:612 streamGroupID=micr participantUUID=2D2ABE74-AEC4-49D1-8031-D358ACF241F4 (0x77e52ad6c0) Health Monitor for Audio Stream Receive Group streamID=65365 audio=125kbps VCAudioIO=0x77d5496200 procsCount=8842 averagePower=-93.381866 state=2 noVoiceActivityPacketCount=0
2026-07-15 11:13:25.811 Df avconferenced[1230:262006] [com.apple.AVConference:ViceroyTrace] [NOTICE] -[VCAudioStreamReceiveGroup collectAndLogChannelMetrics:]:165 @=@ Health: VCAudioStreamReceiveGroup self=0x77e26def80 streamGroupID=micr participantUUID=2D2ABE74-AEC4-49D1-8031-D358ACF241F4 speakerProcsCalled=8842, averageOutputPower=-93.381866, syncTargetCalled=17678
2026-07-15 11:13:25.811 Df avconferenced[1230:262006] [com.apple.AVConference:ViceroyTrace] [NOTICE] -[VCAudioStreamGroupCommon collectAndLogChannelMetrics:averagePower:]:612 streamGroupID=micr participantUUID=2D2ABE74-AEC4-49D1-8031-D358ACF241F4 (0x77e52ad6c0) Health Monitor for Audio Stream Receive Group streamID=65365 audio=125kbps VCAudioIO=0x77d5496200 procsCount=8842 averagePower=-93.381866 state=2 noVoiceActivityPacketCount=0
2026-07-15 11:13:25.811 Df avconferenced[1230:262006] [com.apple.AVConference:ViceroyTrace] [NOTICE] -[VCAudioStreamReceiveGroup collectAndLogChannelMetrics:]:165 @=@ Health: VCAudioStreamReceiveGroup self=0x77e26def80 streamGroupID=micr participantUUID=2D2ABE74-AEC4-49D1-8031-D358ACF241F4 speakerProcsCalled=8842, averageOutputPower=-93.381866, syncTargetCalled=17678
2026-07-15 11:13:25.811 Df avconferenced[1230:263113] [com.apple.AVConference:ViceroyTrace] VCAudioReceiver [NOTICE] _VCAudioReceiver_CalculateAndReportRTPMetrics:660 @=@ Health: VCAudioReceiver VCAudioReceiver[0x77d9182000] ParticipantID=2D2ABE74-AEC4-49D1-8031-D358ACF241F4 erasure percentage=0.00% PLR percentage=1.29% current percentage:0.00% (rec:259 exp:259, loss:0) receiver(rtp=518, bb=0, unk=0, dup=259, drop=0) jb(enc=955, drop=0) infobuf(rec=6306, exp:63584, drec=6290, dexp=63568)
2026-07-15 11:13:25.811 Df avconferenced[1230:263113] [com.apple.AVConference:ViceroyTrace] VCAudioReceiver [NOTICE] _VCAudioReceiver_RegisterReportingTask_block_invoke_2:851 @=@ Health: VCAudioReceiver VCAudioReceiver[0x77d9182000] audioRxBitrate=128kbps, primaryAudioRxRate=99kbps payload=113 streamID=0 redReceivedBitrate=67kbps totalPacketsReceived=6295 mediaBitrateNoRed=31kbps redPlayedRate=0kbps redDiscardedRate=67kbps
2026-07-15 11:13:25.812 Df avconferenced[1230:2639a3] [com.apple.AVConference:ViceroyTrace] [NOTICE] -[VCAudioTransmitter gatherRealtimeStats:]:772 @=@ Health: VCAudioTransmitter [0x77e26fa800] audioTxBitrate=128kbps, audioFecTx=4.000000, primaryAudioTxRate=24kbps, audioStreamRedundancyLevel=3, _qualityIndex=0, payload=113, totalPacketsSent=8066 streamIDsCount=0 _targetBitrate=120000 _currentTargetBitrate=120000 _supportsAdaptation=1 audioTxRedRate=78kbps
2026-07-15 11:13:26.103 Df coreaudiod[843:26438a] [com.apple.coreaudio:aid] IssueReporting.cpp:490 RTAID [ use_case=Generic report_type=RMS Generic Chain clientID=ADM node=ADM::com.apple.avconferenced_1090.1100.0_airpods noise suppression studio::in-0 issue_detected_sample_time=0.000000 ] -- [ rms:[-25.928047], peaks:[-4.484002] ]
2026-07-15 11:13:26.105 Df coreaudiod[843:26438a] [com.apple.coreaudio:aid] IssueReporting.cpp:490 RTAID [ use_case=Generic report_type=RMS Generic Chain clientID=ADM node=ADM::com.apple.avconferenced_1090.1100.0_airpods noise suppression studio::out-0 issue_detected_sample_time=3120480.000000 ] -- [ rms:[-20.254528], peaks:[-0.792974] ]
2026-07-15 11:13:26.105 Df avconferenced[1230:262cc9] [com.apple.AVConference:ViceroyTrace] VCAudioStream [NOTICE] _VCAudioStream_CheckAbnormalOWRDAndResetLagReference:466 (0x77d51dc800) RTT=0.136, TxBW=1949000b/sec, PLR=0.00%, PLaMR=4.08%
2026-07-15 11:13:26.165 Df avconferenced[1230:262cc9] [com.apple.AVConference:ViceroyTrace] VCAudioStream [NOTICE] _VCAudioStream_CheckAbnormalOWRDAndResetLagReference:466 (0x77d51dc800) RTT=0.242, TxBW=1949000b/sec, PLR=0.00%, PLaMR=4.08%
2026-07-15 11:13:27.003 Df audioaccessoryd[1042:264131] [com.apple.bluetooth:BTSmartRoutingDaemon] AudioStateSnapshot: BtState PoweredOn Route Bluetooth App com.apple.avconferenced, Score 501, Remote 0 NumofApp 3
2026-07-15 11:13:27.185 Df avconferenced[1230:262cc9] [com.apple.AVConference:ViceroyTrace] VCAudioStream [NOTICE] _VCAudioStream_CheckAbnormalOWRDAndResetLagReference:466 (0x77d51dc800) RTT=0.155, TxBW=1949000b/sec, PLR=0.00%, PLaMR=4.08%
2026-07-15 11:13:27.206 Df avconferenced[1230:262cc9] [com.apple.AVConference:ViceroyTrace] VCAudioStream [NOTICE] _VCAudioStream_CheckAbnormalOWRDAndResetLagReference:466 (0x77d51dc800) RTT=0.175, TxBW=1949000b/sec, PLR=0.00%, PLaMR=4.08%
2026-07-15 11:13:28.225 Df avconferenced[1230:262cc9] [com.apple.AVConference:ViceroyTrace] VCAudioStream [NOTICE] _VCAudioStream_CheckAbnormalOWRDAndResetLagReference:466 (0x77d51dc800) RTT=0.306, TxBW=1949000b/sec, PLR=0.00%, PLaMR=4.08%
2026-07-15 11:13:28.325 E avconferenced[1230:262cc9] [com.apple.AVConference:ViceroyTrace] VCAudioPlayer [ERROR] _VCAudioPlayer_AddFrameToHistory:1749 (0x77e4f60120) Late packets played=6 currentTimestamp=4465920 currentSeqNum=6699
2026-07-15 11:13:28.325 Df avconferenced[1230:262cc9] [com.apple.AVConference:ViceroyTrace] VCAudioStream [NOTICE] _VCAudioStream_CheckAbnormalOWRDAndResetLagReference:466 (0x77d51dc800) RTT=0.370, TxBW=1949000b/sec, PLR=0.00%, PLaMR=4.08%
2026-07-15 11:13:28.587 Df avconferenced[1230:2620cb] [com.apple.AVConference:ViceroyTrace] [NOTICE] -[VCAudioTransmitter applySelectedTier:newBitrate:duplicationPercent:redundancyPayloadCount:redundancyMaxBlockDelay:]:1243 VCAudioTransmitter(0x77e26fa800) Switching audio bitrate tier payload from=113 to=113 for total tx=120000: netBitrate from=127200 to=101600, bundle from=1 to=1
2026-07-15 11:13:28.588 Df avconferenced[1230:2620cb] [com.apple.AVConference:ViceroyTrace] [NOTICE] -[VCAudioTransmitter updateAudioTxBitrate]:1666 VCAudioTransmitter(0x77e26fa800) Setting audioTxBitrate to 50000, 24000 audio + 26000 ((64/1+1)*24000/480) header for mode=1
2026-07-15 11:13:29.345 Df avconferenced[1230:262cc9] [com.apple.AVConference:ViceroyTrace] VCAudioStream [NOTICE] _VCAudioStream_CheckAbnormalOWRDAndResetLagReference:466 (0x77d51dc800) RTT=0.551, TxBW=1949000b/sec, PLR=0.00%, PLaMR=4.08%
2026-07-15 11:13:29.405 Df avconferenced[1230:262cc9] [com.apple.AVConference:ViceroyTrace] VCAudioStream [NOTICE] _VCAudioStream_CheckAbnormalOWRDAndResetLagReference:466 (0x77d51dc800) RTT=0.570, TxBW=1949000b/sec, PLR=0.00%, PLaMR=4.08%
2026-07-15 11:13:30.003 Df audioaccessoryd[1042:26289e] [com.apple.bluetooth:BTSmartRoutingDaemon] AudioStateSnapshot: BtState PoweredOn Route Bluetooth App com.apple.avconferenced, Score 501, Remote 0 NumofApp 3
2026-07-15 11:13:30.406 Df avconferenced[1230:262cc9] [com.apple.AVConference:ViceroyTrace] VCAudioStream [NOTICE] _VCAudioStream_CheckAbnormalOWRDAndResetLagReference:466 (0x77d51dc800) RTT=0.375, TxBW=1949000b/sec, PLR=0.00%, PLaMR=4.08%
2026-07-15 11:13:30.485 Df avconferenced[1230:262cc9] [com.apple.AVConference:ViceroyTrace] VCAudioStream [NOTICE] _VCAudioStream_CheckAbnormalOWRDAndResetLagReference:466 (0x77d51dc800) RTT=0.368, TxBW=1949000b/sec, PLR=0.00%, PLaMR=4.08%
2026-07-15 11:13:30.819 Df avconferenced[1230:2626c2] [com.apple.AVConference:ViceroyTrace] [NOTICE] -[VCAudioStreamGroupCommon collectAndLogChannelMetrics:averagePower:]:612 streamGroupID=micr participantUUID=C1BAF2CC-1AF1-481B-A511-4AFABC0321DB (0x77e52ac8c0) Health Monitor for Audio Stream Send Group streamID=0 audio=121kbps VCAudioIO=0x77d548ca00 procsCount=9095 averagePower=-26.140785 state=2 noVoiceActivityPacketCount=0
2026-07-15 11:13:30.819 Df avconferenced[1230:2626c2] [com.apple.AVConference:ViceroyTrace] [NOTICE] -[VCAudioStreamGroupCommon collectAndLogChannelMetrics:averagePower:]:612 streamGroupID=micr participantUUID=2D2ABE74-AEC4-49D1-8031-D358ACF241F4 (0x77e52ad6c0) Health Monitor for Audio Stream Receive Group streamID=65365 audio=128kbps VCAudioIO=0x77d5496200 procsCount=9092 averagePower=-93.292656 state=2 noVoiceActivityPacketCount=0
2026-07-15 11:13:30.819 Df avconferenced[1230:2626c2] [com.apple.AVConference:ViceroyTrace] [NOTICE] -[VCAudioStreamReceiveGroup collectAndLogChannelMetrics:]:165 @=@ Health: VCAudioStreamReceiveGroup self=0x77e26def80 streamGroupID=micr participantUUID=2D2ABE74-AEC4-49D1-8031-D358ACF241F4 speakerProcsCalled=9092, averageOutputPower=-93.292656, syncTargetCalled=18178
2026-07-15 11:13:30.819 Df avconferenced[1230:2626c2] [com.apple.AVConference:ViceroyTrace] [NOTICE] -[VCAudioStreamGroupCommon collectAndLogChannelMetrics:averagePower:]:612 streamGroupID=micr participantUUID=2D2ABE74-AEC4-49D1-8031-D358ACF241F4 (0x77e52ad6c0) Health Monitor for Audio Stream Receive Group streamID=65365 audio=128kbps VCAudioIO=0x77d5496200 procsCount=9092 averagePower=-93.292656 state=2 noVoiceActivityPacketCount=0
2026-07-15 11:13:30.819 Df avconferenced[1230:2626c2] [com.apple.AVConference:ViceroyTrace] [NOTICE] -[VCAudioStreamReceiveGroup collectAndLogChannelMetrics:]:165 @=@ Health: VCAudioStreamReceiveGroup self=0x77e26def80 streamGroupID=micr participantUUID=2D2ABE74-AEC4-49D1-8031-D358ACF241F4 speakerProcsCalled=9092, averageOutputPower=-93.292656, syncTargetCalled=18178
2026-07-15 11:13:30.819 Df avconferenced[1230:262006] [com.apple.AVConference:ViceroyTrace] VCAudioReceiver [NOTICE] _VCAudioReceiver_CalculateAndReportRTPMetrics:660 @=@ Health: VCAudioReceiver VCAudioReceiver[0x77d9182000] ParticipantID=2D2ABE74-AEC4-49D1-8031-D358ACF241F4 erasure percentage=0.00% PLR percentage=0.65% current percentage:0.00% (rec:244 exp:244, loss:0) receiver(rtp=487, bb=0, unk=0, dup=243, drop=0) jb(enc=732, drop=0) infobuf(rec=6550, exp:63828, drec=6526, dexp=63804)
2026-07-15 11:13:30.819 Df avconferenced[1230:262006] [com.apple.AVConference:ViceroyTrace] VCAudioReceiver [NOTICE] _VCAudioReceiver_RegisterReportingTask_block_invoke_2:851 @=@ Health: VCAudioReceiver VCAudioReceiver[0x77d9182000] audioRxBitrate=102kbps, primaryAudioRxRate=75kbps payload=113 streamID=0 redReceivedBitrate=47kbps totalPacketsReceived=6539 mediaBitrateNoRed=28kbps redPlayedRate=0kbps redDiscardedRate=47kbps
