2026-07-15 11:13:30.819 Df avconferenced[1230:262006] [com.apple.AVConference:ViceroyTrace] [NOTICE] -[VCAudioTransmitter gatherRealtimeStats:]:772 @=@ Health: VCAudioTransmitter [0x77e26fa800] audioTxBitrate=116kbps, audioFecTx=3.000000, primaryAudioTxRate=24kbps, audioStreamRedundancyLevel=2, _qualityIndex=0, payload=113, totalPacketsSent=8316 streamIDsCount=0 _targetBitrate=120000 _currentTargetBitrate=120000 _supportsAdaptation=1 audioTxRedRate=67kbps
2026-07-15 11:13:31.485 Df avconferenced[1230:262cc9] [com.apple.AVConference:ViceroyTrace] VCAudioStream [NOTICE] _VCAudioStream_CheckAbnormalOWRDAndResetLagReference:466 (0x77d51dc800) RTT=0.144, TxBW=1949000b/sec, PLR=0.00%, PLaMR=2.86%
2026-07-15 11:13:32.485 Df avconferenced[1230:262cc9] [com.apple.AVConference:ViceroyTrace] VCAudioStream [NOTICE] _VCAudioStream_CheckAbnormalOWRDAndResetLagReference:466 (0x77d51dc800) RTT=0.127, TxBW=1949000b/sec, PLR=0.00%, PLaMR=2.86%
2026-07-15 11:13:32.605 Df avconferenced[1230:262cc9] [com.apple.AVConference:ViceroyTrace] VCAudioStream [NOTICE] _VCAudioStream_CheckAbnormalOWRDAndResetLagReference:466 (0x77d51dc800) RTT=0.172, TxBW=1949000b/sec, PLR=0.00%, PLaMR=2.86%
2026-07-15 11:13:33.003 Df audioaccessoryd[1042:26289e] [com.apple.bluetooth:BTSmartRoutingDaemon] AudioStateSnapshot: BtState PoweredOn Route Bluetooth App com.apple.avconferenced, Score 501, Remote 0 NumofApp 3
2026-07-15 11:13:33.605 Df avconferenced[1230:262cc9] [com.apple.AVConference:ViceroyTrace] VCAudioStream [NOTICE] _VCAudioStream_CheckAbnormalOWRDAndResetLagReference:466 (0x77d51dc800) RTT=0.134, TxBW=1949000b/sec, PLR=0.00%, PLaMR=2.86%
2026-07-15 11:13:34.606 Df avconferenced[1230:262cc9] [com.apple.AVConference:ViceroyTrace] VCAudioStream [NOTICE] _VCAudioStream_CheckAbnormalOWRDAndResetLagReference:466 (0x77d51dc800) RTT=0.114, TxBW=1949000b/sec, PLR=0.00%, PLaMR=2.86%
2026-07-15 11:13:34.665 Df avconferenced[1230:262cc9] [com.apple.AVConference:ViceroyTrace] VCAudioStream [NOTICE] _VCAudioStream_CheckAbnormalOWRDAndResetLagReference:466 (0x77d51dc800) RTT=0.111, TxBW=1949000b/sec, PLR=0.00%, PLaMR=2.86%
2026-07-15 11:13:35.665 Df avconferenced[1230:262cc9] [com.apple.AVConference:ViceroyTrace] VCAudioStream [NOTICE] _VCAudioStream_CheckAbnormalOWRDAndResetLagReference:466 (0x77d51dc800) RTT=0.110, TxBW=1949000b/sec, PLR=0.00%, PLaMR=2.86%
2026-07-15 11:13:35.812 Df avconferenced[1230:2639a3] [com.apple.AVConference:ViceroyTrace] [NOTICE] -[VCAudioStreamGroupCommon collectAndLogChannelMetrics:averagePower:]:612 streamGroupID=micr participantUUID=C1BAF2CC-1AF1-481B-A511-4AFABC0321DB (0x77e52ac8c0) Health Monitor for Audio Stream Send Group streamID=0 audio=101kbps VCAudioIO=0x77d548ca00 procsCount=9345 averagePower=-95.286850 state=2 noVoiceActivityPacketCount=0
2026-07-15 11:13:35.812 Df avconferenced[1230:2639a3] [com.apple.AVConference:ViceroyTrace] [NOTICE] -[VCAudioStreamGroupCommon collectAndLogChannelMetrics:averagePower:]:612 streamGroupID=micr participantUUID=2D2ABE74-AEC4-49D1-8031-D358ACF241F4 (0x77e52ad6c0) Health Monitor for Audio Stream Receive Group streamID=65365 audio=102kbps VCAudioIO=0x77d5496200 procsCount=9342 averagePower=-92.174713 state=2 noVoiceActivityPacketCount=0
2026-07-15 11:13:35.812 Df avconferenced[1230:2639a3] [com.apple.AVConference:ViceroyTrace] [NOTICE] -[VCAudioStreamReceiveGroup collectAndLogChannelMetrics:]:165 @=@ Health: VCAudioStreamReceiveGroup self=0x77e26def80 streamGroupID=micr participantUUID=2D2ABE74-AEC4-49D1-8031-D358ACF241F4 speakerProcsCalled=9342, averageOutputPower=-92.174713, syncTargetCalled=18678
2026-07-15 11:13:35.812 Df avconferenced[1230:2639a3] [com.apple.AVConference:ViceroyTrace] [NOTICE] -[VCAudioStreamGroupCommon collectAndLogChannelMetrics:averagePower:]:612 streamGroupID=micr participantUUID=2D2ABE74-AEC4-49D1-8031-D358ACF241F4 (0x77e52ad6c0) Health Monitor for Audio Stream Receive Group streamID=65365 audio=102kbps VCAudioIO=0x77d5496200 procsCount=9342 averagePower=-92.174713 state=2 noVoiceActivityPacketCount=0
2026-07-15 11:13:35.812 Df avconferenced[1230:2639a3] [com.apple.AVConference:ViceroyTrace] [NOTICE] -[VCAudioStreamReceiveGroup collectAndLogChannelMetrics:]:165 @=@ Health: VCAudioStreamReceiveGroup self=0x77e26def80 streamGroupID=micr participantUUID=2D2ABE74-AEC4-49D1-8031-D358ACF241F4 speakerProcsCalled=9342, averageOutputPower=-92.174713, syncTargetCalled=18678
2026-07-15 11:13:35.812 Df avconferenced[1230:2639a3] [com.apple.AVConference:ViceroyTrace] VCAudioReceiver [NOTICE] _VCAudioReceiver_CalculateAndReportRTPMetrics:660 @=@ Health: VCAudioReceiver VCAudioReceiver[0x77d9182000] ParticipantID=2D2ABE74-AEC4-49D1-8031-D358ACF241F4 erasure percentage=0.00% PLR percentage=0.32% current percentage:0.00% (rec:254 exp:254, loss:0) receiver(rtp=508, bb=0, unk=0, dup=254, drop=0) jb(enc=762, drop=0) infobuf(rec=6804, exp:64082, drec=6779, dexp=64057)
2026-07-15 11:13:35.812 Df avconferenced[1230:2639a3] [com.apple.AVConference:ViceroyTrace] VCAudioReceiver [NOTICE] _VCAudioReceiver_RegisterReportingTask_block_invoke_2:851 @=@ Health: VCAudioReceiver VCAudioReceiver[0x77d9182000] audioRxBitrate=107kbps, primaryAudioRxRate=78kbps payload=113 streamID=0 redReceivedBitrate=48kbps totalPacketsReceived=6793 mediaBitrateNoRed=30kbps redPlayedRate=0kbps redDiscardedRate=48kbps
2026-07-15 11:13:35.812 Df avconferenced[1230:2639a3] [com.apple.AVConference:ViceroyTrace] [NOTICE] -[VCAudioTransmitter gatherRealtimeStats:]:772 @=@ Health: VCAudioTransmitter [0x77e26fa800] audioTxBitrate=102kbps, audioFecTx=3.000000, primaryAudioTxRate=24kbps, audioStreamRedundancyLevel=2, _qualityIndex=0, payload=113, totalPacketsSent=8566 streamIDsCount=0 _targetBitrate=120000 _currentTargetBitrate=120000 _supportsAdaptation=1 audioTxRedRate=52kbps
2026-07-15 11:13:36.003 Df audioaccessoryd[1042:264131] [com.apple.bluetooth:BTSmartRoutingDaemon] AudioStateSnapshot: BtState PoweredOn Route Bluetooth App com.apple.avconferenced, Score 501, Remote 0 NumofApp 3
2026-07-15 11:13:36.103 Df coreaudiod[843:26438a] [com.apple.coreaudio:aid] IssueReporting.cpp:490 RTAID [ use_case=Generic report_type=RMS Generic Chain clientID=ADM node=ADM::com.apple.avconferenced_1090.1100.0_airpods noise suppression studio::in-0 issue_detected_sample_time=0.000000 ] -- [ rms:[-26.476070], peaks:[-6.551569] ]
2026-07-15 11:13:36.105 Df coreaudiod[843:26438a] [com.apple.coreaudio:aid] IssueReporting.cpp:490 RTAID [ use_case=Generic report_type=RMS Generic Chain clientID=ADM node=ADM::com.apple.avconferenced_1090.1100.0_airpods noise suppression studio::out-0 issue_detected_sample_time=3360480.000000 ] -- [ rms:[-20.875635], peaks:[0.377027] ]
2026-07-15 11:13:36.665 Df avconferenced[1230:262cc9] [com.apple.AVConference:ViceroyTrace] VCAudioStream [NOTICE] _VCAudioStream_CheckAbnormalOWRDAndResetLagReference:466 (0x77d51dc800) RTT=0.137, TxBW=1949000b/sec, PLR=0.00%, PLaMR=2.00%
2026-07-15 11:13:36.685 Df avconferenced[1230:262cc9] [com.apple.AVConference:ViceroyTrace] VCAudioStream [NOTICE] _VCAudioStream_CheckAbnormalOWRDAndResetLagReference:466 (0x77d51dc800) RTT=0.134, TxBW=1949000b/sec, PLR=0.00%, PLaMR=2.00%
2026-07-15 11:13:37.685 Df avconferenced[1230:262cc9] [com.apple.AVConference:ViceroyTrace] VCAudioStream [NOTICE] _VCAudioStream_CheckAbnormalOWRDAndResetLagReference:466 (0x77d51dc800) RTT=0.145, TxBW=1949000b/sec, PLR=0.00%, PLaMR=2.00%
2026-07-15 11:13:37.805 Df avconferenced[1230:262cc9] [com.apple.AVConference:ViceroyTrace] VCAudioStream [NOTICE] _VCAudioStream_CheckAbnormalOWRDAndResetLagReference:466 (0x77d51dc800) RTT=0.180, TxBW=1949000b/sec, PLR=0.00%, PLaMR=2.00%
2026-07-15 11:13:38.805 Df avconferenced[1230:262cc9] [com.apple.AVConference:ViceroyTrace] VCAudioStream [NOTICE] _VCAudioStream_CheckAbnormalOWRDAndResetLagReference:466 (0x77d51dc800) RTT=0.178, TxBW=1949000b/sec, PLR=0.00%, PLaMR=2.00%
2026-07-15 11:13:38.885 Df avconferenced[1230:262cc9] [com.apple.AVConference:ViceroyTrace] VCAudioStream [NOTICE] _VCAudioStream_CheckAbnormalOWRDAndResetLagReference:466 (0x77d51dc800) RTT=0.181, TxBW=1949000b/sec, PLR=0.00%, PLaMR=2.00%
2026-07-15 11:13:39.003 Df audioaccessoryd[1042:26289e] [com.apple.bluetooth:BTSmartRoutingDaemon] AudioStateSnapshot: BtState PoweredOn Route Bluetooth App com.apple.avconferenced, Score 501, Remote 0 NumofApp 3
2026-07-15 11:13:39.885 Df avconferenced[1230:262cc9] [com.apple.AVConference:ViceroyTrace] VCAudioStream [NOTICE] _VCAudioStream_CheckAbnormalOWRDAndResetLagReference:466 (0x77d51dc800) RTT=0.122, TxBW=1949000b/sec, PLR=0.00%, PLaMR=2.00%
2026-07-15 11:13:40.819 Df avconferenced[1230:263113] [com.apple.AVConference:ViceroyTrace] [NOTICE] -[VCAudioStreamGroupCommon collectAndLogChannelMetrics:averagePower:]:612 streamGroupID=micr participantUUID=C1BAF2CC-1AF1-481B-A511-4AFABC0321DB (0x77e52ac8c0) Health Monitor for Audio Stream Send Group streamID=0 audio=101kbps VCAudioIO=0x77d548ca00 procsCount=9595 averagePower=-26.545294 state=2 noVoiceActivityPacketCount=0
2026-07-15 11:13:40.819 Df avconferenced[1230:263113] [com.apple.AVConference:ViceroyTrace] [NOTICE] -[VCAudioStreamGroupCommon collectAndLogChannelMetrics:averagePower:]:612 streamGroupID=micr participantUUID=2D2ABE74-AEC4-49D1-8031-D358ACF241F4 (0x77e52ad6c0) Health Monitor for Audio Stream Receive Group streamID=65365 audio=107kbps VCAudioIO=0x77d5496200 procsCount=9592 averagePower=-94.274963 state=2 noVoiceActivityPacketCount=0
2026-07-15 11:13:40.819 Df avconferenced[1230:263113] [com.apple.AVConference:ViceroyTrace] [NOTICE] -[VCAudioStreamReceiveGroup collectAndLogChannelMetrics:]:165 @=@ Health: VCAudioStreamReceiveGroup self=0x77e26def80 streamGroupID=micr participantUUID=2D2ABE74-AEC4-49D1-8031-D358ACF241F4 speakerProcsCalled=9592, averageOutputPower=-94.274963, syncTargetCalled=19178
2026-07-15 11:13:40.819 Df avconferenced[1230:263113] [com.apple.AVConference:ViceroyTrace] [NOTICE] -[VCAudioStreamGroupCommon collectAndLogChannelMetrics:averagePower:]:612 streamGroupID=micr participantUUID=2D2ABE74-AEC4-49D1-8031-D358ACF241F4 (0x77e52ad6c0) Health Monitor for Audio Stream Receive Group streamID=65365 audio=107kbps VCAudioIO=0x77d5496200 procsCount=9592 averagePower=-94.274963 state=2 noVoiceActivityPacketCount=0
2026-07-15 11:13:40.819 Df avconferenced[1230:263113] [com.apple.AVConference:ViceroyTrace] [NOTICE] -[VCAudioStreamReceiveGroup collectAndLogChannelMetrics:]:165 @=@ Health: VCAudioStreamReceiveGroup self=0x77e26def80 streamGroupID=micr participantUUID=2D2ABE74-AEC4-49D1-8031-D358ACF241F4 speakerProcsCalled=9592, averageOutputPower=-94.274963, syncTargetCalled=19178
2026-07-15 11:13:40.819 Df avconferenced[1230:263113] [com.apple.AVConference:ViceroyTrace] VCAudioReceiver [NOTICE] _VCAudioReceiver_CalculateAndReportRTPMetrics:660 @=@ Health: VCAudioReceiver VCAudioReceiver[0x77d9182000] ParticipantID=2D2ABE74-AEC4-49D1-8031-D358ACF241F4 erasure percentage=0.00% PLR percentage=0.16% current percentage:0.00% (rec:246 exp:246, loss:0) receiver(rtp=493, bb=0, unk=0, dup=247, drop=0) jb(enc=738, drop=0) infobuf(rec=7050, exp:64328, drec=7026, dexp=64304)
2026-07-15 11:13:40.819 Df avconferenced[1230:263113] [com.apple.AVConference:ViceroyTrace] VCAudioReceiver [NOTICE] _VCAudioReceiver_RegisterReportingTask_block_invoke_2:851 @=@ Health: VCAudioReceiver VCAudioReceiver[0x77d9182000] audioRxBitrate=103kbps, primaryAudioRxRate=75kbps payload=113 streamID=0 redReceivedBitrate=48kbps totalPacketsReceived=7039 mediaBitrateNoRed=28kbps redPlayedRate=0kbps redDiscardedRate=48kbps
2026-07-15 11:13:40.819 Df avconferenced[1230:2626c9] [com.apple.AVConference:ViceroyTrace] [NOTICE] -[VCAudioTransmitter gatherRealtimeStats:]:772 @=@ Health: VCAudioTransmitter [0x77e26fa800] audioTxBitrate=101kbps, audioFecTx=3.000000, primaryAudioTxRate=24kbps, audioStreamRedundancyLevel=2, _qualityIndex=0, payload=113, totalPacketsSent=8816 streamIDsCount=0 _targetBitrate=120000 _currentTargetBitrate=120000 _supportsAdaptation=1 audioTxRedRate=52kbps
2026-07-15 11:13:40.885 Df avconferenced[1230:262cc9] [com.apple.AVConference:ViceroyTrace] VCAudioStream [NOTICE] _VCAudioStream_CheckAbnormalOWRDAndResetLagReference:466 (0x77d51dc800) RTT=0.142, TxBW=1949000b/sec, PLR=0.00%, PLaMR=1.40%
2026-07-15 11:13:40.925 Df avconferenced[1230:262cc9] [com.apple.AVConference:ViceroyTrace] VCAudioStream [NOTICE] _VCAudioStream_CheckAbnormalOWRDAndResetLagReference:466 (0x77d51dc800) RTT=0.135, TxBW=1949000b/sec, PLR=0.00%, PLaMR=1.40%
2026-07-15 11:13:41.925 Df avconferenced[1230:262cc9] [com.apple.AVConference:ViceroyTrace] VCAudioStream [NOTICE] _VCAudioStream_CheckAbnormalOWRDAndResetLagReference:466 (0x77d51dc800) RTT=0.153, TxBW=1949000b/sec, PLR=0.00%, PLaMR=1.40%
2026-07-15 11:13:42.004 Df audioaccessoryd[1042:264131] [com.apple.bluetooth:BTSmartRoutingDaemon] AudioStateSnapshot: BtState PoweredOn Route Bluetooth App com.apple.avconferenced, Score 501, Remote 0 NumofApp 3
2026-07-15 11:13:42.945 Df avconferenced[1230:262cc9] [com.apple.AVConference:ViceroyTrace] VCAudioStream [NOTICE] _VCAudioStream_CheckAbnormalOWRDAndResetLagReference:466 (0x77d51dc800) RTT=0.288, TxBW=1949000b/sec, PLR=0.00%, PLaMR=1.40%
2026-07-15 11:13:42.985 E avconferenced[1230:262cc9] [com.apple.AVConference:ViceroyTrace] VCAudioPlayer [ERROR] _VCAudioPlayer_AddFrameToHistory:1749 (0x77e4f60120) Late packets played=6 currentTimestamp=4812960 currentSeqNum=7422
2026-07-15 11:13:42.985 Df avconferenced[1230:262cc9] [com.apple.AVConference:ViceroyTrace] VCAudioStream [NOTICE] _VCAudioStream_CheckAbnormalOWRDAndResetLagReference:466 (0x77d51dc800) RTT=0.481, TxBW=1949000b/sec, PLR=0.00%, PLaMR=1.40%
2026-07-15 11:13:44.005 Df avconferenced[1230:262cc9] [com.apple.AVConference:ViceroyTrace] VCAudioStream [NOTICE] _VCAudioStream_CheckAbnormalOWRDAndResetLagReference:466 (0x77d51dc800) RTT=0.613, TxBW=1949000b/sec, PLR=0.00%, PLaMR=1.40%
2026-07-15 11:13:44.045 Df avconferenced[1230:262cc9] [com.apple.AVConference:ViceroyTrace] VCAudioStream [NOTICE] _VCAudioStream_CheckAbnormalOWRDAndResetLagReference:466 (0x77d51dc800) RTT=0.613, TxBW=1949000b/sec, PLR=0.00%, PLaMR=1.40%
2026-07-15 11:13:45.003 Df audioaccessoryd[1042:26289e] [com.apple.bluetooth:BTSmartRoutingDaemon] AudioStateSnapshot: BtState PoweredOn Route Bluetooth App com.apple.avconferenced, Score 501, Remote 0 NumofApp 3
2026-07-15 11:13:45.045 Df avconferenced[1230:262cc9] [com.apple.AVConference:ViceroyTrace] VCAudioStream [NOTICE] _VCAudioStream_CheckAbnormalOWRDAndResetLagReference:466 (0x77d51dc800) RTT=0.757, TxBW=1949000b/sec, PLR=0.00%, PLaMR=1.40%
2026-07-15 11:13:45.125 Df avconferenced[1230:262cc9] [com.apple.AVConference:ViceroyTrace] VCAudioStream [NOTICE] _VCAudioStream_CheckAbnormalOWRDAndResetLagReference:466 (0x77d51dc800) RTT=0.755, TxBW=1949000b/sec, PLR=0.00%, PLaMR=1.40%
2026-07-15 11:13:45.828 Df avconferenced[1230:263113] [com.apple.AVConference:ViceroyTrace] [NOTICE] -[VCAudioStreamGroupCommon collectAndLogChannelMetrics:averagePower:]:612 streamGroupID=micr participantUUID=C1BAF2CC-1AF1-481B-A511-4AFABC0321DB (0x77e52ac8c0) Health Monitor for Audio Stream Send Group streamID=0 audio=101kbps VCAudioIO=0x77d548ca00 procsCount=9846 averagePower=-24.122278 state=2 noVoiceActivityPacketCount=0
2026-07-15 11:13:45.828 Df avconferenced[1230:263113] [com.apple.AVConference:ViceroyTrace] [NOTICE] -[VCAudioStreamGroupCommon collectAndLogChannelMetrics:averagePower:]:612 streamGroupID=micr participantUUID=2D2ABE74-AEC4-49D1-8031-D358ACF241F4 (0x77e52ad6c0) Health Monitor for Audio Stream Receive Group streamID=65365 audio=103kbps VCAudioIO=0x77d5496200 procsCount=9843 averagePower=-89.033722 state=2 noVoiceActivityPacketCount=0
2026-07-15 11:13:45.828 Df avconferenced[1230:263113] [com.apple.AVConference:ViceroyTrace] [NOTICE] -[VCAudioStreamReceiveGroup collectAndLogChannelMetrics:]:165 @=@ Health: VCAudioStreamReceiveGroup self=0x77e26def80 streamGroupID=micr participantUUID=2D2ABE74-AEC4-49D1-8031-D358ACF241F4 speakerProcsCalled=9843, averageOutputPower=-89.033722, syncTargetCalled=19680
2026-07-15 11:13:45.828 Df avconferenced[1230:263113] [com.apple.AVConference:ViceroyTrace] [NOTICE] -[VCAudioStreamGroupCommon collectAndLogChannelMetrics:averagePower:]:612 streamGroupID=micr participantUUID=2D2ABE74-AEC4-49D1-8031-D358ACF241F4 (0x77e52ad6c0) Health Monitor for Audio Stream Receive Group streamID=65365 audio=103kbps VCAudioIO=0x77d5496200 procsCount=9843 averagePower=-89.033722 state=2 noVoiceActivityPacketCount=0
2026-07-15 11:13:45.828 Df avconferenced[1230:263113] [com.apple.AVConference:ViceroyTrace] [NOTICE] -[VCAudioStreamReceiveGroup collectAndLogChannelMetrics:]:165 @=@ Health: VCAudioStreamReceiveGroup self=0x77e26def80 streamGroupID=micr participantUUID=2D2ABE74-AEC4-49D1-8031-D358ACF241F4 speakerProcsCalled=9843, averageOutputPower=-89.033722, syncTargetCalled=19680
2026-07-15 11:13:45.828 Df avconferenced[1230:2626c9] [com.apple.AVConference:ViceroyTrace] VCAudioReceiver [NOTICE] _VCAudioReceiver_CalculateAndReportRTPMetrics:660 @=@ Health: VCAudioReceiver VCAudioReceiver[0x77d9182000] ParticipantID=2D2ABE74-AEC4-49D1-8031-D358ACF241F4 erasure percentage=0.00% PLR percentage=0.49% current percentage:0.82% (rec:242 exp:244, loss:2) receiver(rtp=483, bb=0, unk=0, dup=241, drop=0) jb(enc=581, drop=0) infobuf(rec=7292, exp:64572, drec=7267, dexp=64547)
2026-07-15 11:13:45.828 Df avconferenced[1230:2639a5] [com.apple.AVConference:ViceroyTrace] [NOTICE] -[VCAudioTransmitter gatherRealtimeStats:]:772 @=@ Health: VCAudioTransmitter [0x77e26fa800] audioTxBitrate=102kbps, audioFecTx=3.000000, primaryAudioTxRate=24kbps, audioStreamRedundancyLevel=2, _qualityIndex=0, payload=113, totalPacketsSent=9067 streamIDsCount=0 _targetBitrate=120000 _currentTargetBitrate=120000 _supportsAdaptation=1 audioTxRedRate=53kbps
2026-07-15 11:13:45.828 Df avconferenced[1230:2626c9] [com.apple.AVConference:ViceroyTrace] VCAudioReceiver [NOTICE] _VCAudioReceiver_RegisterReportingTask_block_invoke_2:851 @=@ Health: VCAudioReceiver VCAudioReceiver[0x77d9182000] audioRxBitrate=66kbps, primaryAudioRxRate=39kbps payload=104 streamID=0 redReceivedBitrate=22kbps totalPacketsReceived=7281 mediaBitrateNoRed=16kbps redPlayedRate=0kbps redDiscardedRate=22kbps
2026-07-15 11:13:46.103 Df coreaudiod[843:264389] [com.apple.coreaudio:aid] IssueReporting.cpp:490 RTAID [ use_case=Generic report_type=RMS Generic Chain clientID=ADM node=ADM::com.apple.avconferenced_1090.1100.0_airpods noise suppression studio::in-0 issue_detected_sample_time=0.000000 ] -- [ rms:[-25.448313], peaks:[-4.837976] ]
2026-07-15 11:13:46.105 Df coreaudiod[843:264389] [com.apple.coreaudio:aid] IssueReporting.cpp:490 RTAID [ use_case=Generic report_type=RMS Generic Chain clientID=ADM node=ADM::com.apple.avconferenced_1090.1100.0_airpods noise suppression studio::out-0 issue_detected_sample_time=3600480.000000 ] -- [ rms:[-19.540283], peaks:[-0.483003] ]
2026-07-15 11:13:46.125 Df avconferenced[1230:262cc9] [com.apple.AVConference:ViceroyTrace] VCAudioStream [NOTICE] _VCAudioStream_CheckAbnormalOWRDAndResetLagReference:466 (0x77d51dc800) RTT=0.224, TxBW=1949000b/sec, PLR=0.00%, PLaMR=0.98%
2026-07-15 11:13:46.687 Df avconferenced[1230:2620cb] [com.apple.AVConference:ViceroyTrace] [NOTICE] -[VCAudioTransmitter applySelectedTier:newBitrate:duplicationPercent:redundancyPayloadCount:redundancyMaxBlockDelay:]:1243 VCAudioTransmitter(0x77e26fa800) Switching audio bitrate tier payload from=113 to=104 for total tx=120000: netBitrate from=101600 to=124000, bundle from=1 to=1
2026-07-15 11:13:46.687 Df avconferenced[1230:2620cb] [com.apple.AVConference:ViceroyTrace] [NOTICE] -[VCAudioTransmitter useAudioPayload:withBitrate:redNumPayloads:]:1706 VCAudioTransmitter(0x77e26fa800) Switching payloads from payload=113 -> 104 480 samplesPerFrame
2026-07-15 11:13:46.687 Df avconferenced[1230:2620cb] [com.apple.AVConference:ViceroyTrace] [NOTICE] -[VCAudioTransmitter updateAudioTxBitrate]:1666 VCAudioTransmitter(0x77e26fa800) Setting audioTxBitrate to 74000, 48000 audio + 26000 ((64/1+1)*24000/480) header for mode=1
2026-07-15 11:13:47.125 Df avconferenced[1230:262cc9] [com.apple.AVConference:ViceroyTrace] VCAudioStream [NOTICE] _VCAudioStream_CheckAbnormalOWRDAndResetLagReference:466 (0x77d51dc800) RTT=0.190, TxBW=1949000b/sec, PLR=0.00%, PLaMR=0.98%
2026-07-15 11:13:47.206 Df avconferenced[1230:262cc9] [com.apple.AVConference:ViceroyTrace] VCAudioStream [NOTICE] _VCAudioStream_CheckAbnormalOWRDAndResetLagReference:466 (0x77d51dc800) RTT=0.202, TxBW=1949000b/sec, PLR=0.00%, PLaMR=0.98%
2026-07-15 11:13:48.003 Df audioaccessoryd[1042:26289e] [com.apple.bluetooth:BTSmartRoutingDaemon] AudioStateSnapshot: BtState PoweredOn Route Bluetooth App com.apple.avconferenced, Score 501, Remote 0 NumofApp 3
2026-07-15 11:13:48.225 Df avconferenced[1230:262cc9] [com.apple.AVConference:ViceroyTrace] VCAudioStream [NOTICE] _VCAudioStream_CheckAbnormalOWRDAndResetLagReference:466 (0x77d51dc800) RTT=0.290, TxBW=1949000b/sec, PLR=0.00%, PLaMR=0.98%
2026-07-15 11:13:48.285 Df avconferenced[1230:262cc9] [com.apple.AVConference:ViceroyTrace] VCAudioStream [NOTICE] _VCAudioStream_CheckAbnormalOWRDAndResetLagReference:466 (0x77d51dc800) RTT=0.294, TxBW=1949000b/sec, PLR=0.00%, PLaMR=0.98%
2026-07-15 11:13:49.285 Df avconferenced[1230:262cc9] [com.apple.AVConference:ViceroyTrace] VCAudioStream [NOTICE] _VCAudioStream_CheckAbnormalOWRDAndResetLagReference:466 (0x77d51dc800) RTT=0.478, TxBW=1949000b/sec, PLR=0.00%, PLaMR=0.98%
2026-07-15 11:13:49.405 Df avconferenced[1230:262cc9] [com.apple.AVConference:ViceroyTrace] VCAudioStream [NOTICE] _VCAudioStream_CheckAbnormalOWRDAndResetLagReference:466 (0x77d51dc800) RTT=0.521, TxBW=1949000b/sec, PLR=0.00%, PLaMR=0.98%
2026-07-15 11:13:50.405 Df avconferenced[1230:262cc9] [com.apple.AVConference:ViceroyTrace] VCAudioStream [NOTICE] _VCAudioStream_CheckAbnormalOWRDAndResetLagReference:466 (0x77d51dc800) RTT=0.396, TxBW=1949000b/sec, PLR=0.00%, PLaMR=0.69%
2026-07-15 11:13:50.425 Df avconferenced[1230:262cc9] [com.apple.AVConference:ViceroyTrace] VCAudioStream [NOTICE] _VCAudioStream_CheckAbnormalOWRDAndResetLagReference:466 (0x77d51dc800) RTT=0.413, TxBW=1949000b/sec, PLR=0.00%, PLaMR=0.69%
2026-07-15 11:13:50.819 Df avconferenced[1230:2626c7] [com.apple.AVConference:ViceroyTrace] [NOTICE] -[VCAudioStreamGroupCommon collectAndLogChannelMetrics:averagePower:]:612 streamGroupID=micr participantUUID=C1BAF2CC-1AF1-481B-A511-4AFABC0321DB (0x77e52ac8c0) Health Monitor for Audio Stream Send Group streamID=0 audio=115kbps VCAudioIO=0x77d548ca00 procsCount=10095 averagePower=-92.949631 state=2 noVoiceActivityPacketCount=0
2026-07-15 11:13:50.819 Df avconferenced[1230:2626c7] [com.apple.AVConference:ViceroyTrace] [NOTICE] -[VCAudioStreamGroupCommon collectAndLogChannelMetrics:averagePower:]:612 streamGroupID=micr participantUUID=2D2ABE74-AEC4-49D1-8031-D358ACF241F4 (0x77e52ad6c0) Health Monitor for Audio Stream Receive Group streamID=65365 audio=66kbps VCAudioIO=0x77d5496200 procsCount=10092 averagePower=-104.297783 state=2 noVoiceActivityPacketCount=0
2026-07-15 11:13:50.819 Df avconferenced[1230:2626c7] [com.apple.AVConference:ViceroyTrace] [NOTICE] -[VCAudioStreamReceiveGroup collectAndLogChannelMetrics:]:165 @=@ Health: VCAudioStreamReceiveGroup self=0x77e26def80 streamGroupID=micr participantUUID=2D2ABE74-AEC4-49D1-8031-D358ACF241F4 speakerProcsCalled=10092, averageOutputPower=-104.297783, syncTargetCalled=20178
2026-07-15 11:13:50.819 Df avconferenced[1230:2626c7] [com.apple.AVConference:ViceroyTrace] [NOTICE] -[VCAudioStreamGroupCommon collectAndLogChannelMetrics:averagePower:]:612 streamGroupID=micr participantUUID=2D2ABE74-AEC4-49D1-8031-D358ACF241F4 (0x77e52ad6c0) Health Monitor for Audio Stream Receive Group streamID=65365 audio=66kbps VCAudioIO=0x77d5496200 procsCount=10092 averagePower=-104.297783 state=2 noVoiceActivityPacketCount=0
2026-07-15 11:13:50.819 Df avconferenced[1230:2626c7] [com.apple.AVConference:ViceroyTrace] [NOTICE] -[VCAudioStreamReceiveGroup collectAndLogChannelMetrics:]:165 @=@ Health: VCAudioStreamReceiveGroup self=0x77e26def80 streamGroupID=micr participantUUID=2D2ABE74-AEC4-49D1-8031-D358ACF241F4 speakerProcsCalled=10092, averageOutputPower=-104.297783, syncTargetCalled=20178
2026-07-15 11:13:50.819 Df avconferenced[1230:2626c9] [com.apple.AVConference:ViceroyTrace] VCAudioReceiver [NOTICE] _VCAudioReceiver_CalculateAndReportRTPMetrics:660 @=@ Health: VCAudioReceiver VCAudioReceiver[0x77d9182000] ParticipantID=2D2ABE74-AEC4-49D1-8031-D358ACF241F4 erasure percentage=0.00% PLR percentage=0.25% current percentage:0.00% (rec:262 exp:262, loss:0) receiver(rtp=525, bb=0, unk=0, dup=263, drop=0) jb(enc=524, drop=0) infobuf(rec=7554, exp:64834, drec=7529, dexp=64809)
2026-07-15 11:13:50.819 Df avconferenced[1230:2626c9] [com.apple.AVConference:ViceroyTrace] VCAudioReceiver [NOTICE] _VCAudioReceiver_RegisterReportingTask_block_invoke_2:851 @=@ Health: VCAudioReceiver VCAudioReceiver[0x77d9182000] audioRxBitrate=47kbps, primaryAudioRxRate=17kbps payload=104 streamID=0 redReceivedBitrate=7kbps totalPacketsReceived=7543 mediaBitrateNoRed=10kbps redPlayedRate=0kbps redDiscardedRate=7kbps
2026-07-15 11:13:50.819 Df avconferenced[1230:2639a5] [com.apple.AVConference:ViceroyTrace] [NOTICE] -[VCAudioTransmitter gatherRealtimeStats:]:772 @=@ Health: VCAudioTransmitter [0x77e26fa800] audioTxBitrate=120kbps, audioFecTx=2.000000, primaryAudioTxRate=44kbps, audioStreamRedundancyLevel=1, _qualityIndex=0, payload=104, totalPacketsSent=9316 streamIDsCount=0 _targetBitrate=120000 _currentTargetBitrate=120000 _supportsAdaptation=1 audioTxRedRate=51kbps
2026-07-15 11:13:51.003 Df audioaccessoryd[1042:264131] [com.apple.bluetooth:BTSmartRoutingDaemon] AudioStateSnapshot: BtState PoweredOn Route Bluetooth App com.apple.avconferenced, Score 501, Remote 0 NumofApp 3
2026-07-15 11:13:51.445 Df avconferenced[1230:262cc9] [com.apple.AVConference:ViceroyTrace] VCAudioStream [NOTICE] _VCAudioStream_CheckAbnormalOWRDAndResetLagReference:466 (0x77d51dc800) RTT=0.149, TxBW=1949000b/sec, PLR=0.00%, PLaMR=0.69%
2026-07-15 11:13:52.465 Df avconferenced[1230:262cc9] [com.apple.AVConference:ViceroyTrace] VCAudioStream [NOTICE] _VCAudioStream_CheckAbnormalOWRDAndResetLagReference:466 (0x77d51dc800) RTT=0.101, TxBW=1949000b/sec, PLR=0.00%, PLaMR=0.69%
2026-07-15 11:13:53.465 Df avconferenced[1230:262cc9] [com.apple.AVConference:ViceroyTrace] VCAudioStream [NOTICE] _VCAudioStream_CheckAbnormalOWRDAndResetLagReference:466 (0x77d51dc800) RTT=0.107, TxBW=1949000b/sec, PLR=0.00%, PLaMR=0.69%
2026-07-15 11:13:53.485 Df avconferenced[1230:262cc9] [com.apple.AVConference:ViceroyTrace] VCAudioStream [NOTICE] _VCAudioStream_CheckAbnormalOWRDAndResetLagReference:466 (0x77d51dc800) RTT=0.104, TxBW=1949000b/sec, PLR=0.00%, PLaMR=0.69%
2026-07-15 11:13:54.004 Df audioaccessoryd[1042:26289e] [com.apple.bluetooth:BTSmartRoutingDaemon] AudioStateSnapshot: BtState PoweredOn Route Bluetooth App com.apple.avconferenced, Score 501, Remote 0 NumofApp 3
2026-07-15 11:13:54.485 Df avconferenced[1230:262cc9] [com.apple.AVConference:ViceroyTrace] VCAudioStream [NOTICE] _VCAudioStream_CheckAbnormalOWRDAndResetLagReference:466 (0x77d51dc800) RTT=0.110, TxBW=1949000b/sec, PLR=0.00%, PLaMR=0.69%
2026-07-15 11:13:55.505 Df avconferenced[1230:262cc9] [com.apple.AVConference:ViceroyTrace] VCAudioStream [NOTICE] _VCAudioStream_CheckAbnormalOWRDAndResetLagReference:466 (0x77d51dc800) RTT=0.099, TxBW=1949000b/sec, PLR=0.00%, PLaMR=0.48%
2026-07-15 11:13:55.525 Df avconferenced[1230:262cc9] [com.apple.AVConference:ViceroyTrace] VCAudioStream [NOTICE] _VCAudioStream_CheckAbnormalOWRDAndResetLagReference:466 (0x77d51dc800) RTT=0.106, TxBW=1949000b/sec, PLR=0.00%, PLaMR=0.48%
2026-07-15 11:13:55.828 Df avconferenced[1230:262006] [com.apple.AVConference:ViceroyTrace] [NOTICE] -[VCAudioStreamGroupCommon collectAndLogChannelMetrics:averagePower:]:612 streamGroupID=micr participantUUID=C1BAF2CC-1AF1-481B-A511-4AFABC0321DB (0x77e52ac8c0) Health Monitor for Audio Stream Send Group streamID=0 audio=122kbps VCAudioIO=0x77d548ca00 procsCount=10346 averagePower=-19.480957 state=2 noVoiceActivityPacketCount=0
2026-07-15 11:13:55.828 Df avconferenced[1230:262006] [com.apple.AVConference:ViceroyTrace] [NOTICE] -[VCAudioStreamGroupCommon collectAndLogChannelMetrics:averagePower:]:612 streamGroupID=micr participantUUID=2D2ABE74-AEC4-49D1-8031-D358ACF241F4 (0x77e52ad6c0) Health Monitor for Audio Stream Receive Group streamID=65365 audio=47kbps VCAudioIO=0x77d5496200 procsCount=10343 averagePower=-104.632889 state=2 noVoiceActivityPacketCount=0
2026-07-15 11:13:55.828 Df avconferenced[1230:262006] [com.apple.AVConference:ViceroyTrace] [NOTICE] -[VCAudioStreamReceiveGroup collectAndLogChannelMetrics:]:165 @=@ Health: VCAudioStreamReceiveGroup self=0x77e26def80 streamGroupID=micr participantUUID=2D2ABE74-AEC4-49D1-8031-D358ACF241F4 speakerProcsCalled=10343, averageOutputPower=-104.632889, syncTargetCalled=20680
2026-07-15 11:13:55.828 Df avconferenced[1230:262006] [com.apple.AVConference:ViceroyTrace] [NOTICE] -[VCAudioStreamGroupCommon collectAndLogChannelMetrics:averagePower:]:612 streamGroupID=micr participantUUID=2D2ABE74-AEC4-49D1-8031-D358ACF241F4 (0x77e52ad6c0) Health Monitor for Audio Stream Receive Group streamID=65365 audio=47kbps VCAudioIO=0x77d5496200 procsCount=10343 averagePower=-104.632889 state=2 noVoiceActivityPacketCount=0
2026-07-15 11:13:55.828 Df avconferenced[1230:262006] [com.apple.AVConference:ViceroyTrace] [NOTICE] -[VCAudioStreamReceiveGroup collectAndLogChannelMetrics:]:165 @=@ Health: VCAudioStreamReceiveGroup self=0x77e26def80 streamGroupID=micr participantUUID=2D2ABE74-AEC4-49D1-8031-D358ACF241F4 speakerProcsCalled=10343, averageOutputPower=-104.632889, syncTargetCalled=20680
2026-07-15 11:13:55.828 Df avconferenced[1230:262006] [com.apple.AVConference:ViceroyTrace] VCAudioReceiver [NOTICE] _VCAudioReceiver_CalculateAndReportRTPMetrics:660 @=@ Health: VCAudioReceiver VCAudioReceiver[0x77d9182000] ParticipantID=2D2ABE74-AEC4-49D1-8031-D358ACF241F4 erasure percentage=0.00% PLR percentage=0.12% current percentage:0.00% (rec:251 exp:251, loss:0) receiver(rtp=501, bb=0, unk=0, dup=250, drop=0) jb(enc=502, drop=0) infobuf(rec=7805, exp:65085, drec=7780, dexp=65060)
2026-07-15 11:13:55.828 Df avconferenced[1230:262006] [com.apple.AVConference:ViceroyTrace] VCAudioReceiver [NOTICE] _VCAudioReceiver_RegisterReportingTask_block_invoke_2:851 @=@ Health: VCAudioReceiver VCAudioReceiver[0x77d9182000] audioRxBitrate=49kbps, primaryAudioRxRate=21kbps payload=104 streamID=0 redReceivedBitrate=9kbps totalPacketsReceived=7794 mediaBitrateNoRed=12kbps redPlayedRate=0kbps redDiscardedRate=9kbps
2026-07-15 11:13:55.828 Df avconferenced[1230:262006] [com.apple.AVConference:ViceroyTrace] [NOTICE] -[VCAudioTransmitter gatherRealtimeStats:]:772 @=@ Health: VCAudioTransmitter [0x77e26fa800] audioTxBitrate=123kbps, audioFecTx=2.000000, primaryAudioTxRate=48kbps, audioStreamRedundancyLevel=1, _qualityIndex=0, payload=104, totalPacketsSent=9567 streamIDsCount=0 _targetBitrate=120000 _currentTargetBitrate=120000 _supportsAdaptation=1 audioTxRedRate=50kbps
2026-07-15 11:13:56.103 Df coreaudiod[843:264389] [com.apple.coreaudio:aid] IssueReporting.cpp:490 RTAID [ use_case=Generic report_type=RMS Generic Chain clientID=ADM node=ADM::com.apple.avconferenced_1090.1100.0_airpods noise suppression studio::in-0 issue_detected_sample_time=0.000000 ] -- [ rms:[-25.335629], peaks:[-3.151052] ]
2026-07-15 11:13:56.106 Df coreaudiod[843:264389] [com.apple.coreaudio:aid] IssueReporting.cpp:490 RTAID [ use_case=Generic report_type=RMS Generic Chain clientID=ADM node=ADM::com.apple.avconferenced_1090.1100.0_airpods noise suppression studio::out-0 issue_detected_sample_time=3840480.000000 ] -- [ rms:[-19.786398], peaks:[-0.063190] ]
2026-07-15 11:13:56.545 Df avconferenced[1230:262cc9] [com.apple.AVConference:ViceroyTrace] VCAudioStream [NOTICE] _VCAudioStream_CheckAbnormalOWRDAndResetLagReference:466 (0x77d51dc800) RTT=0.115, TxBW=1949000b/sec, PLR=0.00%, PLaMR=0.48%
2026-07-15 11:13:56.565 Df avconferenced[1230:262cc9] [com.apple.AVConference:ViceroyTrace] VCAudioStream [NOTICE] _VCAudioStream_CheckAbnormalOWRDAndResetLagReference:466 (0x77d51dc800) RTT=0.122, TxBW=1949000b/sec, PLR=0.00%, PLaMR=0.48%
2026-07-15 11:13:57.003 Df audioaccessoryd[1042:264131] [com.apple.bluetooth:BTSmartRoutingDaemon] AudioStateSnapshot: BtState PoweredOn Route Bluetooth App com.apple.avconferenced, Score 501, Remote 0 NumofApp 3
2026-07-15 11:13:57.585 Df avconferenced[1230:262cc9] [com.apple.AVConference:ViceroyTrace] VCAudioStream [NOTICE] _VCAudioStream_CheckAbnormalOWRDAndResetLagReference:466 (0x77d51dc800) RTT=0.112, TxBW=1949000b/sec, PLR=0.00%, PLaMR=0.48%
2026-07-15 11:13:57.605 Df avconferenced[1230:262cc9] [com.apple.AVConference:ViceroyTrace] VCAudioStream [NOTICE] _VCAudioStream_CheckAbnormalOWRDAndResetLagReference:466 (0x77d51dc800) RTT=0.129, TxBW=1949000b/sec, PLR=0.00%, PLaMR=0.48%
2026-07-15 11:13:58.625 Df avconferenced[1230:262cc9] [com.apple.AVConference:ViceroyTrace] VCAudioStream [NOTICE] _VCAudioStream_CheckAbnormalOWRDAndResetLagReference:466 (0x77d51dc800) RTT=0.120, TxBW=1949000b/sec, PLR=0.00%, PLaMR=0.48%
2026-07-15 11:13:58.665 Df avconferenced[1230:262cc9] [com.apple.AVConference:ViceroyTrace] VCAudioStream [NOTICE] _VCAudioStream_CheckAbnormalOWRDAndResetLagReference:466 (0x77d51dc800) RTT=0.124, TxBW=1949000b/sec, PLR=0.00%, PLaMR=0.48%
2026-07-15 11:13:59.685 Df avconferenced[1230:262cc9] [com.apple.AVConference:ViceroyTrace] VCAudioStream [NOTICE] _VCAudioStream_CheckAbnormalOWRDAndResetLagReference:466 (0x77d51dc800) RTT=0.098, TxBW=1949000b/sec, PLR=0.00%, PLaMR=0.48%
2026-07-15 11:13:59.705 Df avconferenced[1230:262cc9] [com.apple.AVConference:ViceroyTrace] VCAudioStream [NOTICE] _VCAudioStream_CheckAbnormalOWRDAndResetLagReference:466 (0x77d51dc800) RTT=0.112, TxBW=1949000b/sec, PLR=0.00%, PLaMR=0.48%
2026-07-15 11:14:00.003 Df audioaccessoryd[1042:26289e] [com.apple.bluetooth:BTSmartRoutingDaemon] AudioStateSnapshot: BtState PoweredOn Route Bluetooth App com.apple.avconferenced, Score 501, Remote 0 NumofApp 3
2026-07-15 11:14:00.725 Df avconferenced[1230:262cc9] [com.apple.AVConference:ViceroyTrace] VCAudioStream [NOTICE] _VCAudioStream_CheckAbnormalOWRDAndResetLagReference:466 (0x77d51dc800) RTT=0.087, TxBW=1949000b/sec, PLR=0.00%, PLaMR=0.34%
2026-07-15 11:14:00.765 Df avconferenced[1230:262cc9] [com.apple.AVConference:ViceroyTrace] VCAudioStream [NOTICE] _VCAudioStream_CheckAbnormalOWRDAndResetLagReference:466 (0x77d51dc800) RTT=0.101, TxBW=1949000b/sec, PLR=0.00%, PLaMR=0.34%
2026-07-15 11:14:00.831 Df avconferenced[1230:262006] [com.apple.AVConference:ViceroyTrace] [NOTICE] -[VCAudioStreamGroupCommon collectAndLogChannelMetrics:averagePower:]:612 streamGroupID=micr participantUUID=C1BAF2CC-1AF1-481B-A511-4AFABC0321DB (0x77e52ac8c0) Health Monitor for Audio Stream Send Group streamID=0 audio=124kbps VCAudioIO=0x77d548ca00 procsCount=10596 averagePower=-24.815676 state=2 noVoiceActivityPacketCount=0
2026-07-15 11:14:00.831 Df avconferenced[1230:262006] [com.apple.AVConference:ViceroyTrace] [NOTICE] -[VCAudioStreamGroupCommon collectAndLogChannelMetrics:averagePower:]:612 streamGroupID=micr participantUUID=2D2ABE74-AEC4-49D1-8031-D358ACF241F4 (0x77e52ad6c0) Health Monitor for Audio Stream Receive Group streamID=65365 audio=49kbps VCAudioIO=0x77d5496200 procsCount=10593 averagePower=-104.153099 state=2 noVoiceActivityPacketCount=0
2026-07-15 11:14:00.831 Df avconferenced[1230:262006] [com.apple.AVConference:ViceroyTrace] [NOTICE] -[VCAudioStreamReceiveGroup collectAndLogChannelMetrics:]:165 @=@ Health: VCAudioStreamReceiveGroup self=0x77e26def80 streamGroupID=micr participantUUID=2D2ABE74-AEC4-49D1-8031-D358ACF241F4 speakerProcsCalled=10593, averageOutputPower=-104.153099, syncTargetCalled=21180
2026-07-15 11:14:00.831 Df avconferenced[1230:262006] [com.apple.AVConference:ViceroyTrace] [NOTICE] -[VCAudioStreamGroupCommon collectAndLogChannelMetrics:averagePower:]:612 streamGroupID=micr participantUUID=2D2ABE74-AEC4-49D1-8031-D358ACF241F4 (0x77e52ad6c0) Health Monitor for Audio Stream Receive Group streamID=65365 audio=49kbps VCAudioIO=0x77d5496200 procsCount=10593 averagePower=-104.153099 state=2 noVoiceActivityPacketCount=0
2026-07-15 11:14:00.831 Df avconferenced[1230:262006] [com.apple.AVConference:ViceroyTrace] [NOTICE] -[VCAudioStreamReceiveGroup collectAndLogChannelMetrics:]:165 @=@ Health: VCAudioStreamReceiveGroup self=0x77e26def80 streamGroupID=micr participantUUID=2D2ABE74-AEC4-49D1-8031-D358ACF241F4 speakerProcsCalled=10593, averageOutputPower=-104.153099, syncTargetCalled=21180
2026-07-15 11:14:00.831 Df avconferenced[1230:2639a3] [com.apple.AVConference:ViceroyTrace] VCAudioReceiver [NOTICE] _VCAudioReceiver_CalculateAndReportRTPMetrics:660 @=@ Health: VCAudioReceiver VCAudioReceiver[0x77d9182000] ParticipantID=2D2ABE74-AEC4-49D1-8031-D358ACF241F4 erasure percentage=0.00% PLR percentage=0.06% current percentage:0.00% (rec:250 exp:250, loss:0) receiver(rtp=500, bb=0, unk=0, dup=250, drop=0) jb(enc=500, drop=0) infobuf(rec=8055, exp:65335, drec=8042, dexp=65322)
2026-07-15 11:14:00.831 Df avconferenced[1230:2639a3] [com.apple.AVConference:ViceroyTrace] VCAudioReceiver [NOTICE] _VCAudioReceiver_RegisterReportingTask_block_invoke_2:851 @=@ Health: VCAudioReceiver VCAudioReceiver[0x77d9182000] audioRxBitrate=52kbps, primaryAudioRxRate=24kbps payload=104 streamID=0 redReceivedBitrate=11kbps totalPacketsReceived=8044 mediaBitrateNoRed=14kbps redPlayedRate=0kbps redDiscardedRate=11kbps
2026-07-15 11:14:00.831 Df avconferenced[1230:263113] [com.apple.AVConference:ViceroyTrace] [NOTICE] -[VCAudioTransmitter gatherRealtimeStats:]:772 @=@ Health: VCAudioTransmitter [0x77e26fa800] audioTxBitrate=124kbps, audioFecTx=2.000000, primaryAudioTxRate=48kbps, audioStreamRedundancyLevel=1, _qualityIndex=0, payload=104, totalPacketsSent=9817 streamIDsCount=0 _targetBitrate=120000 _currentTargetBitrate=120000 _supportsAdaptation=1 audioTxRedRate=51kbps
2026-07-15 11:14:01.785 Df avconferenced[1230:262cc9] [com.apple.AVConference:ViceroyTrace] VCAudioStream [NOTICE] _VCAudioStream_CheckAbnormalOWRDAndResetLagReference:466 (0x77d51dc800) RTT=0.095, TxBW=1949000b/sec, PLR=0.00%, PLaMR=0.34%
2026-07-15 11:14:01.805 Df avconferenced[1230:262cc9] [com.apple.AVConference:ViceroyTrace] VCAudioStream [NOTICE] _VCAudioStream_CheckAbnormalOWRDAndResetLagReference:466 (0x77d51dc800) RTT=0.110, TxBW=1949000b/sec, PLR=0.00%, PLaMR=0.34%
2026-07-15 11:14:02.805 Df avconferenced[1230:262cc9] [com.apple.AVConference:ViceroyTrace] VCAudioStream [NOTICE] _VCAudioStream_CheckAbnormalOWRDAndResetLagReference:466 (0x77d51dc800) RTT=0.095, TxBW=1949000b/sec, PLR=0.00%, PLaMR=0.34%
2026-07-15 11:14:02.865 Df avconferenced[1230:262cc9] [com.apple.AVConference:ViceroyTrace] VCAudioStream [NOTICE] _VCAudioStream_CheckAbnormalOWRDAndResetLagReference:466 (0x77d51dc800) RTT=0.107, TxBW=1949000b/sec, PLR=0.00%, PLaMR=0.34%
2026-07-15 11:14:03.004 Df audioaccessoryd[1042:264131] [com.apple.bluetooth:BTSmartRoutingDaemon] AudioStateSnapshot: BtState PoweredOn Route Bluetooth App com.apple.avconferenced, Score 501, Remote 0 NumofApp 3
2026-07-15 11:14:03.865 Df avconferenced[1230:262cc9] [com.apple.AVConference:ViceroyTrace] VCAudioStream [NOTICE] _VCAudioStream_CheckAbnormalOWRDAndResetLagReference:466 (0x77d51dc800) RTT=0.097, TxBW=1949000b/sec, PLR=0.00%, PLaMR=0.34%
2026-07-15 11:14:03.905 Df avconferenced[1230:262cc9] [com.apple.AVConference:ViceroyTrace] VCAudioStream [NOTICE] _VCAudioStream_CheckAbnormalOWRDAndResetLagReference:466 (0x77d51dc800) RTT=0.110, TxBW=1949000b/sec, PLR=0.00%, PLaMR=0.34%
2026-07-15 11:14:04.856 Df audioaccessoryd[1042:26289e] [com.apple.AudioAccessory:AABatteryMonitorDaemon] AADeviceBatteryInfo updated: AADeviceBatteryInfo identifier: 62E245F3-2C27-26C2-1CB9-406B59E9F76C, Bt Addr 'CC:22:FE:90:F0:98', Col '0', Nm 'James’s AirPods Pro', Pid '8231', fmGI 'CA7596FA-C7B6-4E0F-AF85-10064B534003', fmCI '17899530-F614-C5E7-55E3-ED0C1AA80701', Batt LR '-79.00%'[ls: 2026-07-15-16:14:04.808, sFL: 0x5 < HeadsetAdv AACPInfo >], Batt L '-79.00%'[ls: 2026-07-15-16:14:04.808, sFL: 0x5 < HeadsetAdv AACPInfo >], Batt R '-79.00%'[ls: 2026-07-15-16:14:04.808, sFL: 0x5 < HeadsetAdv AACPInfo >]
2026-07-15 11:14:04.856 Df audioaccessoryd[1042:26289e] [com.apple.AudioAccessory:AADevicePowerSources] Power source publish update for battery: 'Combined' with details: { "Max Capacity" : 100, "Combined Parts" : [ { "Max Capacity" : 100, "Low Warn Level" : 20, "Is Present" : true, "Is Charged" : 0, "Name" : "James’s AirPods Pro", "Type" : "Accessory Source", "Accessory Identifier" : "62E245F3-2C27-26C2-1CB9-406B59E9F76C", "Accessory Category" : "Headset", "Part Name" : "James’s AirPods Pro 🅛", "Part Identifier" : "Left", "Is Charging" : false, "Time to Full Charge" : 0, "Transport Type" : "Bluetooth", "Current Capacity" : 79, "Vendor ID Source" : 1, "Optimized Battery Charging Engaged" : false, "Vendor ID" : 76, "Dynamic End of Charging Engaged" : false, "Group Identifier" : "CA7596FA-C7B6-4E0F-AF85-10064B534003", "Product ID" : 8231, <…>
2026-07-15 11:14:04.856 Df audioaccessoryd[1042:26289e] [com.apple.AudioAccessory:AADevicePowerSources] Low Warn Level" : 20, "Is Present" : true, "Is Charged" : 0, "Name" : "James’s AirPods Pro", "Type" : "Accessory Source", "Accessory Identifier" : "62E245F3-2C27-26C2-1CB9-406B59E9F76C", "Accessory Category" : "Headset", "Part Identifier" : "Combined", "Is Charging" : false, "Time to Full Charge" : 0, "Transport Type" : "Bluetooth", "Current Capacity" : 79, "Vendor ID Source" : 1, "Optimized Battery Charging Engaged" : false, "Vendor ID" : 76, "Dynamic End of Charging Engaged" : false, "Group Identifier" : "CA7596FA-C7B6-4E0F-AF85-10064B534003", "Product ID" : 8231, "Power Source State" : "Battery Power", }
2026-07-15 11:14:04.857 Df audioaccessoryd[1042:26289e] [com.apple.AudioAccessory:AADevicePowerSources] AADevicePowerSource, Batteries: LR, Details: LeftRight: { "Max Capacity" : 100, "Combined Parts" : [ { "Max Capacity" : 100, "Low Warn Level" : 20, "Is Present" : true, "Is Charged" : 0, "Name" : "James’s AirPods Pro", "Type" : "Accessory Source", "Accessory Identifier" : "62E245F3-2C27-26C2-1CB9-406B59E9F76C", "Accessory Category" : "Headset", "Part Name" : "James’s AirPods Pro 🅛", "Part Identifier" : "Left", "Is Charging" : false, "Time to Full Charge" : 0, "Transport Type" : "Bluetooth", "Current Capacity" : 79, "Vendor ID Source" : 1, "Optimized Battery Charging Engaged" : false, "Vendor ID" : 76, "Dynamic End of Charging Engaged" : false, "Group Identifier" : "CA7596FA-C7B6-4E0F-AF85-10064B534003", "Product ID" : 8231, <…>
2026-07-15 11:14:04.857 Df audioaccessoryd[1042:26289e] [com.apple.AudioAccessory:AADeviceManagerDaemon] AADevice battery info updated: AADeviceBatteryInfo identifier: 62E245F3-2C27-26C2-1CB9-406B59E9F76C, Bt Addr 'CC:22:FE:90:F0:98', Col '0', Nm 'James’s AirPods Pro', Pid '8231', Batt LR '-79.00%'[ls: 2026-07-15-16:14:04.808, sFL: 0x5 < HeadsetAdv AACPInfo >], Batt L '-79.00%'[ls: 2026-07-15-16:14:04.808, sFL: 0x5 < HeadsetAdv AACPInfo >], Batt R '-79.00%'[ls: 2026-07-15-16:14:04.808, sFL: 0x5 < HeadsetAdv AACPInfo >]
2026-07-15 11:14:04.857 Df audioaccessoryd[1042:26289e] [com.apple.AudioAccessory:AAServicesDaemon] AADevice id: 62E245F3-2C27-26C2-1CB9-406B59E9F76C, nm James’s AirPods Pro, ml AirPods3,4, pid 8231, color 255, AutoANC: cap V2, cfg M, , comb LR Batt LR '-79.00%'[ls: 2026-07-15-16:14:04.808, sFL: 0x5 < HeadsetAdv AACPInfo >]Batt L '-79.00%'[ls: 2026-07-15-16:14:04.808, sFL: 0x5 < HeadsetAdv AACPInfo >], Batt R '-79.00%'[ls: 2026-07-15-16:14:04.808, sFL: 0x5 < HeadsetAdv AACPInfo >], Bbl: cap +, Cam ctl: Chr rem: cap +, en +, DEOC: cap +, st +, OBC: cap +, HG: tgl +, acct UpDn, decl S2S, HA: cap +, enr -, v2 cap +, HP: cap +, PPE: cap +, lvl 82, HT: cap +, HR: cap +, en +, Lsn: md ANC, cfg 0x6 < ANC Transparency >, off +, Pl: md +, pr InEar, sc InEar, PrfEQ: cap -, SR&P: smRtS 0x4 < Routed >, SrMt: cap +, tg -, Sldt: cap +, tg -, SS: as SCO, fqBd ISM2.4, Misc Caps: cas snd +, ear fit +, ff upl +, hide er -, hide off +, ovd str +, pmee +, pt +, wrd lssls -, Misc Info: clHd lt NseMg,clHd rt NseMg,enh trn V4,hk wr +lst conn '2026-07-15 16:11:02.000', CBDevice 62E245F3-2C27-26C2-1CB9<…>
2026-07-15 11:14:04.858 Df audioaccessoryd[1042:26289e] [com.apple.AudioAccessory:AAServicesDaemon] AADevice id: 62E245F3-2C27-26C2-1CB9-406B59E9F76C, nm James’s AirPods Pro, ml AirPods3,4, pid 8231, color 255, AutoANC: cap V2, cfg M, , comb LR Batt LR '-79.00%'[ls: 2026-07-15-16:14:04.808, sFL: 0x5 < HeadsetAdv AACPInfo >]Batt L '-79.00%'[ls: 2026-07-15-16:14:04.808, sFL: 0x5 < HeadsetAdv AACPInfo >], Batt R '-79.00%'[ls: 2026-07-15-16:14:04.808, sFL: 0x5 < HeadsetAdv AACPInfo >], Bbl: cap +, Cam ctl: Chr rem: cap +, en +, DEOC: cap +, st +, OBC: cap +, HG: tgl +, acct UpDn, decl S2S, HA: cap +, enr -, v2 cap +, HP: cap +, PPE: cap +, lvl 82, HT: cap +, HR: cap +, en +, Lsn: md ANC, cfg 0x6 < ANC Transparency >, off +, Pl: md +, pr InEar, sc InEar, PrfEQ: cap -, SR&P: smRtS 0x4 < Routed >, SrMt: cap +, tg -, Sldt: cap +, tg -, SS: as SCO, fqBd ISM2.4, Misc Caps: cas snd +, ear fit +, ff upl +, hide er -, hide off +, ovd str +, pmee +, pt +, wrd lssls -, Misc Info: clHd lt NseMg,clHd rt NseMg,enh trn V4,hk wr +lst conn '2026-07-15 16:11:02.000', CBDevice 62E245F3-2C27-26C2-1CB9<…>
2026-07-15 11:14:04.858 Df audioaccessoryd[1042:26289e] [com.apple.AudioAccessory:AAServicesDaemon] AADevice id: 62E245F3-2C27-26C2-1CB9-406B59E9F76C, nm James’s AirPods Pro, ml AirPods3,4, pid 8231, color 255, AutoANC: cap V2, cfg M, , comb LR Batt LR '-79.00%'[ls: 2026-07-15-16:14:04.808, sFL: 0x5 < HeadsetAdv AACPInfo >]Batt L '-79.00%'[ls: 2026-07-15-16:14:04.808, sFL: 0x5 < HeadsetAdv AACPInfo >], Batt R '-79.00%'[ls: 2026-07-15-16:14:04.808, sFL: 0x5 < HeadsetAdv AACPInfo >], Bbl: cap +, Cam ctl: Chr rem: cap +, en +, DEOC: cap +, st +, OBC: cap +, HG: tgl +, acct UpDn, decl S2S, HA: cap +, enr -, v2 cap +, HP: cap +, PPE: cap +, lvl 82, HT: cap +, HR: cap +, en +, Lsn: md ANC, cfg 0x6 < ANC Transparency >, off +, Pl: md +, pr InEar, sc InEar, PrfEQ: cap -, SR&P: smRtS 0x4 < Routed >, SrMt: cap +, tg -, Sldt: cap +, tg -, SS: as SCO, fqBd ISM2.4, Misc Caps: cas snd +, ear fit +, ff upl +, hide er -, hide off +, ovd str +, pmee +, pt +, wrd lssls -, Misc Info: clHd lt NseMg,clHd rt NseMg,enh trn V4,hk wr +lst conn '2026-07-15 16:11:02.000', CBDevice 62E245F3-2C27-26C2-1CB9<…>
2026-07-15 11:14:04.859 Df audioaccessoryd[1042:26289e] [com.apple.AudioAccessory:AAServicesDaemon] AADevice id: 62E245F3-2C27-26C2-1CB9-406B59E9F76C, nm James’s AirPods Pro, ml AirPods3,4, pid 8231, color 255, AutoANC: cap V2, cfg M, , comb LR Batt LR '-79.00%'[ls: 2026-07-15-16:14:04.808, sFL: 0x5 < HeadsetAdv AACPInfo >]Batt L '-79.00%'[ls: 2026-07-15-16:14:04.808, sFL: 0x5 < HeadsetAdv AACPInfo >], Batt R '-79.00%'[ls: 2026-07-15-16:14:04.808, sFL: 0x5 < HeadsetAdv AACPInfo >], Bbl: cap +, Cam ctl: Chr rem: cap +, en +, DEOC: cap +, st +, OBC: cap +, HG: tgl +, acct UpDn, decl S2S, HA: cap +, enr -, v2 cap +, HP: cap +, PPE: cap +, lvl 82, HT: cap +, HR: cap +, en +, Lsn: md ANC, cfg 0x6 < ANC Transparency >, off +, Pl: md +, pr InEar, sc InEar, PrfEQ: cap -, SR&P: smRtS 0x4 < Routed >, SrMt: cap +, tg -, Sldt: cap +, tg -, SS: as SCO, fqBd ISM2.4, Misc Caps: cas snd +, ear fit +, ff upl +, hide er -, hide off +, ovd str +, pmee +, pt +, wrd lssls -, Misc Info: clHd lt NseMg,clHd rt NseMg,enh trn V4,hk wr +lst conn '2026-07-15 16:11:02.000', CBDevice 62E245F3-2C27-26C2-1CB9<…>
2026-07-15 11:14:04.860 Df audioaccessoryd[1042:264677] [com.apple.bluetooth:BTSmartRoutingDaemon] Connected device updated: CBDevice 62E245F3-2C27-26C2-1CB9-406B59E9F76C, BDA , Nm , Md AirPods3,4, PID 0x2027 (AirPods3,4), PrNm AirPods Pro, VID 0x004C, VS 1, avCp 1, AVC 1, DsFl 0xA08000 < WxStatus Connections Pairing >, DvF 0x25085D804077 < AACP MagicPaired ShareAudio Tipi PSE AudioOwner ClassicPaired SpatialAudio AdvancedAppleAudio ANC Transparency SpatialAudioAllowed SpatialAudioActive UTPConnected SmartRouting Connectable SensorData >, DvT Headphones, RSSI -58, CnS 0x1980019 < HFP AVRCP A2DP AACP GATT ACL SCO >, SupS 0x180019 < HFP AVRCP A2DP AACP GATT >, AStS SCO, Freq 2.4, Band ISM2.4, Ch 39, aaCp 1, ClkH L NoiseManagement R NoiseManagement, ECC 3, MCCp 1, MCC 2, CVer'8B41', cdCp 1, cDC 1, DbTp C Basic, GAPA 0x1 < Real >, FV '8B41', LsnM ANC, LsMC 0x6 < ANC Transparency >, BTv 6.0, MicM Auto, Plcm P InEar S InEar M Enabled, Prim Right, fmCI 17899530-F614-C5E7-55E3-ED0C1AA80701, fmGI CA7596FA-C7B6-4E0F-AF85-10064B534003, modU A3064, SN 'CH7K4Q74Y5', SN Left'J5QHP501V510000UH<…>
2026-07-15 11:14:04.860 Df audioaccessoryd[1042:264677] [com.apple.bluetooth:BTSmartRoutingDaemon] SmartRouting headset CC:22:FE:90:F0:98 manuallyRouted no firstManualRoute no manualRouteChangeInProgress no 40717858652279
2026-07-15 11:14:04.860 Df audioaccessoryd[1042:264677] [com.apple.bluetooth:BTSmartRoutingDaemon] SmartRouting posting device CC:22:FE:90:F0:98 inEar state originalInEarState yes, newInEarState yes, previous connected yes, routing Action Unmanaged, Route yes otherTipiDeviceAddress NULL otherTipiVersion NULL otherTipiDeviceName NULL incomingConn no
