2026-07-15 11:14:26.523 Df callservicesd[1075:2628d3] [com.apple.calls.callservicesd:Default] Updating nearby device routes using devices: [ID 'BBRRgvxb', IDS 'BBmkANmL', PI 'BBJPEFLl', Nm 'BBPZjlSw', Md 'BBzvhkOz', ADSID 'BBjqramb', SV 'BBeXQzPj', OSV 'BBouSiGF', SF 0x82104 < iWiFi DuetSync SharedHome Owner >, ID 'BBVgWUWb', IDS 'BBdUFyxN', PI 'BBRnXxdp', Nm 'BBxzotZa', Md 'BBvDbKzf', ADSID 'BBjqramb', SV 'BBeXQzPj', OSV 'BBFodyhu', SF 0x10000082184 < iWiFi Personal DuetSync SharedHome Owner MeDeviceIsMe >, ID 'BBIRZgqO', IDS 'BBNmRMMl', PI 'BBwzXDjr', Nm 'BBpZcTpF', Md 'BBNkCRvv', ADSID 'BBjqramb', SV 'BBeXQzPj', OSV 'BBABEQME', SF 0x800482804 < iWiFi Remote SharedHome Owner CallHandoff CommunalDevice >, ID 'BBXstzPI', IDS 'BBbVtzyO', PI 'BBgzLmwH', Nm 'BBLjKDgK', Md 'BBHWXSWP', ADSID 'BBjqramb', SV 'BBeXQzPj', OSV 'BBouSiGF', SF 0x800482804 < iWiFi Remote SharedHome Owner CallHandoff CommunalDevice >, ID 'BBmjJwRq', IDS 'BBrIRaWF', PI 'BBUvFzDa', Nm 'BBOzGxtH', Md 'BBdmmqvc', ADSID 'BBjqramb', SV 'BBeXQzPj', OSV 'BBABEQME', SF 0x8000D2804 < iWiFi Remote SharedHome TV Touch Owner CommunalDevice >, ID 'BBZqybTr', IDS 'BBQLgnrb', PI 'BBKYSFuB', Nm 'BBSqVpnl', Md 'BBjsKXKs', ADSID 'BBjqramb', SV 'BBeXQzPj', OSV 'BBFodyhu', SF 0x80104 < iWiFi DuetSync Owner >, ID 'BBECDxTF', IDS 'BBzEnfyR', PI 'BBkiiXfN', Nm 'BBRAGXuw', Md 'BBdXVgjV', ADSID 'BBjqramb', SV 'BBeXQzPj', OSV 'BBABEQME', SF 0x8000D2804 < iWiFi Remote SharedHome TV Touch Owner CommunalDevice >]
2026-07-15 11:14:26.945 Df avconferenced[1230:262cc9] [com.apple.AVConference:ViceroyTrace] VCAudioStream [NOTICE] _VCAudioStream_CheckAbnormalOWRDAndResetLagReference:466 (0x77d51dc800) RTT=0.095, TxBW=1949000b/sec, PLR=0.00%, PLaMR=0.31%
2026-07-15 11:14:26.965 Df avconferenced[1230:262cc9] [com.apple.AVConference:ViceroyTrace] VCAudioStream [NOTICE] _VCAudioStream_CheckAbnormalOWRDAndResetLagReference:466 (0x77d51dc800) RTT=0.116, TxBW=1949000b/sec, PLR=0.00%, PLaMR=0.31%
2026-07-15 11:14:27.003 Df audioaccessoryd[1042:264a5c] [com.apple.bluetooth:BTSmartRoutingDaemon] AudioStateSnapshot: BtState PoweredOn Route Bluetooth App com.apple.avconferenced, Score 501, Remote 0 NumofApp 3
2026-07-15 11:14:27.985 Df avconferenced[1230:262cc9] [com.apple.AVConference:ViceroyTrace] VCAudioStream [NOTICE] _VCAudioStream_CheckAbnormalOWRDAndResetLagReference:466 (0x77d51dc800) RTT=0.099, TxBW=1949000b/sec, PLR=0.00%, PLaMR=0.31%
2026-07-15 11:14:28.025 Df avconferenced[1230:262cc9] [com.apple.AVConference:ViceroyTrace] VCAudioStream [NOTICE] _VCAudioStream_CheckAbnormalOWRDAndResetLagReference:466 (0x77d51dc800) RTT=0.110, TxBW=1949000b/sec, PLR=0.00%, PLaMR=0.31%
2026-07-15 11:14:29.045 Df avconferenced[1230:262cc9] [com.apple.AVConference:ViceroyTrace] VCAudioStream [NOTICE] _VCAudioStream_CheckAbnormalOWRDAndResetLagReference:466 (0x77d51dc800) RTT=0.097, TxBW=1949000b/sec, PLR=0.00%, PLaMR=0.31%
2026-07-15 11:14:29.065 Df avconferenced[1230:262cc9] [com.apple.AVConference:ViceroyTrace] VCAudioStream [NOTICE] _VCAudioStream_CheckAbnormalOWRDAndResetLagReference:466 (0x77d51dc800) RTT=0.116, TxBW=1949000b/sec, PLR=0.00%, PLaMR=0.31%
2026-07-15 11:14:30.003 Df audioaccessoryd[1042:264a5c] [com.apple.bluetooth:BTSmartRoutingDaemon] AudioStateSnapshot: BtState PoweredOn Route Bluetooth App com.apple.avconferenced, Score 501, Remote 0 NumofApp 3
2026-07-15 11:14:30.085 Df avconferenced[1230:262cc9] [com.apple.AVConference:ViceroyTrace] VCAudioStream [NOTICE] _VCAudioStream_CheckAbnormalOWRDAndResetLagReference:466 (0x77d51dc800) RTT=0.133, TxBW=1949000b/sec, PLR=0.00%, PLaMR=0.22%
2026-07-15 11:14:30.125 Df avconferenced[1230:262cc9] [com.apple.AVConference:ViceroyTrace] VCAudioStream [NOTICE] _VCAudioStream_CheckAbnormalOWRDAndResetLagReference:466 (0x77d51dc800) RTT=0.154, TxBW=1949000b/sec, PLR=0.00%, PLaMR=0.22%
2026-07-15 11:14:30.819 Df avconferenced[1230:2639a3] [com.apple.AVConference:ViceroyTrace] [NOTICE] -[VCAudioStreamGroupCommon collectAndLogChannelMetrics:averagePower:]:612 streamGroupID=micr participantUUID=C1BAF2CC-1AF1-481B-A511-4AFABC0321DB (0x77e52ac8c0) Health Monitor for Audio Stream Send Group streamID=0 audio=118kbps VCAudioIO=0x77d548ca00 procsCount=12095 averagePower=-14.722050 state=2 noVoiceActivityPacketCount=0
2026-07-15 11:14:30.819 Df avconferenced[1230:2639a3] [com.apple.AVConference:ViceroyTrace] [NOTICE] -[VCAudioStreamGroupCommon collectAndLogChannelMetrics:averagePower:]:612 streamGroupID=micr participantUUID=2D2ABE74-AEC4-49D1-8031-D358ACF241F4 (0x77e52ad6c0) Health Monitor for Audio Stream Receive Group streamID=65365 audio=59kbps VCAudioIO=0x77d5496200 procsCount=12092 averagePower=-78.118965 state=2 noVoiceActivityPacketCount=0
2026-07-15 11:14:30.819 Df avconferenced[1230:2639a3] [com.apple.AVConference:ViceroyTrace] [NOTICE] -[VCAudioStreamReceiveGroup collectAndLogChannelMetrics:]:165 @=@ Health: VCAudioStreamReceiveGroup self=0x77e26def80 streamGroupID=micr participantUUID=2D2ABE74-AEC4-49D1-8031-D358ACF241F4 speakerProcsCalled=12092, averageOutputPower=-78.118965, syncTargetCalled=24178
2026-07-15 11:14:30.819 Df avconferenced[1230:2639a3] [com.apple.AVConference:ViceroyTrace] [NOTICE] -[VCAudioStreamGroupCommon collectAndLogChannelMetrics:averagePower:]:612 streamGroupID=micr participantUUID=2D2ABE74-AEC4-49D1-8031-D358ACF241F4 (0x77e52ad6c0) Health Monitor for Audio Stream Receive Group streamID=65365 audio=59kbps VCAudioIO=0x77d5496200 procsCount=12092 averagePower=-78.118965 state=2 noVoiceActivityPacketCount=0
2026-07-15 11:14:30.819 Df avconferenced[1230:2639a3] [com.apple.AVConference:ViceroyTrace] [NOTICE] -[VCAudioStreamReceiveGroup collectAndLogChannelMetrics:]:165 @=@ Health: VCAudioStreamReceiveGroup self=0x77e26def80 streamGroupID=micr participantUUID=2D2ABE74-AEC4-49D1-8031-D358ACF241F4 speakerProcsCalled=12092, averageOutputPower=-78.118965, syncTargetCalled=24178
2026-07-15 11:14:30.819 Df avconferenced[1230:262006] [com.apple.AVConference:ViceroyTrace] VCAudioReceiver [NOTICE] _VCAudioReceiver_CalculateAndReportRTPMetrics:660 @=@ Health: VCAudioReceiver VCAudioReceiver[0x77d9182000] ParticipantID=2D2ABE74-AEC4-49D1-8031-D358ACF241F4 erasure percentage=0.00% PLR percentage=0.00% current percentage:0.00% (rec:236 exp:236, loss:0) receiver(rtp=473, bb=0, unk=0, dup=237, drop=0) jb(enc=472, drop=0) infobuf(rec=9541, exp:1285, drec=9525, dexp=1269)
2026-07-15 11:14:30.819 Df avconferenced[1230:262006] [com.apple.AVConference:ViceroyTrace] VCAudioReceiver [NOTICE] _VCAudioReceiver_RegisterReportingTask_block_invoke_2:851 @=@ Health: VCAudioReceiver VCAudioReceiver[0x77d9182000] audioRxBitrate=60kbps, primaryAudioRxRate=34kbps payload=104 streamID=0 redReceivedBitrate=15kbps totalPacketsReceived=9530 mediaBitrateNoRed=18kbps redPlayedRate=0kbps redDiscardedRate=15kbps
2026-07-15 11:14:30.819 Df avconferenced[1230:263113] [com.apple.AVConference:ViceroyTrace] [NOTICE] -[VCAudioTransmitter gatherRealtimeStats:]:772 @=@ Health: VCAudioTransmitter [0x77e26fa800] audioTxBitrate=116kbps, audioFecTx=1.000000, primaryAudioTxRate=44kbps, audioStreamRedundancyLevel=1, _qualityIndex=0, payload=104, totalPacketsSent=11316 streamIDsCount=0 _targetBitrate=120000 _currentTargetBitrate=120000 _supportsAdaptation=1 audioTxRedRate=47kbps
2026-07-15 11:14:31.125 Df avconferenced[1230:262cc9] [com.apple.AVConference:ViceroyTrace] VCAudioStream [NOTICE] _VCAudioStream_CheckAbnormalOWRDAndResetLagReference:466 (0x77d51dc800) RTT=0.359, TxBW=1949000b/sec, PLR=0.00%, PLaMR=0.22%
2026-07-15 11:14:31.205 Df avconferenced[1230:262cc9] [com.apple.AVConference:ViceroyTrace] VCAudioStream [NOTICE] _VCAudioStream_CheckAbnormalOWRDAndResetLagReference:466 (0x77d51dc800) RTT=0.377, TxBW=1949000b/sec, PLR=0.00%, PLaMR=0.22%
2026-07-15 11:14:32.225 Df avconferenced[1230:262cc9] [com.apple.AVConference:ViceroyTrace] VCAudioStream [NOTICE] _VCAudioStream_CheckAbnormalOWRDAndResetLagReference:466 (0x77d51dc800) RTT=0.652, TxBW=1949000b/sec, PLR=0.00%, PLaMR=0.22%
2026-07-15 11:14:32.745 E avconferenced[1230:262cc9] [com.apple.AVConference:ViceroyTrace] VCAudioPlayer [ERROR] _VCAudioPlayer_AddFrameToHistory:1749 (0x77e4f60120) Late packets played=6 currentTimestamp=6005280 currentSeqNum=9906
2026-07-15 11:14:33.003 Df audioaccessoryd[1042:264677] [com.apple.bluetooth:BTSmartRoutingDaemon] AudioStateSnapshot: BtState PoweredOn Route Bluetooth App com.apple.avconferenced, Score 501, Remote 0 NumofApp 3
2026-07-15 11:14:33.225 Df avconferenced[1230:262cc9] [com.apple.AVConference:ViceroyTrace] VCAudioStream [NOTICE] _VCAudioStream_CheckAbnormalOWRDAndResetLagReference:466 (0x77d51dc800) RTT=0.778, TxBW=1949000b/sec, PLR=0.00%, PLaMR=0.22%
2026-07-15 11:14:33.265 Df avconferenced[1230:262cc9] [com.apple.AVConference:ViceroyTrace] VCAudioStream [NOTICE] _VCAudioStream_CheckAbnormalOWRDAndResetLagReference:466 (0x77d51dc800) RTT=0.863, TxBW=1949000b/sec, PLR=0.00%, PLaMR=0.22%
2026-07-15 11:14:33.348 Df avconferenced[1230:264ead] [com.apple.AVConference:ViceroyTrace] VCMediaStream [NOTICE] -[VCMediaStream setRtcpEnabled:]:2153 VCAudioStream[0x77d8772800] -[VCMediaStream setRtcpEnabled:] rtcpEnabled[0]
2026-07-15 11:14:33.348 Df avconferenced[1230:264ead] [com.apple.AVConference:ViceroyTrace] VCMediaStream [NOTICE] -[VCMediaStream setRtcpEnabled:]:2153 VCAudioStream[0x77d8773000] -[VCMediaStream setRtcpEnabled:] rtcpEnabled[0]
2026-07-15 11:14:33.452 Df avconferenced[1230:264eb1] [com.apple.AVConference:ViceroyTrace] VCMediaStream [NOTICE] -[VCMediaStream setRtcpEnabled:]:2153 VCAudioStream[0x77d8772800] -[VCMediaStream setRtcpEnabled:] rtcpEnabled[0]
2026-07-15 11:14:33.452 Df avconferenced[1230:264eb1] [com.apple.AVConference:ViceroyTrace] VCMediaStream [NOTICE] -[VCMediaStream setRtcpEnabled:]:2153 VCAudioStream[0x77d8773000] -[VCMediaStream setRtcpEnabled:] rtcpEnabled[0]
2026-07-15 11:14:33.552 Df avconferenced[1230:264eb6] [com.apple.AVConference:ViceroyTrace] VCMediaStream [NOTICE] -[VCMediaStream setRtcpEnabled:]:2153 VCAudioStream[0x77d8772800] -[VCMediaStream setRtcpEnabled:] rtcpEnabled[0]
2026-07-15 11:14:33.552 Df avconferenced[1230:264eb6] [com.apple.AVConference:ViceroyTrace] VCMediaStream [NOTICE] -[VCMediaStream setRtcpEnabled:]:2153 VCAudioStream[0x77d8773000] -[VCMediaStream setRtcpEnabled:] rtcpEnabled[0]
2026-07-15 11:14:33.652 Df avconferenced[1230:264eb7] [com.apple.AVConference:ViceroyTrace] VCMediaStream [NOTICE] -[VCMediaStream setRtcpEnabled:]:2153 VCAudioStream[0x77d8772800] -[VCMediaStream setRtcpEnabled:] rtcpEnabled[0]
2026-07-15 11:14:33.652 Df avconferenced[1230:264eb7] [com.apple.AVConference:ViceroyTrace] VCMediaStream [NOTICE] -[VCMediaStream setRtcpEnabled:]:2153 VCAudioStream[0x77d8773000] -[VCMediaStream setRtcpEnabled:] rtcpEnabled[0]
2026-07-15 11:14:33.753 Df avconferenced[1230:264eb3] [com.apple.AVConference:ViceroyTrace] VCMediaStream [NOTICE] -[VCMediaStream setRtcpEnabled:]:2153 VCAudioStream[0x77d8772800] -[VCMediaStream setRtcpEnabled:] rtcpEnabled[0]
2026-07-15 11:14:33.753 Df avconferenced[1230:264eb3] [com.apple.AVConference:ViceroyTrace] VCMediaStream [NOTICE] -[VCMediaStream setRtcpEnabled:]:2153 VCAudioStream[0x77d8773000] -[VCMediaStream setRtcpEnabled:] rtcpEnabled[0]
2026-07-15 11:14:33.854 Df avconferenced[1230:264eb6] [com.apple.AVConference:ViceroyTrace] VCMediaStream [NOTICE] -[VCMediaStream setRtcpEnabled:]:2153 VCAudioStream[0x77d8772800] -[VCMediaStream setRtcpEnabled:] rtcpEnabled[0]
2026-07-15 11:14:33.854 Df avconferenced[1230:264eb6] [com.apple.AVConference:ViceroyTrace] VCMediaStream [NOTICE] -[VCMediaStream setRtcpEnabled:]:2153 VCAudioStream[0x77d8773000] -[VCMediaStream setRtcpEnabled:] rtcpEnabled[0]
2026-07-15 11:14:33.951 Df avconferenced[1230:264ee4] [com.apple.AVConference:ViceroyTrace] VCMediaStream [NOTICE] -[VCMediaStream setRtcpEnabled:]:2153 VCAudioStream[0x77d8772800] -[VCMediaStream setRtcpEnabled:] rtcpEnabled[0]
2026-07-15 11:14:33.951 Df avconferenced[1230:264ee4] [com.apple.AVConference:ViceroyTrace] VCMediaStream [NOTICE] -[VCMediaStream setRtcpEnabled:]:2153 VCAudioStream[0x77d8773000] -[VCMediaStream setRtcpEnabled:] rtcpEnabled[0]
2026-07-15 11:14:34.052 Df avconferenced[1230:264eb7] [com.apple.AVConference:ViceroyTrace] VCMediaStream [NOTICE] -[VCMediaStream setRtcpEnabled:]:2153 VCAudioStream[0x77d8772800] -[VCMediaStream setRtcpEnabled:] rtcpEnabled[0]
2026-07-15 11:14:34.052 Df avconferenced[1230:264eb7] [com.apple.AVConference:ViceroyTrace] VCMediaStream [NOTICE] -[VCMediaStream setRtcpEnabled:]:2153 VCAudioStream[0x77d8773000] -[VCMediaStream setRtcpEnabled:] rtcpEnabled[0]
2026-07-15 11:14:34.153 Df avconferenced[1230:264aa6] [com.apple.AVConference:ViceroyTrace] VCMediaStream [NOTICE] -[VCMediaStream setRtcpEnabled:]:2153 VCAudioStream[0x77d8772800] -[VCMediaStream setRtcpEnabled:] rtcpEnabled[0]
2026-07-15 11:14:34.153 Df avconferenced[1230:264aa6] [com.apple.AVConference:ViceroyTrace] VCMediaStream [NOTICE] -[VCMediaStream setRtcpEnabled:]:2153 VCAudioStream[0x77d8773000] -[VCMediaStream setRtcpEnabled:] rtcpEnabled[0]
2026-07-15 11:14:34.253 Df avconferenced[1230:264ee4] [com.apple.AVConference:ViceroyTrace] VCMediaStream [NOTICE] -[VCMediaStream setRtcpEnabled:]:2153 VCAudioStream[0x77d8772800] -[VCMediaStream setRtcpEnabled:] rtcpEnabled[0]
2026-07-15 11:14:34.253 Df avconferenced[1230:264ee4] [com.apple.AVConference:ViceroyTrace] VCMediaStream [NOTICE] -[VCMediaStream setRtcpEnabled:]:2153 VCAudioStream[0x77d8773000] -[VCMediaStream setRtcpEnabled:] rtcpEnabled[0]
2026-07-15 11:14:34.285 Df avconferenced[1230:262cc9] [com.apple.AVConference:ViceroyTrace] VCAudioStream [NOTICE] _VCAudioStream_CheckAbnormalOWRDAndResetLagReference:466 (0x77d51dc800) RTT=1.284, TxBW=704365b/sec, PLR=0.00%, PLaMR=0.22%
2026-07-15 11:14:34.354 Df avconferenced[1230:264aa6] [com.apple.AVConference:ViceroyTrace] VCMediaStream [NOTICE] -[VCMediaStream setRtcpEnabled:]:2153 VCAudioStream[0x77d8772800] -[VCMediaStream setRtcpEnabled:] rtcpEnabled[0]
2026-07-15 11:14:34.354 Df avconferenced[1230:264aa6] [com.apple.AVConference:ViceroyTrace] VCMediaStream [NOTICE] -[VCMediaStream setRtcpEnabled:]:2153 VCAudioStream[0x77d8773000] -[VCMediaStream setRtcpEnabled:] rtcpEnabled[0]
2026-07-15 11:14:34.367 Df avconferenced[1230:2620cb] [com.apple.AVConference:ViceroyTrace] [NOTICE] -[VCAudioTransmitter applySelectedTier:newBitrate:duplicationPercent:redundancyPayloadCount:redundancyMaxBlockDelay:]:1243 VCAudioTransmitter(0x77e26fa800) Switching audio bitrate tier payload from=104 to=104 for total tx=68000: netBitrate from=124000 to=74000, bundle from=1 to=1
2026-07-15 11:14:34.367 Df avconferenced[1230:2620cb] [com.apple.AVConference:ViceroyTrace] [NOTICE] -[VCAudioTransmitter updateAudioTxBitrate]:1666 VCAudioTransmitter(0x77e26fa800) Setting audioTxBitrate to 74000, 48000 audio + 26000 ((64/1+1)*24000/480) header for mode=1
2026-07-15 11:14:34.425 Df avconferenced[1230:262cc9] [com.apple.AVConference:ViceroyTrace] VCAudioStream [NOTICE] _VCAudioStream_CheckAbnormalOWRDAndResetLagReference:466 (0x77d51dc800) RTT=1.341, TxBW=544654b/sec, PLR=0.00%, PLaMR=0.22%
2026-07-15 11:14:34.828 Df avconferenced[1230:264eb5] [com.apple.AVConference:ViceroyTrace] VCMediaStream [NOTICE] -[VCMediaStream setRtcpEnabled:]:2153 VCAudioStream[0x77d8772800] -[VCMediaStream setRtcpEnabled:] rtcpEnabled[0]
2026-07-15 11:14:34.828 Df avconferenced[1230:264eb5] [com.apple.AVConference:ViceroyTrace] VCMediaStream [NOTICE] -[VCMediaStream setRtcpEnabled:]:2153 VCAudioStream[0x77d8773000] -[VCMediaStream setRtcpEnabled:] rtcpEnabled[0]
2026-07-15 11:14:34.847 Df avconferenced[1230:2620cb] [com.apple.AVConference:ViceroyTrace] [NOTICE] -[VCAudioTransmitter applySelectedTier:newBitrate:duplicationPercent:redundancyPayloadCount:redundancyMaxBlockDelay:]:1236 VCAudioTransmitter(0x77e26fa800) Overriding suggested red value=0 with red value=1
2026-07-15 11:14:34.847 Df avconferenced[1230:2620cb] [com.apple.AVConference:ViceroyTrace] [NOTICE] -[VCAudioTransmitter applySelectedTier:newBitrate:duplicationPercent:redundancyPayloadCount:redundancyMaxBlockDelay:]:1243 VCAudioTransmitter(0x77e26fa800) Switching audio bitrate tier payload from=104 to=104 for total tx=120000: netBitrate from=74000 to=124000, bundle from=1 to=1
2026-07-15 11:14:34.847 Df avconferenced[1230:2620cb] [com.apple.AVConference:ViceroyTrace] [NOTICE] -[VCAudioTransmitter updateAudioTxBitrate]:1666 VCAudioTransmitter(0x77e26fa800) Setting audioTxBitrate to 74000, 48000 audio + 26000 ((64/1+1)*24000/480) header for mode=1
2026-07-15 11:14:34.854 Df avconferenced[1230:264efd] [com.apple.AVConference:ViceroyTrace] VCMediaStream [NOTICE] -[VCMediaStream setRtcpEnabled:]:2153 VCAudioStream[0x77d8772800] -[VCMediaStream setRtcpEnabled:] rtcpEnabled[0]
2026-07-15 11:14:34.854 Df avconferenced[1230:264efd] [com.apple.AVConference:ViceroyTrace] VCMediaStream [NOTICE] -[VCMediaStream setRtcpEnabled:]:2153 VCAudioStream[0x77d8773000] -[VCMediaStream setRtcpEnabled:] rtcpEnabled[0]
2026-07-15 11:14:34.867 Df avconferenced[1230:2620cb] [com.apple.AVConference:ViceroyTrace] [NOTICE] -[VCAudioTransmitter applySelectedTier:newBitrate:duplicationPercent:redundancyPayloadCount:redundancyMaxBlockDelay:]:1243 VCAudioTransmitter(0x77e26fa800) Switching audio bitrate tier payload from=104 to=104 for total tx=68000: netBitrate from=124000 to=74000, bundle from=1 to=1
2026-07-15 11:14:34.867 Df avconferenced[1230:2620cb] [com.apple.AVConference:ViceroyTrace] [NOTICE] -[VCAudioTransmitter updateAudioTxBitrate]:1666 VCAudioTransmitter(0x77e26fa800) Setting audioTxBitrate to 74000, 48000 audio + 26000 ((64/1+1)*24000/480) header for mode=1
2026-07-15 11:14:34.997 Df avconferenced[1230:264eb4] [com.apple.AVConference:ViceroyTrace] VCMediaStream [NOTICE] -[VCMediaStream setRtcpEnabled:]:2153 VCAudioStream[0x77d8772800] -[VCMediaStream setRtcpEnabled:] rtcpEnabled[0]
2026-07-15 11:14:34.997 Df avconferenced[1230:264eb4] [com.apple.AVConference:ViceroyTrace] VCMediaStream [NOTICE] -[VCMediaStream setRtcpEnabled:]:2153 VCAudioStream[0x77d8773000] -[VCMediaStream setRtcpEnabled:] rtcpEnabled[0]
2026-07-15 11:14:35.005 E avconferenced[1230:262cc9] [com.apple.AVConference:ViceroyTrace] VCAudioPlayer [ERROR] _VCAudioPlayer_AddFrameToHistory:1749 (0x77e4f60120) Late packets played=6 currentTimestamp=6043200 currentSeqNum=9985
2026-07-15 11:14:35.007 Df avconferenced[1230:2620cb] [com.apple.AVConference:ViceroyTrace] [NOTICE] -[VCAudioTransmitter applySelectedTier:newBitrate:duplicationPercent:redundancyPayloadCount:redundancyMaxBlockDelay:]:1236 VCAudioTransmitter(0x77e26fa800) Overriding suggested red value=0 with red value=1
2026-07-15 11:14:35.007 Df avconferenced[1230:2620cb] [com.apple.AVConference:ViceroyTrace] [NOTICE] -[VCAudioTransmitter applySelectedTier:newBitrate:duplicationPercent:redundancyPayloadCount:redundancyMaxBlockDelay:]:1243 VCAudioTransmitter(0x77e26fa800) Switching audio bitrate tier payload from=104 to=104 for total tx=120000: netBitrate from=74000 to=124000, bundle from=1 to=1
2026-07-15 11:14:35.007 Df avconferenced[1230:2620cb] [com.apple.AVConference:ViceroyTrace] [NOTICE] -[VCAudioTransmitter updateAudioTxBitrate]:1666 VCAudioTransmitter(0x77e26fa800) Setting audioTxBitrate to 74000, 48000 audio + 26000 ((64/1+1)*24000/480) header for mode=1
2026-07-15 11:14:35.045 Df avconferenced[1230:264ee4] [com.apple.AVConference:ViceroyTrace] VCMediaStream [NOTICE] -[VCMediaStream setRtcpEnabled:]:2153 VCAudioStream[0x77d8772800] -[VCMediaStream setRtcpEnabled:] rtcpEnabled[0]
2026-07-15 11:14:35.045 Df avconferenced[1230:264ee4] [com.apple.AVConference:ViceroyTrace] VCMediaStream [NOTICE] -[VCMediaStream setRtcpEnabled:]:2153 VCAudioStream[0x77d8773000] -[VCMediaStream setRtcpEnabled:] rtcpEnabled[0]
2026-07-15 11:14:35.152 Df avconferenced[1230:264eb7] [com.apple.AVConference:ViceroyTrace] VCMediaStream [NOTICE] -[VCMediaStream setRtcpEnabled:]:2153 VCAudioStream[0x77d8772800] -[VCMediaStream setRtcpEnabled:] rtcpEnabled[0]
2026-07-15 11:14:35.152 Df avconferenced[1230:264eb7] [com.apple.AVConference:ViceroyTrace] VCMediaStream [NOTICE] -[VCMediaStream setRtcpEnabled:]:2153 VCAudioStream[0x77d8773000] -[VCMediaStream setRtcpEnabled:] rtcpEnabled[0]
2026-07-15 11:14:35.253 Df avconferenced[1230:264eb7] [com.apple.AVConference:ViceroyTrace] VCMediaStream [NOTICE] -[VCMediaStream setRtcpEnabled:]:2153 VCAudioStream[0x77d8772800] -[VCMediaStream setRtcpEnabled:] rtcpEnabled[0]
2026-07-15 11:14:35.253 Df avconferenced[1230:264eb7] [com.apple.AVConference:ViceroyTrace] VCMediaStream [NOTICE] -[VCMediaStream setRtcpEnabled:]:2153 VCAudioStream[0x77d8773000] -[VCMediaStream setRtcpEnabled:] rtcpEnabled[0]
2026-07-15 11:14:35.351 Df avconferenced[1230:264efd] [com.apple.AVConference:ViceroyTrace] VCMediaStream [NOTICE] -[VCMediaStream setRtcpEnabled:]:2153 VCAudioStream[0x77d8772800] -[VCMediaStream setRtcpEnabled:] rtcpEnabled[0]
2026-07-15 11:14:35.351 Df avconferenced[1230:264efd] [com.apple.AVConference:ViceroyTrace] VCMediaStream [NOTICE] -[VCMediaStream setRtcpEnabled:]:2153 VCAudioStream[0x77d8773000] -[VCMediaStream setRtcpEnabled:] rtcpEnabled[0]
2026-07-15 11:14:35.425 Df avconferenced[1230:262cc9] [com.apple.AVConference:ViceroyTrace] VCAudioStream [NOTICE] _VCAudioStream_CheckAbnormalOWRDAndResetLagReference:466 (0x77d51dc800) RTT=1.356, TxBW=704026b/sec, PLR=0.00%, PLaMR=6.01%
2026-07-15 11:14:35.733 Df avconferenced[1230:264ddf] [com.apple.AVConference:ViceroyTrace] VCMediaStream [NOTICE] -[VCMediaStream setRtcpEnabled:]:2153 VCAudioStream[0x77d8772800] -[VCMediaStream setRtcpEnabled:] rtcpEnabled[0]
2026-07-15 11:14:35.733 Df avconferenced[1230:264ddf] [com.apple.AVConference:ViceroyTrace] VCMediaStream [NOTICE] -[VCMediaStream setRtcpEnabled:]:2153 VCAudioStream[0x77d8773000] -[VCMediaStream setRtcpEnabled:] rtcpEnabled[0]
2026-07-15 11:14:35.828 Df avconferenced[1230:262006] [com.apple.AVConference:ViceroyTrace] [NOTICE] -[VCAudioStreamGroupCommon collectAndLogChannelMetrics:averagePower:]:612 streamGroupID=micr participantUUID=C1BAF2CC-1AF1-481B-A511-4AFABC0321DB (0x77e52ac8c0) Health Monitor for Audio Stream Send Group streamID=0 audio=113kbps VCAudioIO=0x77d548ca00 procsCount=12346 averagePower=-77.355965 state=2 noVoiceActivityPacketCount=0
2026-07-15 11:14:35.828 Df avconferenced[1230:262006] [com.apple.AVConference:ViceroyTrace] [NOTICE] -[VCAudioStreamGroupCommon collectAndLogChannelMetrics:averagePower:]:612 streamGroupID=micr participantUUID=2D2ABE74-AEC4-49D1-8031-D358ACF241F4 (0x77e52ad6c0) Health Monitor for Audio Stream Receive Group streamID=65365 audio=60kbps VCAudioIO=0x77d5496200 procsCount=12343 averagePower=-54.061451 state=2 noVoiceActivityPacketCount=0
2026-07-15 11:14:35.828 Df avconferenced[1230:262006] [com.apple.AVConference:ViceroyTrace] [NOTICE] -[VCAudioStreamReceiveGroup collectAndLogChannelMetrics:]:165 @=@ Health: VCAudioStreamReceiveGroup self=0x77e26def80 streamGroupID=micr participantUUID=2D2ABE74-AEC4-49D1-8031-D358ACF241F4 speakerProcsCalled=12343, averageOutputPower=-54.061451, syncTargetCalled=24680
2026-07-15 11:14:35.828 Df avconferenced[1230:262006] [com.apple.AVConference:ViceroyTrace] [NOTICE] -[VCAudioStreamGroupCommon collectAndLogChannelMetrics:averagePower:]:612 streamGroupID=micr participantUUID=2D2ABE74-AEC4-49D1-8031-D358ACF241F4 (0x77e52ad6c0) Health Monitor for Audio Stream Receive Group streamID=65365 audio=60kbps VCAudioIO=0x77d5496200 procsCount=12343 averagePower=-54.061451 state=2 noVoiceActivityPacketCount=0
2026-07-15 11:14:35.828 Df avconferenced[1230:262006] [com.apple.AVConference:ViceroyTrace] [NOTICE] -[VCAudioStreamReceiveGroup collectAndLogChannelMetrics:]:165 @=@ Health: VCAudioStreamReceiveGroup self=0x77e26def80 streamGroupID=micr participantUUID=2D2ABE74-AEC4-49D1-8031-D358ACF241F4 speakerProcsCalled=12343, averageOutputPower=-54.061451, syncTargetCalled=24680
2026-07-15 11:14:35.828 Df avconferenced[1230:2639a3] [com.apple.AVConference:ViceroyTrace] VCAudioReceiver [NOTICE] _VCAudioReceiver_CalculateAndReportRTPMetrics:660 @=@ Health: VCAudioReceiver VCAudioReceiver[0x77d9182000] ParticipantID=2D2ABE74-AEC4-49D1-8031-D358ACF241F4 erasure percentage=19.52% PLR percentage=0.00% current percentage:0.00% (rec:221 exp:221, loss:0) receiver(rtp=442, bb=0, unk=0, dup=221, drop=0) jb(enc=424, drop=0) infobuf(rec=9762, exp:1506, drec=9737, dexp=1481)
2026-07-15 11:14:35.828 Df avconferenced[1230:262006] [com.apple.AVConference:ViceroyTrace] [NOTICE] -[VCAudioTransmitter gatherRealtimeStats:]:772 @=@ Health: VCAudioTransmitter [0x77e26fa800] audioTxBitrate=115kbps, audioFecTx=1.000000, primaryAudioTxRate=47kbps, audioStreamRedundancyLevel=1, _qualityIndex=0, payload=104, totalPacketsSent=11567 streamIDsCount=0 _targetBitrate=120000 _currentTargetBitrate=120000 _supportsAdaptation=1 audioTxRedRate=43kbps
2026-07-15 11:14:35.828 Df avconferenced[1230:2639a3] [com.apple.AVConference:ViceroyTrace] VCAudioReceiver [NOTICE] _VCAudioReceiver_RegisterReportingTask_block_invoke_2:851 @=@ Health: VCAudioReceiver VCAudioReceiver[0x77d9182000] audioRxBitrate=48kbps, primaryAudioRxRate=23kbps payload=104 streamID=0 redReceivedBitrate=10kbps totalPacketsReceived=9751 mediaBitrateNoRed=14kbps redPlayedRate=0kbps redDiscardedRate=10kbps
2026-07-15 11:14:35.897 Df avconferenced[1230:264efd] [com.apple.AVConference:ViceroyTrace] VCMediaStream [NOTICE] -[VCMediaStream setRtcpEnabled:]:2153 VCAudioStream[0x77d8772800] -[VCMediaStream setRtcpEnabled:] rtcpEnabled[0]
2026-07-15 11:14:35.897 Df avconferenced[1230:264efd] [com.apple.AVConference:ViceroyTrace] VCMediaStream [NOTICE] -[VCMediaStream setRtcpEnabled:]:2153 VCAudioStream[0x77d8773000] -[VCMediaStream setRtcpEnabled:] rtcpEnabled[0]
2026-07-15 11:14:35.898 Df avconferenced[1230:264eb7] [com.apple.AVConference:ViceroyTrace] VCMediaStream [NOTICE] -[VCMediaStream setRtcpEnabled:]:2153 VCAudioStream[0x77d8772800] -[VCMediaStream setRtcpEnabled:] rtcpEnabled[0]
2026-07-15 11:14:35.898 Df avconferenced[1230:264eb7] [com.apple.AVConference:ViceroyTrace] VCMediaStream [NOTICE] -[VCMediaStream setRtcpEnabled:]:2153 VCAudioStream[0x77d8773000] -[VCMediaStream setRtcpEnabled:] rtcpEnabled[0]
2026-07-15 11:14:36.004 Df audioaccessoryd[1042:264a5c] [com.apple.bluetooth:BTSmartRoutingDaemon] AudioStateSnapshot: BtState PoweredOn Route Bluetooth App com.apple.avconferenced, Score 501, Remote 0 NumofApp 3
2026-07-15 11:14:36.103 Df coreaudiod[843:262c9b] [com.apple.coreaudio:aid] IssueReporting.cpp:490 RTAID [ use_case=Generic report_type=RMS Generic Chain clientID=ADM node=ADM::com.apple.avconferenced_1090.1100.0_airpods noise suppression studio::in-0 issue_detected_sample_time=0.000000 ] -- [ rms:[-25.443577], peaks:[-6.036853] ]
2026-07-15 11:14:36.106 Df coreaudiod[843:262c9b] [com.apple.coreaudio:aid] IssueReporting.cpp:490 RTAID [ use_case=Generic report_type=RMS Generic Chain clientID=ADM node=ADM::com.apple.avconferenced_1090.1100.0_airpods noise suppression studio::out-0 issue_detected_sample_time=4800480.000000 ] -- [ rms:[-19.594316], peaks:[-1.418659] ]
2026-07-15 11:14:36.143 Df avconferenced[1230:264eb4] [com.apple.AVConference:ViceroyTrace] VCMediaStream [NOTICE] -[VCMediaStream setRtcpEnabled:]:2153 VCAudioStream[0x77d8772800] -[VCMediaStream setRtcpEnabled:] rtcpEnabled[0]
2026-07-15 11:14:36.143 Df avconferenced[1230:264eb4] [com.apple.AVConference:ViceroyTrace] VCMediaStream [NOTICE] -[VCMediaStream setRtcpEnabled:]:2153 VCAudioStream[0x77d8773000] -[VCMediaStream setRtcpEnabled:] rtcpEnabled[0]
2026-07-15 11:14:36.264 Df FaceTime[3023:261da4] [com.apple.calls.telephonyutilities:Default] _cachedInputDevices = ( "" )
2026-07-15 11:14:36.280 Df FaceTime[3023:261da4] [com.apple.calls.telephonyutilities:Default] _cachedInputDevices = ( "" )
2026-07-15 11:14:36.417 Df avconferenced[1230:264eb7] [com.apple.AVConference:ViceroyTrace] VCMediaStream [NOTICE] -[VCMediaStream setRtcpEnabled:]:2153 VCAudioStream[0x77d8772800] -[VCMediaStream setRtcpEnabled:] rtcpEnabled[0]
2026-07-15 11:14:36.417 Df avconferenced[1230:264eb7] [com.apple.AVConference:ViceroyTrace] VCMediaStream [NOTICE] -[VCMediaStream setRtcpEnabled:]:2153 VCAudioStream[0x77d8773000] -[VCMediaStream setRtcpEnabled:] rtcpEnabled[0]
2026-07-15 11:14:36.425 Df avconferenced[1230:262cc9] [com.apple.AVConference:ViceroyTrace] VCAudioStream [NOTICE] _VCAudioStream_CheckAbnormalOWRDAndResetLagReference:466 (0x77d51dc800) RTT=0.149, TxBW=1172180b/sec, PLR=0.00%, PLaMR=6.01%
2026-07-15 11:14:36.465 Df avconferenced[1230:262cc9] [com.apple.AVConference:ViceroyTrace] VCAudioStream [NOTICE] _VCAudioStream_CheckAbnormalOWRDAndResetLagReference:466 (0x77d51dc800) RTT=0.140, TxBW=1172180b/sec, PLR=0.00%, PLaMR=6.01%
2026-07-15 11:14:36.629 Df avconferenced[1230:264eb3] [com.apple.AVConference:ViceroyTrace] VCMediaStream [NOTICE] -[VCMediaStream setRtcpEnabled:]:2153 VCAudioStream[0x77d8772800] -[VCMediaStream setRtcpEnabled:] rtcpEnabled[0]
2026-07-15 11:14:36.629 Df avconferenced[1230:264eb3] [com.apple.AVConference:ViceroyTrace] VCMediaStream [NOTICE] -[VCMediaStream setRtcpEnabled:]:2153 VCAudioStream[0x77d8773000] -[VCMediaStream setRtcpEnabled:] rtcpEnabled[0]
2026-07-15 11:14:36.820 Df avconferenced[1230:264ddf] [com.apple.AVConference:ViceroyTrace] VCMediaStream [NOTICE] -[VCMediaStream setRtcpEnabled:]:2153 VCAudioStream[0x77d8772800] -[VCMediaStream setRtcpEnabled:] rtcpEnabled[0]
2026-07-15 11:14:36.820 Df avconferenced[1230:264ddf] [com.apple.AVConference:ViceroyTrace] VCMediaStream [NOTICE] -[VCMediaStream setRtcpEnabled:]:2153 VCAudioStream[0x77d8773000] -[VCMediaStream setRtcpEnabled:] rtcpEnabled[0]
2026-07-15 11:14:37.024 Df avconferenced[1230:264eb3] [com.apple.AVConference:ViceroyTrace] VCMediaStream [NOTICE] -[VCMediaStream setRtcpEnabled:]:2153 VCAudioStream[0x77d8772800] -[VCMediaStream setRtcpEnabled:] rtcpEnabled[0]
2026-07-15 11:14:37.024 Df avconferenced[1230:264eb3] [com.apple.AVConference:ViceroyTrace] VCMediaStream [NOTICE] -[VCMediaStream setRtcpEnabled:]:2153 VCAudioStream[0x77d8773000] -[VCMediaStream setRtcpEnabled:] rtcpEnabled[0]
2026-07-15 11:14:37.485 Df avconferenced[1230:262cc9] [com.apple.AVConference:ViceroyTrace] VCAudioStream [NOTICE] _VCAudioStream_CheckAbnormalOWRDAndResetLagReference:466 (0x77d51dc800) RTT=0.111, TxBW=1193092b/sec, PLR=0.00%, PLaMR=6.01%
2026-07-15 11:14:37.585 Df avconferenced[1230:262cc9] [com.apple.AVConference:ViceroyTrace] VCAudioStream [NOTICE] _VCAudioStream_CheckAbnormalOWRDAndResetLagReference:466 (0x77d51dc800) RTT=0.210, TxBW=1193092b/sec, PLR=0.00%, PLaMR=6.01%
2026-07-15 11:14:37.705 Df avconferenced[1230:264eb7] [com.apple.AVConference:ViceroyTrace] VCMediaStream [NOTICE] -[VCMediaStream setRtcpEnabled:]:2153 VCAudioStream[0x77d8772800] -[VCMediaStream setRtcpEnabled:] rtcpEnabled[0]
2026-07-15 11:14:37.705 Df avconferenced[1230:264eb7] [com.apple.AVConference:ViceroyTrace] VCMediaStream [NOTICE] -[VCMediaStream setRtcpEnabled:]:2153 VCAudioStream[0x77d8773000] -[VCMediaStream setRtcpEnabled:] rtcpEnabled[0]
2026-07-15 11:14:38.102 Df avconferenced[1230:264eb6] [com.apple.AVConference:ViceroyTrace] VCMediaStream [NOTICE] -[VCMediaStream setRtcpEnabled:]:2153 VCAudioStream[0x77d8772800] -[VCMediaStream setRtcpEnabled:] rtcpEnabled[0]
2026-07-15 11:14:38.102 Df avconferenced[1230:264eb6] [com.apple.AVConference:ViceroyTrace] VCMediaStream [NOTICE] -[VCMediaStream setRtcpEnabled:]:2153 VCAudioStream[0x77d8773000] -[VCMediaStream setRtcpEnabled:] rtcpEnabled[0]
2026-07-15 11:14:38.605 Df avconferenced[1230:262cc9] [com.apple.AVConference:ViceroyTrace] VCAudioStream [NOTICE] _VCAudioStream_CheckAbnormalOWRDAndResetLagReference:466 (0x77d51dc800) RTT=0.145, TxBW=1207264b/sec, PLR=0.00%, PLaMR=6.01%
2026-07-15 11:14:38.625 Df avconferenced[1230:262cc9] [com.apple.AVConference:ViceroyTrace] VCAudioStream [NOTICE] _VCAudioStream_CheckAbnormalOWRDAndResetLagReference:466 (0x77d51dc800) RTT=0.204, TxBW=1207264b/sec, PLR=0.00%, PLaMR=6.01%
2026-07-15 11:14:38.752 Df avconferenced[1230:264aa6] [com.apple.AVConference:ViceroyTrace] VCMediaStream [NOTICE] -[VCMediaStream setRtcpEnabled:]:2153 VCAudioStream[0x77d8772800] -[VCMediaStream setRtcpEnabled:] rtcpEnabled[0]
2026-07-15 11:14:38.752 Df avconferenced[1230:264aa6] [com.apple.AVConference:ViceroyTrace] VCMediaStream [NOTICE] -[VCMediaStream setRtcpEnabled:]:2153 VCAudioStream[0x77d8773000] -[VCMediaStream setRtcpEnabled:] rtcpEnabled[0]
2026-07-15 11:14:39.003 Df audioaccessoryd[1042:264677] [com.apple.bluetooth:BTSmartRoutingDaemon] AudioStateSnapshot: BtState PoweredOn Route Bluetooth App com.apple.avconferenced, Score 501, Remote 0 NumofApp 3
2026-07-15 11:14:39.150 Df avconferenced[1230:264ee4] [com.apple.AVConference:ViceroyTrace] VCMediaStream [NOTICE] -[VCMediaStream setRtcpEnabled:]:2153 VCAudioStream[0x77d8772800] -[VCMediaStream setRtcpEnabled:] rtcpEnabled[0]
2026-07-15 11:14:39.150 Df avconferenced[1230:264ee4] [com.apple.AVConference:ViceroyTrace] VCMediaStream [NOTICE] -[VCMediaStream setRtcpEnabled:]:2153 VCAudioStream[0x77d8773000] -[VCMediaStream setRtcpEnabled:] rtcpEnabled[0]
2026-07-15 11:14:39.152 Df avconferenced[1230:264eb4] [com.apple.AVConference:ViceroyTrace] VCMediaStream [NOTICE] -[VCMediaStream setRtcpEnabled:]:2153 VCAudioStream[0x77d8772800] -[VCMediaStream setRtcpEnabled:] rtcpEnabled[0]
2026-07-15 11:14:39.152 Df avconferenced[1230:264eb4] [com.apple.AVConference:ViceroyTrace] VCMediaStream [NOTICE] -[VCMediaStream setRtcpEnabled:]:2153 VCAudioStream[0x77d8773000] -[VCMediaStream setRtcpEnabled:] rtcpEnabled[0]
2026-07-15 11:14:39.625 Df avconferenced[1230:262cc9] [com.apple.AVConference:ViceroyTrace] VCAudioStream [NOTICE] _VCAudioStream_CheckAbnormalOWRDAndResetLagReference:466 (0x77d51dc800) RTT=0.127, TxBW=1228836b/sec, PLR=0.00%, PLaMR=6.01%
2026-07-15 11:14:39.685 Df avconferenced[1230:262cc9] [com.apple.AVConference:ViceroyTrace] VCAudioStream [NOTICE] _VCAudioStream_CheckAbnormalOWRDAndResetLagReference:466 (0x77d51dc800) RTT=0.153, TxBW=1228836b/sec, PLR=0.00%, PLaMR=6.01%
2026-07-15 11:14:39.816 Df avconferenced[1230:264ee4] [com.apple.AVConference:ViceroyTrace] VCMediaStream [NOTICE] -[VCMediaStream setRtcpEnabled:]:2153 VCAudioStream[0x77d8772800] -[VCMediaStream setRtcpEnabled:] rtcpEnabled[0]
2026-07-15 11:14:39.816 Df avconferenced[1230:264ee4] [com.apple.AVConference:ViceroyTrace] VCMediaStream [NOTICE] -[VCMediaStream setRtcpEnabled:]:2153 VCAudioStream[0x77d8773000] -[VCMediaStream setRtcpEnabled:] rtcpEnabled[0]
2026-07-15 11:14:39.972 Df audioaccessoryd[1042:264a5c] [com.apple.bluetooth:BTSmartRoutingDaemon] PredictiveRoute: Evaluating localScore 501 currentRoute Bluetooth delay 2.00s inEarWx CC:22:FE:90:F0:98 secondsSinceManualSpeaker 70707s speakerTick 0 hijackBlockingleft 0.00s hijackBlockingTick 0 secondsSinceHFPSetupFail 70707s hfpSetupFailTick 0
2026-07-15 11:14:39.972 Df audioaccessoryd[1042:264a5c] [com.apple.bluetooth:BTSmartRoutingDaemon] PredictiveRoute: Skip, Mac is not idle. LocalScore 501 App com.apple.avconferenced
2026-07-15 11:14:39.972 Df audioaccessoryd[1042:264a5c] [com.apple.bluetooth:BTSmartRoutingDaemon] PredictiveRoute: Evaluating localScore 501 currentRoute Bluetooth delay 2.00s inEarWx CC:22:FE:90:F0:98 secondsSinceManualSpeaker 70707s speakerTick 0 hijackBlockingleft 0.00s hijackBlockingTick 0 secondsSinceHFPSetupFail 70707s hfpSetupFailTick 0
2026-07-15 11:14:39.972 Df audioaccessoryd[1042:264a5c] [com.apple.bluetooth:BTSmartRoutingDaemon] PredictiveRoute: Skip, Mac is not idle. LocalScore 501 App com.apple.avconferenced
2026-07-15 11:14:39.979 Df audioaccessoryd[1042:264677] [com.apple.AudioAccessory:AAConversationDetectSessionManager] Microphone in-use state changed: yes -> yes, audioRecordingAttributions count 1
2026-07-15 11:14:39.979 Df audioaccessoryd[1042:264677] [com.apple.AudioAccessory:AAConversationDetectSessionManager] Updated pause conversation state to: yes, _isMicrophoneInUse: yes
2026-07-15 11:14:39.989 Df audioaccessoryd[1042:264a60] [com.apple.bluetooth:BTSmartRoutingDaemon] PredictiveRoute: Evaluating localScore 501 currentRoute Bluetooth delay 2.00s inEarWx CC:22:FE:90:F0:98 secondsSinceManualSpeaker 70707s speakerTick 0 hijackBlockingleft 0.00s hijackBlockingTick 0 secondsSinceHFPSetupFail 70707s hfpSetupFailTick 0
2026-07-15 11:14:39.989 Df audioaccessoryd[1042:264a60] [com.apple.bluetooth:BTSmartRoutingDaemon] PredictiveRoute: Skip, Mac is not idle. LocalScore 501 App com.apple.avconferenced
2026-07-15 11:14:39.989 Df audioaccessoryd[1042:264a60] [com.apple.bluetooth:BTSmartRoutingDaemon] PredictiveRoute: Evaluating localScore 501 currentRoute Bluetooth delay 2.00s inEarWx CC:22:FE:90:F0:98 secondsSinceManualSpeaker 70707s speakerTick 0 hijackBlockingleft 0.00s hijackBlockingTick 0 secondsSinceHFPSetupFail 70707s hfpSetupFailTick 0
2026-07-15 11:14:39.989 Df audioaccessoryd[1042:264a60] [com.apple.bluetooth:BTSmartRoutingDaemon] PredictiveRoute: Skip, Mac is not idle. LocalScore 501 App com.apple.avconferenced
2026-07-15 11:14:39.989 Df audioaccessoryd[1042:264a60] [com.apple.bluetooth:BTSmartRoutingDaemon] inputDeviceChange, Wx addr found CC:22:FE:90:F0:98
2026-07-15 11:14:39.993 Df audioaccessoryd[1042:264a60] [com.apple.bluetooth:BTSmartRoutingDaemon] inputDeviceChange, Wx addr found CC:22:FE:90:F0:98
2026-07-15 11:14:40.198 Df avconferenced[1230:264eb3] [com.apple.AVConference:ViceroyTrace] VCMediaStream [NOTICE] -[VCMediaStream setRtcpEnabled:]:2153 VCAudioStream[0x77d8772800] -[VCMediaStream setRtcpEnabled:] rtcpEnabled[0]
2026-07-15 11:14:40.198 Df avconferenced[1230:264eb3] [com.apple.AVConference:ViceroyTrace] VCMediaStream [NOTICE] -[VCMediaStream setRtcpEnabled:]:2153 VCAudioStream[0x77d8773000] -[VCMediaStream setRtcpEnabled:] rtcpEnabled[0]
2026-07-15 11:14:40.200 Df avconferenced[1230:264eb7] [com.apple.AVConference:ViceroyTrace] VCMediaStream [NOTICE] -[VCMediaStream setRtcpEnabled:]:2153 VCAudioStream[0x77d8772800] -[VCMediaStream setRtcpEnabled:] rtcpEnabled[0]
2026-07-15 11:14:40.200 Df avconferenced[1230:264eb7] [com.apple.AVConference:ViceroyTrace] VCMediaStream [NOTICE] -[VCMediaStream setRtcpEnabled:]:2153 VCAudioStream[0x77d8773000] -[VCMediaStream setRtcpEnabled:] rtcpEnabled[0]
2026-07-15 11:14:40.416 Df avconferenced[1230:264efd] [com.apple.AVConference:ViceroyTrace] VCMediaStream [NOTICE] -[VCMediaStream setRtcpEnabled:]:2153 VCAudioStream[0x77d8772800] -[VCMediaStream setRtcpEnabled:] rtcpEnabled[0]
2026-07-15 11:14:40.416 Df avconferenced[1230:264efd] [com.apple.AVConference:ViceroyTrace] VCMediaStream [NOTICE] -[VCMediaStream setRtcpEnabled:]:2153 VCAudioStream[0x77d8773000] -[VCMediaStream setRtcpEnabled:] rtcpEnabled[0]
2026-07-15 11:14:40.705 Df avconferenced[1230:262cc9] [com.apple.AVConference:ViceroyTrace] VCAudioStream [NOTICE] _VCAudioStream_CheckAbnormalOWRDAndResetLagReference:466 (0x77d51dc800) RTT=0.128, TxBW=1257476b/sec, PLR=0.00%, PLaMR=4.21%
2026-07-15 11:14:40.730 Df avconferenced[1230:264ddf] [com.apple.AVConference:ViceroyTrace] VCMediaStream [NOTICE] -[VCMediaStream setRtcpEnabled:]:2153 VCAudioStream[0x77d8772800] -[VCMediaStream setRtcpEnabled:] rtcpEnabled[0]
2026-07-15 11:14:40.730 Df avconferenced[1230:264ddf] [com.apple.AVConference:ViceroyTrace] VCMediaStream [NOTICE] -[VCMediaStream setRtcpEnabled:]:2153 VCAudioStream[0x77d8773000] -[VCMediaStream setRtcpEnabled:] rtcpEnabled[0]
2026-07-15 11:14:40.745 Df avconferenced[1230:262cc9] [com.apple.AVConference:ViceroyTrace] VCAudioStream [NOTICE] _VCAudioStream_CheckAbnormalOWRDAndResetLagReference:466 (0x77d51dc800) RTT=0.154, TxBW=1264997b/sec, PLR=0.00%, PLaMR=4.21%
2026-07-15 11:14:40.819 Df avconferenced[1230:262006] [com.apple.AVConference:ViceroyTrace] [NOTICE] -[VCAudioStreamGroupCommon collectAndLogChannelMetrics:averagePower:]:612 streamGroupID=micr participantUUID=C1BAF2CC-1AF1-481B-A511-4AFABC0321DB (0x77e52ac8c0) Health Monitor for Audio Stream Send Group streamID=0 audio=112kbps VCAudioIO=0x77d548ca00 procsCount=12595 averagePower=-18.313482 state=2 noVoiceActivityPacketCount=0
2026-07-15 11:14:40.819 Df avconferenced[1230:262006] [com.apple.AVConference:ViceroyTrace] [NOTICE] -[VCAudioStreamGroupCommon collectAndLogChannelMetrics:averagePower:]:612 streamGroupID=micr participantUUID=2D2ABE74-AEC4-49D1-8031-D358ACF241F4 (0x77e52ad6c0) Health Monitor for Audio Stream Receive Group streamID=65365 audio=48kbps VCAudioIO=0x77d5496200 procsCount=12592 averagePower=-104.434189 state=2 noVoiceActivityPacketCount=0
2026-07-15 11:14:40.819 Df avconferenced[1230:262006] [com.apple.AVConference:ViceroyTrace] [NOTICE] -[VCAudioStreamReceiveGroup collectAndLogChannelMetrics:]:165 @=@ Health: VCAudioStreamReceiveGroup self=0x77e26def80 streamGroupID=micr participantUUID=2D2ABE74-AEC4-49D1-8031-D358ACF241F4 speakerProcsCalled=12592, averageOutputPower=-104.434189, syncTargetCalled=25178
2026-07-15 11:14:40.819 Df avconferenced[1230:262006] [com.apple.AVConference:ViceroyTrace] [NOTICE] -[VCAudioStreamGroupCommon collectAndLogChannelMetrics:averagePower:]:612 streamGroupID=micr participantUUID=2D2ABE74-AEC4-49D1-8031-D358ACF241F4 (0x77e52ad6c0) Health Monitor for Audio Stream Receive Group streamID=65365 audio=48kbps VCAudioIO=0x77d5496200 procsCount=12592 averagePower=-104.434189 state=2 noVoiceActivityPacketCount=0
2026-07-15 11:14:40.819 Df avconferenced[1230:262006] [com.apple.AVConference:ViceroyTrace] [NOTICE] -[VCAudioStreamReceiveGroup collectAndLogChannelMetrics:]:165 @=@ Health: VCAudioStreamReceiveGroup self=0x77e26def80 streamGroupID=micr participantUUID=2D2ABE74-AEC4-49D1-8031-D358ACF241F4 speakerProcsCalled=12592, averageOutputPower=-104.434189, syncTargetCalled=25178
2026-07-15 11:14:40.819 Df avconferenced[1230:263113] [com.apple.AVConference:ViceroyTrace] VCAudioReceiver [NOTICE] _VCAudioReceiver_CalculateAndReportRTPMetrics:660 @=@ Health: VCAudioReceiver VCAudioReceiver[0x77d9182000] ParticipantID=2D2ABE74-AEC4-49D1-8031-D358ACF241F4 erasure percentage=0.00% PLR percentage=0.00% current percentage:0.00% (rec:290 exp:290, loss:0) receiver(rtp=579, bb=0, unk=0, dup=289, drop=0) jb(enc=554, drop=0) infobuf(rec=10052, exp:1796, drec=10027, dexp=1771)
2026-07-15 11:14:40.819 Df avconferenced[1230:263113] [com.apple.AVConference:ViceroyTrace] VCAudioReceiver [NOTICE] _VCAudioReceiver_RegisterReportingTask_block_invoke_2:851 @=@ Health: VCAudioReceiver VCAudioReceiver[0x77d9182000] audioRxBitrate=87kbps, primaryAudioRxRate=55kbps payload=104 streamID=0 redReceivedBitrate=25kbps totalPacketsReceived=10041 mediaBitrateNoRed=29kbps redPlayedRate=0kbps redDiscardedRate=25kbps
2026-07-15 11:14:40.821 Df avconferenced[1230:2626c9] [com.apple.AVConference:ViceroyTrace] [NOTICE] -[VCAudioTransmitter gatherRealtimeStats:]:772 @=@ Health: VCAudioTransmitter [0x77e26fa800] audioTxBitrate=113kbps, audioFecTx=1.000000, primaryAudioTxRate=43kbps, audioStreamRedundancyLevel=1, _qualityIndex=0, payload=104, totalPacketsSent=11816 streamIDsCount=0 _targetBitrate=120000 _currentTargetBitrate=120000 _supportsAdaptation=1 audioTxRedRate=45kbps
2026-07-15 11:14:40.850 Df avconferenced[1230:264ddf] [com.apple.AVConference:ViceroyTrace] VCMediaStream [NOTICE] -[VCMediaStream setRtcpEnabled:]:2153 VCAudioStream[0x77d8772800] -[VCMediaStream setRtcpEnabled:] rtcpEnabled[0]
2026-07-15 11:14:40.850 Df avconferenced[1230:264ddf] [com.apple.AVConference:ViceroyTrace] VCMediaStream [NOTICE] -[VCMediaStream setRtcpEnabled:]:2153 VCAudioStream[0x77d8773000] -[VCMediaStream setRtcpEnabled:] rtcpEnabled[0]
2026-07-15 11:14:41.047 Df FaceTime[3023:261da4] [com.apple.calls.telephonyutilities:Default] _cachedInputDevices = ( "" )
2026-07-15 11:14:41.248 Df avconferenced[1230:264eb7] [com.apple.AVConference:ViceroyTrace] VCMediaStream [NOTICE] -[VCMediaStream setRtcpEnabled:]:2153 VCAudioStream[0x77d8772800] -[VCMediaStream setRtcpEnabled:] rtcpEnabled[0]
2026-07-15 11:14:41.248 Df avconferenced[1230:264eb7] [com.apple.AVConference:ViceroyTrace] VCMediaStream [NOTICE] -[VCMediaStream setRtcpEnabled:]:2153 VCAudioStream[0x77d8773000] -[VCMediaStream setRtcpEnabled:] rtcpEnabled[0]
2026-07-15 11:14:41.252 Df avconferenced[1230:264ddf] [com.apple.AVConference:ViceroyTrace] VCMediaStream [NOTICE] -[VCMediaStream setRtcpEnabled:]:2153 VCAudioStream[0x77d8772800] -[VCMediaStream setRtcpEnabled:] rtcpEnabled[0]
2026-07-15 11:14:41.252 Df avconferenced[1230:264ddf] [com.apple.AVConference:ViceroyTrace] VCMediaStream [NOTICE] -[VCMediaStream setRtcpEnabled:]:2153 VCAudioStream[0x77d8773000] -[VCMediaStream setRtcpEnabled:] rtcpEnabled[0]
2026-07-15 11:14:41.256 Df avconferenced[1230:264ead] [com.apple.AVConference:ViceroyTrace] VCMediaStream [NOTICE] -[VCMediaStream setRtcpEnabled:]:2153 VCAudioStream[0x77d8772800] -[VCMediaStream setRtcpEnabled:] rtcpEnabled[0]
2026-07-15 11:14:41.256 Df avconferenced[1230:264ead] [com.apple.AVConference:ViceroyTrace] VCMediaStream [NOTICE] -[VCMediaStream setRtcpEnabled:]:2153 VCAudioStream[0x77d8773000] -[VCMediaStream setRtcpEnabled:] rtcpEnabled[0]
2026-07-15 11:14:41.535 Df avconferenced[1230:264ead] [com.apple.AVConference:ViceroyTrace] VCMediaStream [NOTICE] -[VCMediaStream setRtcpEnabled:]:2153 VCAudioStream[0x77d8772800] -[VCMediaStream setRtcpEnabled:] rtcpEnabled[0]
2026-07-15 11:14:41.535 Df avconferenced[1230:264ead] [com.apple.AVConference:ViceroyTrace] VCMediaStream [NOTICE] -[VCMediaStream setRtcpEnabled:]:2153 VCAudioStream[0x77d8773000] -[VCMediaStream setRtcpEnabled:] rtcpEnabled[0]
2026-07-15 11:14:41.676 Df FaceTime[3023:261da4] [com.apple.calls.telephonyutilities:Default] _cachedInputDevices = ( "" )
2026-07-15 11:14:41.765 Df avconferenced[1230:262cc9] [com.apple.AVConference:ViceroyTrace] VCAudioStream [NOTICE] _VCAudioStream_CheckAbnormalOWRDAndResetLagReference:466 (0x77d51dc800) RTT=0.114, TxBW=1544794b/sec, PLR=0.00%, PLaMR=4.21%
2026-07-15 11:14:41.780 Df avconferenced[1230:264ee4] [com.apple.AVConference:ViceroyTrace] VCMediaStream [NOTICE] -[VCMediaStream setRtcpEnabled:]:2153 VCAudioStream[0x77d8772800] -[VCMediaStream setRtcpEnabled:] rtcpEnabled[0]
2026-07-15 11:14:41.780 Df avconferenced[1230:264ee4] [com.apple.AVConference:ViceroyTrace] VCMediaStream [NOTICE] -[VCMediaStream setRtcpEnabled:]:2153 VCAudioStream[0x77d8773000] -[VCMediaStream setRtcpEnabled:] rtcpEnabled[0]
2026-07-15 11:14:41.785 Df avconferenced[1230:262cc9] [com.apple.AVConference:ViceroyTrace] VCAudioStream [NOTICE] _VCAudioStream_CheckAbnormalOWRDAndResetLagReference:466 (0x77d51dc800) RTT=0.163, TxBW=1638806b/sec, PLR=0.00%, PLaMR=4.21%
2026-07-15 11:14:41.899 Df avconferenced[1230:264aa6] [com.apple.AVConference:ViceroyTrace] VCMediaStream [NOTICE] -[VCMediaStream setRtcpEnabled:]:2153 VCAudioStream[0x77d8772800] -[VCMediaStream setRtcpEnabled:] rtcpEnabled[0]
2026-07-15 11:14:41.899 Df avconferenced[1230:264aa6] [com.apple.AVConference:ViceroyTrace] VCMediaStream [NOTICE] -[VCMediaStream setRtcpEnabled:]:2153 VCAudioStream[0x77d8773000] -[VCMediaStream setRtcpEnabled:] rtcpEnabled[0]
2026-07-15 11:14:42.003 Df audioaccessoryd[1042:264a60] [com.apple.bluetooth:BTSmartRoutingDaemon] AudioStateSnapshot: BtState PoweredOn Route Bluetooth App com.apple.avconferenced, Score 501, Remote 0 NumofApp 2
2026-07-15 11:14:42.806 Df avconferenced[1230:262cc9] [com.apple.AVConference:ViceroyTrace] VCAudioStream [NOTICE] _VCAudioStream_CheckAbnormalOWRDAndResetLagReference:466 (0x77d51dc800) RTT=0.121, TxBW=1687693b/sec, PLR=0.00%, PLaMR=4.21%
2026-07-15 11:14:42.822 Df avconferenced[1230:264ddf] [com.apple.AVConference:ViceroyTrace] VCMediaStream [NOTICE] -[VCMediaStream setRtcpEnabled:]:2153 VCAudioStream[0x77d8772800] -[VCMediaStream setRtcpEnabled:] rtcpEnabled[0]
2026-07-15 11:14:42.822 Df avconferenced[1230:264ddf] [com.apple.AVConference:ViceroyTrace] VCMediaStream [NOTICE] -[VCMediaStream setRtcpEnabled:]:2153 VCAudioStream[0x77d8773000] -[VCMediaStream setRtcpEnabled:] rtcpEnabled[0]
2026-07-15 11:14:42.825 Df avconferenced[1230:262cc9] [com.apple.AVConference:ViceroyTrace] VCAudioStream [NOTICE] _VCAudioStream_CheckAbnormalOWRDAndResetLagReference:466 (0x77d51dc800) RTT=0.184, TxBW=1789370b/sec, PLR=0.00%, PLaMR=4.21%
2026-07-15 11:14:42.846 Df avconferenced[1230:264eb7] [com.apple.AVConference:ViceroyTrace] VCMediaStream [NOTICE] -[VCMediaStream setRtcpEnabled:]:2153 VCAudioStream[0x77d8772800] -[VCMediaStream setRtcpEnabled:] rtcpEnabled[0]
2026-07-15 11:14:42.846 Df avconferenced[1230:264eb7] [com.apple.AVConference:ViceroyTrace] VCMediaStream [NOTICE] -[VCMediaStream setRtcpEnabled:]:2153 VCAudioStream[0x77d8773000] -[VCMediaStream setRtcpEnabled:] rtcpEnabled[0]
2026-07-15 11:14:42.952 Df avconferenced[1230:264eae] [com.apple.AVConference:ViceroyTrace] VCMediaStream [NOTICE] -[VCMediaStream setRtcpEnabled:]:2153 VCAudioStream[0x77d8772800] -[VCMediaStream setRtcpEnabled:] rtcpEnabled[0]
2026-07-15 11:14:42.952 Df avconferenced[1230:264eae] [com.apple.AVConference:ViceroyTrace] VCMediaStream [NOTICE] -[VCMediaStream setRtcpEnabled:]:2153 VCAudioStream[0x77d8773000] -[VCMediaStream setRtcpEnabled:] rtcpEnabled[0]
2026-07-15 11:14:43.845 Df avconferenced[1230:262cc9] [com.apple.AVConference:ViceroyTrace] VCAudioStream [NOTICE] _VCAudioStream_CheckAbnormalOWRDAndResetLagReference:466 (0x77d51dc800) RTT=0.106, TxBW=1949000b/sec, PLR=0.00%, PLaMR=4.21%
2026-07-15 11:14:44.865 Df avconferenced[1230:262cc9] [com.apple.AVConference:ViceroyTrace] VCAudioStream [NOTICE] _VCAudioStream_CheckAbnormalOWRDAndResetLagReference:466 (0x77d51dc800) RTT=0.120, TxBW=1949000b/sec, PLR=0.00%, PLaMR=2.94%
2026-07-15 11:14:45.004 Df audioaccessoryd[1042:264a60] [com.apple.bluetooth:BTSmartRoutingDaemon] AudioStateSnapshot: BtState PoweredOn Route Bluetooth App com.apple.avconferenced, Score 501, Remote 0 NumofApp 2
