2026-07-14 15:04:19.801 Df avconferenced[1207:168fe27] [com.apple.AVConference:ViceroyTrace] VCMediaStream [NOTICE] -[VCMediaStream setRtcpEnabled:]:2153 VCAudioStream[0x782deb3800] -[VCMediaStream setRtcpEnabled:] rtcpEnabled[0]
2026-07-14 15:04:19.938 Df avconferenced[1207:16908a7] [com.apple.AVConference:ViceroyTrace] [NOTICE] +[AVAudioDeviceList defaultInputDevice]:292 Selected Logitech BRIO [95] as default input device
2026-07-14 15:04:19.940 Df avconferenced[1207:16907e4] [com.apple.AVConference:ViceroyTrace] [NOTICE] -[VCAudioClientManager registerBlocksForService]_block_invoke:323 Got notification to getCurrentAudioOutputDevice BuiltInSpeakerDevice for client [0x7823474840]
2026-07-14 15:04:19.946 Df avconferenced[1207:16907e4] [com.apple.AVConference:ViceroyTrace] [NOTICE] -[VCAudioClientManager registerBlocksForService]_block_invoke:323 Got notification to getCurrentAudioOutputDevice BuiltInSpeakerDevice for client [0x7823474840]
2026-07-14 15:04:20.001 Df avconferenced[1207:16901f5] [com.apple.AVConference:ViceroyTrace] VCMediaStream [NOTICE] -[VCMediaStream setRtcpEnabled:]:2153 VCAudioStream[0x7830790000] -[VCMediaStream setRtcpEnabled:] rtcpEnabled[0]
2026-07-14 15:04:20.001 Df avconferenced[1207:16901f5] [com.apple.AVConference:ViceroyTrace] VCMediaStream [NOTICE] -[VCMediaStream setRtcpEnabled:]:2153 VCAudioStream[0x782deb3800] -[VCMediaStream setRtcpEnabled:] rtcpEnabled[0]
2026-07-14 15:04:20.107 Df avconferenced[1207:16907e4] [com.apple.AVConference:ViceroyTrace] [NOTICE] -[VCAudioClientManager registerBlocksForService]_block_invoke:323 Got notification to getCurrentAudioOutputDevice BuiltInSpeakerDevice for client [0x7823474840]
2026-07-14 15:04:20.122 Df avconferenced[1207:1690326] [com.apple.AVConference:ViceroyTrace] VCAudioStream [NOTICE] _VCAudioStream_CheckAbnormalOWRDAndResetLagReference:466 (0x7830796800) RTT=0.108, TxBW=2441561b/sec, PLR=0.00%, PLaMR=0.39%
2026-07-14 15:04:20.302 Df audioaccessoryd[32606:168f773] [com.apple.bluetooth:BTSmartRoutingDaemon] inputDeviceChange, Wx addr found NULL
2026-07-14 15:04:20.302 Df audioaccessoryd[32606:168f773] [com.apple.bluetooth:BTSmartRoutingDaemon] inputDeviceChange, Wx addr found NULL
2026-07-14 15:04:20.401 Df avconferenced[1207:1690603] [com.apple.AVConference:ViceroyTrace] VCMediaStream [NOTICE] -[VCMediaStream setRtcpEnabled:]:2153 VCAudioStream[0x7830790000] -[VCMediaStream setRtcpEnabled:] rtcpEnabled[0]
2026-07-14 15:04:20.401 Df avconferenced[1207:1690603] [com.apple.AVConference:ViceroyTrace] VCMediaStream [NOTICE] -[VCMediaStream setRtcpEnabled:]:2153 VCAudioStream[0x782deb3800] -[VCMediaStream setRtcpEnabled:] rtcpEnabled[0]
2026-07-14 15:04:20.647 Df avconferenced[1207:1690605] [com.apple.AVConference:ViceroyTrace] VCMediaStream [NOTICE] -[VCMediaStream setRtcpEnabled:]:2153 VCAudioStream[0x7830790000] -[VCMediaStream setRtcpEnabled:] rtcpEnabled[0]
2026-07-14 15:04:20.647 Df avconferenced[1207:1690605] [com.apple.AVConference:ViceroyTrace] VCMediaStream [NOTICE] -[VCMediaStream setRtcpEnabled:]:2153 VCAudioStream[0x782deb3800] -[VCMediaStream setRtcpEnabled:] rtcpEnabled[0]
2026-07-14 15:04:20.691 Df audioaccessoryd[32606:168f773] [com.apple.bluetooth:BTSmartRoutingDaemon] inputDeviceChange, Wx addr found NULL
2026-07-14 15:04:20.691 Df audioaccessoryd[32606:168f773] [com.apple.bluetooth:BTSmartRoutingDaemon] inputDeviceChange, Wx addr found NULL
2026-07-14 15:04:21.142 Df avconferenced[1207:1690326] [com.apple.AVConference:ViceroyTrace] VCAudioStream [NOTICE] _VCAudioStream_CheckAbnormalOWRDAndResetLagReference:466 (0x7830796800) RTT=0.094, TxBW=2470500b/sec, PLR=0.00%, PLaMR=0.39%
2026-07-14 15:04:21.176 Df avconferenced[1207:1690603] [com.apple.AVConference:ViceroyTrace] VCMediaStream [NOTICE] -[VCMediaStream setRtcpEnabled:]:2153 VCAudioStream[0x7830790000] -[VCMediaStream setRtcpEnabled:] rtcpEnabled[0]
2026-07-14 15:04:21.176 Df avconferenced[1207:1690603] [com.apple.AVConference:ViceroyTrace] VCMediaStream [NOTICE] -[VCMediaStream setRtcpEnabled:]:2153 VCAudioStream[0x782deb3800] -[VCMediaStream setRtcpEnabled:] rtcpEnabled[0]
2026-07-14 15:04:21.182 Df avconferenced[1207:1690326] [com.apple.AVConference:ViceroyTrace] VCAudioStream [NOTICE] _VCAudioStream_CheckAbnormalOWRDAndResetLagReference:466 (0x7830796800) RTT=0.105, TxBW=2485205b/sec, PLR=0.00%, PLaMR=0.39%
2026-07-14 15:04:21.596 Df avconferenced[1207:169023f] [com.apple.AVConference:ViceroyTrace] [NOTICE] -[VCAudioStreamGroupCommon collectAndLogChannelMetrics:averagePower:]:612 streamGroupID=micr participantUUID=8BDB0B07-D484-4574-A9F2-B0C99DDF76B5 (0x782dd308c0) Health Monitor for Audio Stream Send Group streamID=0 audio=38kbps VCAudioIO=0x7823425000 procsCount=1146 averagePower=-120.000000 state=2 noVoiceActivityPacketCount=0
2026-07-14 15:04:21.596 Df avconferenced[1207:169023f] [com.apple.AVConference:ViceroyTrace] [NOTICE] -[VCAudioStreamGroupCommon collectAndLogChannelMetrics:averagePower:]:612 streamGroupID=micr participantUUID=89166B42-4763-41A8-9CF1-E16CF4E4C38F (0x782dd31500) Health Monitor for Audio Stream Receive Group streamID=6456 audio=123kbps VCAudioIO=0x7823424200 procsCount=1145 averagePower=-58.549187 state=2 noVoiceActivityPacketCount=0
2026-07-14 15:04:21.596 Df avconferenced[1207:169023f] [com.apple.AVConference:ViceroyTrace] [NOTICE] -[VCAudioStreamReceiveGroup collectAndLogChannelMetrics:]:165 @=@ Health: VCAudioStreamReceiveGroup self=0x782eaa5180 streamGroupID=micr participantUUID=89166B42-4763-41A8-9CF1-E16CF4E4C38F speakerProcsCalled=1145, averageOutputPower=-58.549187, syncTargetCalled=2252
2026-07-14 15:04:21.596 Df avconferenced[1207:169023f] [com.apple.AVConference:ViceroyTrace] [NOTICE] -[VCAudioStreamGroupCommon collectAndLogChannelMetrics:averagePower:]:612 streamGroupID=micr participantUUID=89166B42-4763-41A8-9CF1-E16CF4E4C38F (0x782dd31500) Health Monitor for Audio Stream Receive Group streamID=6456 audio=123kbps VCAudioIO=0x7823424200 procsCount=1145 averagePower=-58.549187 state=2 noVoiceActivityPacketCount=0
2026-07-14 15:04:21.596 Df avconferenced[1207:169023f] [com.apple.AVConference:ViceroyTrace] [NOTICE] -[VCAudioStreamReceiveGroup collectAndLogChannelMetrics:]:165 @=@ Health: VCAudioStreamReceiveGroup self=0x782eaa5180 streamGroupID=micr participantUUID=89166B42-4763-41A8-9CF1-E16CF4E4C38F speakerProcsCalled=1145, averageOutputPower=-58.549187, syncTargetCalled=2252
2026-07-14 15:04:21.596 Df avconferenced[1207:169034b] [com.apple.AVConference:ViceroyTrace] [NOTICE] -[VCAudioTransmitter gatherRealtimeStats:]:772 @=@ Health: VCAudioTransmitter [0x782438a300] audioTxBitrate=38kbps, audioFecTx=1.000000, primaryAudioTxRate=5kbps, audioStreamRedundancyLevel=1, _qualityIndex=0, payload=104, totalPacketsSent=1146 streamIDsCount=0 _targetBitrate=120000 _currentTargetBitrate=120000 _supportsAdaptation=1 audioTxRedRate=8kbps
2026-07-14 15:04:21.596 Df avconferenced[1207:1690241] [com.apple.AVConference:ViceroyTrace] VCAudioReceiver [NOTICE] _VCAudioReceiver_CalculateAndReportRTPMetrics:660 @=@ Health: VCAudioReceiver VCAudioReceiver[0x782e880000] ParticipantID=89166B42-4763-41A8-9CF1-E16CF4E4C38F erasure percentage=0.00% PLR percentage=0.00% current percentage:0.00% (rec:250 exp:250, loss:0) receiver(rtp=250, bb=0, unk=0, dup=0, drop=0) jb(enc=500, drop=0) infobuf(rec=1070, exp:7237, drec=1065, dexp=7232)
2026-07-14 15:04:21.596 Df avconferenced[1207:1690241] [com.apple.AVConference:ViceroyTrace] VCAudioReceiver [NOTICE] _VCAudioReceiver_RegisterReportingTask_block_invoke_2:851 @=@ Health: VCAudioReceiver VCAudioReceiver[0x782e880000] audioRxBitrate=123kbps, primaryAudioRxRate=95kbps payload=104 streamID=0 redReceivedBitrate=46kbps totalPacketsReceived=1070 mediaBitrateNoRed=49kbps redPlayedRate=0kbps redDiscardedRate=46kbps
2026-07-14 15:04:21.694 Df avconferenced[1207:1690607] [com.apple.AVConference:ViceroyTrace] VCMediaStream [NOTICE] -[VCMediaStream setRtcpEnabled:]:2153 VCAudioStream[0x7830790000] -[VCMediaStream setRtcpEnabled:] rtcpEnabled[0]
2026-07-14 15:04:21.694 Df avconferenced[1207:1690607] [com.apple.AVConference:ViceroyTrace] VCMediaStream [NOTICE] -[VCMediaStream setRtcpEnabled:]:2153 VCAudioStream[0x782deb3800] -[VCMediaStream setRtcpEnabled:] rtcpEnabled[0]
2026-07-14 15:04:21.821 Df avconferenced[1207:1690349] [com.apple.AVConference:ViceroyTrace] VCMediaStream [NOTICE] -[VCMediaStream setRtcpEnabled:]:2153 VCAudioStream[0x7830790000] -[VCMediaStream setRtcpEnabled:] rtcpEnabled[0]
2026-07-14 15:04:21.821 Df avconferenced[1207:1690349] [com.apple.AVConference:ViceroyTrace] VCMediaStream [NOTICE] -[VCMediaStream setRtcpEnabled:]:2153 VCAudioStream[0x782deb3800] -[VCMediaStream setRtcpEnabled:] rtcpEnabled[0]
2026-07-14 15:04:22.009 Df audioaccessoryd[32606:168f773] [com.apple.bluetooth:BTSmartRoutingDaemon] AudioStateSnapshot: BtState PoweredOn Route Speaker App com.apple.avconferenced, Score 501, Remote -1 NumofApp 2
2026-07-14 15:04:22.028 Df usbaudiod[819:169032a] [] current microframe timestamp calcError ns 291
2026-07-14 15:04:22.202 Df avconferenced[1207:1690326] [com.apple.AVConference:ViceroyTrace] VCAudioStream [NOTICE] _VCAudioStream_CheckAbnormalOWRDAndResetLagReference:466 (0x7830796800) RTT=0.096, TxBW=2514590b/sec, PLR=0.00%, PLaMR=0.39%
2026-07-14 15:04:22.222 Df avconferenced[1207:1690326] [com.apple.AVConference:ViceroyTrace] VCAudioStream [NOTICE] _VCAudioStream_CheckAbnormalOWRDAndResetLagReference:466 (0x7830796800) RTT=0.107, TxBW=2514590b/sec, PLR=0.00%, PLaMR=0.39%
2026-07-14 15:04:22.325 Df avconferenced[1207:1690736] [com.apple.AVConference:ViceroyTrace] VCMediaStream [NOTICE] -[VCMediaStream setRtcpEnabled:]:2153 VCAudioStream[0x7830790000] -[VCMediaStream setRtcpEnabled:] rtcpEnabled[0]
2026-07-14 15:04:22.325 Df avconferenced[1207:1690736] [com.apple.AVConference:ViceroyTrace] VCMediaStream [NOTICE] -[VCMediaStream setRtcpEnabled:]:2153 VCAudioStream[0x782deb3800] -[VCMediaStream setRtcpEnabled:] rtcpEnabled[0]
2026-07-14 15:04:22.422 Df audioaccessoryd[32606:168f773] [com.apple.AudioAccessory:AANearbyDeviceManagerDaemon] AANearbyDevice updated: AANearbyDevice identifier: 69FBEEEA-4B52-93EE-6C6D-EB4D2F3B4D09, Bt addr 'F5:21:55:3D:3F:D6', Md 'Device1,8233', Nm 'James’s AirPods Pro', paired, Case, Prim Id '62E245F3-2C27-26C2-1CB9-406B59E9F76C', Prim Bt addr 'CC:22:FE:90:F0:98'. AAProximityPairingAccessoryStatusPayload, PT: 7, PID 8233, ST: 6, lid open count: 1, lid closed: yes, need conn: no, sound En: no, connected: no, fault detect: no, C Batt: -35%, L Batt: +74%, R Batt: +74%, fw ver: 0.11.81, time till charged: 0, OBC on: no, DEOC on: yes, Adv Data: <07 11 06 29 20 09 23 ca ca 51 0b 00 00 01 00 6d 50 05 00>
2026-07-14 15:04:22.422 Df audioaccessoryd[32606:168f773] [com.apple.AudioAccessory:AABatteryMonitorDaemon] AADeviceBatteryInfo updated from AANearbyDevice: AANearbyDevice identifier: 69FBEEEA-4B52-93EE-6C6D-EB4D2F3B4D09, Bt addr 'F5:21:55:3D:3F:D6', Md 'Device1,8233', Nm 'James’s AirPods Pro', paired, Case, Prim Id '62E245F3-2C27-26C2-1CB9-406B59E9F76C', Prim Bt addr 'CC:22:FE:90:F0:98'. AAProximityPairingAccessoryStatusPayload, PT: 7, PID 8233, ST: 6, lid open count: 1, lid closed: yes, need conn: no, sound En: no, connected: no, fault detect: no, C Batt: -35%, L Batt: +74%, R Batt: +74%, fw ver: 0.11.81, time till charged: 0, OBC on: no, DEOC on: yes, Adv Data: <07 11 06 29 20 09 23 ca ca 51 0b 00 00 01 00 6d 50 05 00>
2026-07-14 15:04:22.422 Df audioaccessoryd[32606:168f773] [com.apple.AudioAccessory:AABatteryMonitorDaemon] AADeviceBatteryInfo updated: AADeviceBatteryInfo identifier: 62E245F3-2C27-26C2-1CB9-406B59E9F76C, Bt Addr 'CC:22:FE:90:F0:98', Col '0', Nm 'James’s AirPods Pro', Pid '8231', fmGI 'CA7596FA-C7B6-4E0F-AF85-10064B534003', fmCI '69FBEEEA-4B52-93EE-6C6D-EB4D2F3B4D09', Batt C '-35.00%'[ls: 2026-07-14-20:04:22.422, sFL: 0x2 < CaseAdv >], Batt LR '+74.00%'[ls: 2026-07-14-20:04:22.422, DEOC, sFL: 0x2 < CaseAdv >], Batt L '+74.00%'[ls: 2026-07-14-20:04:22.422, DEOC, sFL: 0x2 < CaseAdv >], Batt R '+74.00%'[ls: 2026-07-14-20:04:22.422, DEOC, sFL: 0x2 < CaseAdv >]
2026-07-14 15:04:22.423 Df audioaccessoryd[32606:1690811] [com.apple.bluetooth:BTSmartRoutingDaemon] Nearby Wx device 69FBEEEA-4B52-93EE-6C6D-EB4D2F3B4D09 changed, name , addr F1:2A:C7:22:8F:F4, UTP no, sourceCount 0, audioState Idle, lastRoute NULL, zeroLastRoute NULL, oneLastRoute NULL, lidClosed no, primaryInEar no, secondaryInEar no, primaryInCase no, secondaryInCase no, battery Left 0.000000, battery right 0.000000, battery main 0.000000
2026-07-14 15:04:22.423 Df audioaccessoryd[32606:168f773] [com.apple.AudioAccessory:AADevicePowerSources] Power source publish update for battery: 'Combined' with details: { "Max Capacity" : 100, "Combined Parts" : [ { "Max Capacity" : 100, "Low Warn Level" : 20, "Is Present" : true, "Is Charged" : 0, "Name" : "James’s AirPods Pro", "Type" : "Accessory Source", "Accessory Identifier" : "62E245F3-2C27-26C2-1CB9-406B59E9F76C", "Accessory Category" : "Headset", "Part Name" : "James’s AirPods Pro 🅛", "Part Identifier" : "Left", "Is Charging" : true, "Time to Full Charge" : 0, "Transport Type" : "Bluetooth LE", "Current Capacity" : 74, "Vendor ID Source" : 1, "Optimized Battery Charging Engaged" : false, "Vendor ID" : 76, "Dynamic End of Charging Engaged" : true, "Group Identifier" : "CA7596FA-C7B6-4E0F-AF85-10064B534003", "Product ID" : 8231, <…>
2026-07-14 15:04:22.423 Df audioaccessoryd[32606:168f773] [com.apple.AudioAccessory:AADevicePowerSources] 20, "Is Present" : true, "Is Charged" : 0, "Name" : "James’s AirPods Pro", "Type" : "Accessory Source", "Accessory Identifier" : "62E245F3-2C27-26C2-1CB9-406B59E9F76C", "Accessory Category" : "Headset", "Part Identifier" : "Combined", "Is Charging" : true, "Time to Full Charge" : 0, "Transport Type" : "Bluetooth", "Current Capacity" : 74, "Vendor ID Source" : 1, "Optimized Battery Charging Engaged" : false, "Vendor ID" : 76, "Dynamic End of Charging Engaged" : true, "Group Identifier" : "CA7596FA-C7B6-4E0F-AF85-10064B534003", "Product ID" : 8231, "Power Source State" : "AC Power", }
2026-07-14 15:04:22.424 Df audioaccessoryd[32606:168f773] [com.apple.AudioAccessory:AADevicePowerSources] AADevicePowerSource, Batteries: C, LR, Details: Case: { "Max Capacity" : 100, "Low Warn Level" : 25, "Is Present" : true, "Is Charged" : 0, "Name" : "James’s AirPods Pro Case", "Type" : "Accessory Source", "Accessory Identifier" : "69FBEEEA-4B52-93EE-6C6D-EB4D2F3B4D09", "Accessory Category" : "Audio Battery Case", "Part Identifier" : "Case", "Is Charging" : false, "Time to Full Charge" : 0, "Transport Type" : "Bluetooth LE", "LEDs" : [ { "State" : "Solid", "Color" : "Orange", } ], "Current Capacity" : 35, "Vendor ID Source" : 1, "Optimized Battery Charging Engaged" : false, "Vendor ID" : 76, "Dynamic End of Charging Engaged" : false, "Group Identifier" : "CA7596FA-C7B6-4E0F-AF85-10064B534003", "Product ID" : 8231, "Power Source State" : "Battery Power", } LeftRight: { "Max Capacity" : 100, "Combined Parts" : [ { "Max Capacity" : 100,<…>
2026-07-14 15:04:22.424 Df audioaccessoryd[32606:1690811] [com.apple.AudioAccessory:AALowBatteryAlertDaemon] Battery info updated: AADeviceBatteryInfo identifier: 62E245F3-2C27-26C2-1CB9-406B59E9F76C, Bt Addr 'CC:22:FE:90:F0:98', Col '0', Nm 'James’s AirPods Pro', Pid '8231', Batt C '-35.00%'[ls: 2026-07-14-20:04:22.422, sFL: 0x2 < CaseAdv >], Batt LR '+74.00%'[ls: 2026-07-14-20:04:22.422, DEOC, sFL: 0x2 < CaseAdv >], Batt L '+74.00%'[ls: 2026-07-14-20:04:22.422, DEOC, sFL: 0x2 < CaseAdv >], Batt R '+74.00%'[ls: 2026-07-14-20:04:22.422, DEOC, sFL: 0x2 < CaseAdv >]
2026-07-14 15:04:22.428 Df audioaccessoryd[32606:1690811] [com.apple.bluetooth:BTSmartRoutingDaemon] Pairing found device CBDevice 62E245F3-2C27-26C2-1CB9-406B59E9F76C, BDA , Nm , Md AirPods3,4, PID 0x2027 (AirPods3,4), PrNm AirPods Pro, VID 0x004C, VS 1, avCp 1, AVC 1, DsFl 0x800000 < Pairing >, DvF 0x25901D804037 < AACP MagicPaired ShareAudio Tipi PSE ClassicPaired SpatialAudio AdvancedAppleAudio ANC Transparency SpatialAudioAllowed LidClosed FindMyManaged SmartRouting Connectable SensorData >, DvT Headphones, SupS 0x180019 < HFP AVRCP A2DP AACP GATT >, Freq 2.4, Band ISM2.4, aaCp 1, ClkH L NoiseManagement R NoiseManagement, ECC 3, MCCp 1, MCC 2, CVer'8B41', cdCp 1, cDC 1, DbTp C Basic, GAPA 0x1 < Real >, FV '8B41', LsnM ANC, LsMC 0x6 < ANC Transparency >, BTv 6.0, MicM Auto, Plcm M Enabled, Prim Unknown, fmCI 69FBEEEA-4B52-93EE-6C6D-EB4D2F3B4D09, fmGI CA7596FA-C7B6-4E0F-AF85-10064B534003, modU A3064, SN 'CH7K4Q74Y5', SN Left'J5QHP501V510000UHZ', SN Right 'J5QHP600V1B0000UHY', srMd Enabled, spAM ContentDriven, AdTsMC <417430077711>, deDa , baDa , Battery L 74% R 74% C -35%, ppDa<…>
2026-07-14 15:04:22.509 Df audioaccessoryd[32606:1690811] [com.apple.SmartRouting:SRConnectionManager] EvaluateNearbyDevicesForConnection paired 11 connectedWx 0 nearbyWx 0 srDisDeviceCount 1 nearbySource 3 btState PoweredOn audioRoute Speaker tipiScore High sourceSRcapable yes audioCategory 501 callStarted yes OD Invalid
2026-07-14 15:04:22.509 Df audioaccessoryd[32606:168f773] [com.apple.AudioAccessory:AALowBatteryAlertDaemon] Low battery check[Case]: Charging no, High no, Low no, Lowest 35.000%, Threshold 25.000%, AADeviceBatteryInfo identifier: 62E245F3-2C27-26C2-1CB9-406B59E9F76C, Bt Addr 'CC:22:FE:90:F0:98', Col '0', Nm 'James’s AirPods Pro', Pid '8231', Batt C '-35.00%'[ls: 2026-07-14-20:04:22.422, sFL: 0x2 < CaseAdv >], Batt LR '+74.00%'[ls: 2026-07-14-20:04:22.422, DEOC, sFL: 0x2 < CaseAdv >], Batt L '+74.00%'[ls: 2026-07-14-20:04:22.422, DEOC, sFL: 0x2 < CaseAdv >], Batt R '+74.00%'[ls: 2026-07-14-20:04:22.422, DEOC, sFL: 0x2 < CaseAdv >]
2026-07-14 15:04:22.509 Df audioaccessoryd[32606:168f773] [com.apple.AudioAccessory:AALowBatteryAlertDaemon] Low battery check[Buds]: Charging yes, High yes, Low no, Lowest 100.000%, Threshold 20.000%, AADeviceBatteryInfo identifier: 62E245F3-2C27-26C2-1CB9-406B59E9F76C, Bt Addr 'CC:22:FE:90:F0:98', Col '0', Nm 'James’s AirPods Pro', Pid '8231', Batt C '-35.00%'[ls: 2026-07-14-20:04:22.422, sFL: 0x2 < CaseAdv >], Batt LR '+74.00%'[ls: 2026-07-14-20:04:22.422, DEOC, sFL: 0x2 < CaseAdv >], Batt L '+74.00%'[ls: 2026-07-14-20:04:22.422, DEOC, sFL: 0x2 < CaseAdv >], Batt R '+74.00%'[ls: 2026-07-14-20:04:22.422, DEOC, sFL: 0x2 < CaseAdv >]
2026-07-14 15:04:22.525 Df avconferenced[1207:16901f5] [com.apple.AVConference:ViceroyTrace] VCMediaStream [NOTICE] -[VCMediaStream setRtcpEnabled:]:2153 VCAudioStream[0x7830790000] -[VCMediaStream setRtcpEnabled:] rtcpEnabled[0]
2026-07-14 15:04:22.525 Df avconferenced[1207:16901f5] [com.apple.AVConference:ViceroyTrace] VCMediaStream [NOTICE] -[VCMediaStream setRtcpEnabled:]:2153 VCAudioStream[0x782deb3800] -[VCMediaStream setRtcpEnabled:] rtcpEnabled[0]
2026-07-14 15:04:22.746 Df avconferenced[1207:1690604] [com.apple.AVConference:ViceroyTrace] VCMediaStream [NOTICE] -[VCMediaStream setRtcpEnabled:]:2153 VCAudioStream[0x7830790000] -[VCMediaStream setRtcpEnabled:] rtcpEnabled[0]
2026-07-14 15:04:22.746 Df avconferenced[1207:1690604] [com.apple.AVConference:ViceroyTrace] VCMediaStream [NOTICE] -[VCMediaStream setRtcpEnabled:]:2153 VCAudioStream[0x782deb3800] -[VCMediaStream setRtcpEnabled:] rtcpEnabled[0]
2026-07-14 15:04:22.923 Df avconferenced[1207:1690603] [com.apple.AVConference:ViceroyTrace] VCMediaStream [NOTICE] -[VCMediaStream setRtcpEnabled:]:2153 VCAudioStream[0x7830790000] -[VCMediaStream setRtcpEnabled:] rtcpEnabled[0]
2026-07-14 15:04:22.923 Df avconferenced[1207:1690603] [com.apple.AVConference:ViceroyTrace] VCMediaStream [NOTICE] -[VCMediaStream setRtcpEnabled:]:2153 VCAudioStream[0x782deb3800] -[VCMediaStream setRtcpEnabled:] rtcpEnabled[0]
2026-07-14 15:04:23.222 Df avconferenced[1207:1690326] [com.apple.AVConference:ViceroyTrace] VCAudioStream [NOTICE] _VCAudioStream_CheckAbnormalOWRDAndResetLagReference:466 (0x7830796800) RTT=0.095, TxBW=2574629b/sec, PLR=0.00%, PLaMR=0.39%
2026-07-14 15:04:23.283 Df avconferenced[1207:1690326] [com.apple.AVConference:ViceroyTrace] VCAudioStream [NOTICE] _VCAudioStream_CheckAbnormalOWRDAndResetLagReference:466 (0x7830796800) RTT=0.105, TxBW=2574629b/sec, PLR=0.00%, PLaMR=0.39%
2026-07-14 15:04:23.541 Df avconferenced[1207:1690349] [com.apple.AVConference:ViceroyTrace] VCMediaStream [NOTICE] -[VCMediaStream setRtcpEnabled:]:2153 VCAudioStream[0x7830790000] -[VCMediaStream setRtcpEnabled:] rtcpEnabled[0]
2026-07-14 15:04:23.541 Df avconferenced[1207:1690349] [com.apple.AVConference:ViceroyTrace] VCMediaStream [NOTICE] -[VCMediaStream setRtcpEnabled:]:2153 VCAudioStream[0x782deb3800] -[VCMediaStream setRtcpEnabled:] rtcpEnabled[0]
2026-07-14 15:04:24.000 Df avconferenced[1207:16901f4] [com.apple.AVConference:ViceroyTrace] VCMediaStream [NOTICE] -[VCMediaStream setRtcpEnabled:]:2153 VCAudioStream[0x7830790000] -[VCMediaStream setRtcpEnabled:] rtcpEnabled[0]
2026-07-14 15:04:24.000 Df avconferenced[1207:16901f4] [com.apple.AVConference:ViceroyTrace] VCMediaStream [NOTICE] -[VCMediaStream setRtcpEnabled:]:2153 VCAudioStream[0x782deb3800] -[VCMediaStream setRtcpEnabled:] rtcpEnabled[0]
2026-07-14 15:04:24.205 Df avconferenced[1207:16901f5] [com.apple.AVConference:ViceroyTrace] VCMediaStream [NOTICE] -[VCMediaStream setRtcpEnabled:]:2153 VCAudioStream[0x7830790000] -[VCMediaStream setRtcpEnabled:] rtcpEnabled[0]
2026-07-14 15:04:24.205 Df avconferenced[1207:16901f5] [com.apple.AVConference:ViceroyTrace] VCMediaStream [NOTICE] -[VCMediaStream setRtcpEnabled:]:2153 VCAudioStream[0x782deb3800] -[VCMediaStream setRtcpEnabled:] rtcpEnabled[0]
2026-07-14 15:04:24.276 Df usbaudiod[819:169032a] [] current microframe timestamp calcError ns 2166
2026-07-14 15:04:24.302 Df avconferenced[1207:1690326] [com.apple.AVConference:ViceroyTrace] VCAudioStream [NOTICE] _VCAudioStream_CheckAbnormalOWRDAndResetLagReference:466 (0x7830796800) RTT=0.095, TxBW=2620653b/sec, PLR=0.00%, PLaMR=0.27%
2026-07-14 15:04:24.322 Df avconferenced[1207:1690326] [com.apple.AVConference:ViceroyTrace] VCAudioStream [NOTICE] _VCAudioStream_CheckAbnormalOWRDAndResetLagReference:466 (0x7830796800) RTT=0.108, TxBW=2620653b/sec, PLR=0.00%, PLaMR=0.27%
2026-07-14 15:04:24.402 Df avconferenced[1207:1690605] [com.apple.AVConference:ViceroyTrace] VCMediaStream [NOTICE] -[VCMediaStream setRtcpEnabled:]:2153 VCAudioStream[0x7830790000] -[VCMediaStream setRtcpEnabled:] rtcpEnabled[0]
2026-07-14 15:04:24.402 Df avconferenced[1207:1690605] [com.apple.AVConference:ViceroyTrace] VCMediaStream [NOTICE] -[VCMediaStream setRtcpEnabled:]:2153 VCAudioStream[0x782deb3800] -[VCMediaStream setRtcpEnabled:] rtcpEnabled[0]
2026-07-14 15:04:24.605 Df avconferenced[1207:1690605] [com.apple.AVConference:ViceroyTrace] VCMediaStream [NOTICE] -[VCMediaStream setRtcpEnabled:]:2153 VCAudioStream[0x7830790000] -[VCMediaStream setRtcpEnabled:] rtcpEnabled[0]
2026-07-14 15:04:24.605 Df avconferenced[1207:1690605] [com.apple.AVConference:ViceroyTrace] VCMediaStream [NOTICE] -[VCMediaStream setRtcpEnabled:]:2153 VCAudioStream[0x782deb3800] -[VCMediaStream setRtcpEnabled:] rtcpEnabled[0]
2026-07-14 15:04:25.001 Df avconferenced[1207:1690603] [com.apple.AVConference:ViceroyTrace] VCMediaStream [NOTICE] -[VCMediaStream setRtcpEnabled:]:2153 VCAudioStream[0x7830790000] -[VCMediaStream setRtcpEnabled:] rtcpEnabled[0]
2026-07-14 15:04:25.001 Df avconferenced[1207:1690603] [com.apple.AVConference:ViceroyTrace] VCMediaStream [NOTICE] -[VCMediaStream setRtcpEnabled:]:2153 VCAudioStream[0x782deb3800] -[VCMediaStream setRtcpEnabled:] rtcpEnabled[0]
2026-07-14 15:04:25.009 Df audioaccessoryd[32606:1690811] [com.apple.bluetooth:BTSmartRoutingDaemon] AudioStateSnapshot: BtState PoweredOn Route Speaker App com.apple.avconferenced, Score 501, Remote -1 NumofApp 2
2026-07-14 15:04:25.223 Df avconferenced[1207:16901f4] [com.apple.AVConference:ViceroyTrace] VCMediaStream [NOTICE] -[VCMediaStream setRtcpEnabled:]:2153 VCAudioStream[0x7830790000] -[VCMediaStream setRtcpEnabled:] rtcpEnabled[0]
2026-07-14 15:04:25.223 Df avconferenced[1207:16901f4] [com.apple.AVConference:ViceroyTrace] VCMediaStream [NOTICE] -[VCMediaStream setRtcpEnabled:]:2153 VCAudioStream[0x782deb3800] -[VCMediaStream setRtcpEnabled:] rtcpEnabled[0]
2026-07-14 15:04:25.323 Df avconferenced[1207:1690326] [com.apple.AVConference:ViceroyTrace] VCAudioStream [NOTICE] _VCAudioStream_CheckAbnormalOWRDAndResetLagReference:466 (0x7830796800) RTT=0.094, TxBW=2682916b/sec, PLR=0.00%, PLaMR=0.27%
2026-07-14 15:04:25.382 Df avconferenced[1207:1690326] [com.apple.AVConference:ViceroyTrace] VCAudioStream [NOTICE] _VCAudioStream_CheckAbnormalOWRDAndResetLagReference:466 (0x7830796800) RTT=0.109, TxBW=2682916b/sec, PLR=0.00%, PLaMR=0.27%
2026-07-14 15:04:25.422 Df avconferenced[1207:1690736] [com.apple.AVConference:ViceroyTrace] VCMediaStream [NOTICE] -[VCMediaStream setRtcpEnabled:]:2153 VCAudioStream[0x7830790000] -[VCMediaStream setRtcpEnabled:] rtcpEnabled[0]
2026-07-14 15:04:25.422 Df avconferenced[1207:1690736] [com.apple.AVConference:ViceroyTrace] VCMediaStream [NOTICE] -[VCMediaStream setRtcpEnabled:]:2153 VCAudioStream[0x782deb3800] -[VCMediaStream setRtcpEnabled:] rtcpEnabled[0]
2026-07-14 15:04:25.623 Df avconferenced[1207:1690737] [com.apple.AVConference:ViceroyTrace] VCMediaStream [NOTICE] -[VCMediaStream setRtcpEnabled:]:2153 VCAudioStream[0x7830790000] -[VCMediaStream setRtcpEnabled:] rtcpEnabled[0]
2026-07-14 15:04:25.623 Df avconferenced[1207:1690737] [com.apple.AVConference:ViceroyTrace] VCMediaStream [NOTICE] -[VCMediaStream setRtcpEnabled:]:2153 VCAudioStream[0x782deb3800] -[VCMediaStream setRtcpEnabled:] rtcpEnabled[0]
2026-07-14 15:04:25.888 Df avconferenced[1207:168fe27] [com.apple.AVConference:ViceroyTrace] VCMediaStream [NOTICE] -[VCMediaStream setRtcpEnabled:]:2153 VCAudioStream[0x7830790000] -[VCMediaStream setRtcpEnabled:] rtcpEnabled[0]
2026-07-14 15:04:25.888 Df avconferenced[1207:168fe27] [com.apple.AVConference:ViceroyTrace] VCMediaStream [NOTICE] -[VCMediaStream setRtcpEnabled:]:2153 VCAudioStream[0x782deb3800] -[VCMediaStream setRtcpEnabled:] rtcpEnabled[0]
2026-07-14 15:04:26.221 Df avconferenced[1207:1690604] [com.apple.AVConference:ViceroyTrace] VCMediaStream [NOTICE] -[VCMediaStream setRtcpEnabled:]:2153 VCAudioStream[0x7830790000] -[VCMediaStream setRtcpEnabled:] rtcpEnabled[0]
2026-07-14 15:04:26.221 Df avconferenced[1207:1690604] [com.apple.AVConference:ViceroyTrace] VCMediaStream [NOTICE] -[VCMediaStream setRtcpEnabled:]:2153 VCAudioStream[0x782deb3800] -[VCMediaStream setRtcpEnabled:] rtcpEnabled[0]
2026-07-14 15:04:26.402 Df avconferenced[1207:1690326] [com.apple.AVConference:ViceroyTrace] VCAudioStream [NOTICE] _VCAudioStream_CheckAbnormalOWRDAndResetLagReference:466 (0x7830796800) RTT=0.093, TxBW=2746977b/sec, PLR=0.00%, PLaMR=0.27%
2026-07-14 15:04:26.423 Df avconferenced[1207:1690326] [com.apple.AVConference:ViceroyTrace] VCAudioStream [NOTICE] _VCAudioStream_CheckAbnormalOWRDAndResetLagReference:466 (0x7830796800) RTT=0.106, TxBW=2746977b/sec, PLR=0.00%, PLaMR=0.27%
2026-07-14 15:04:26.440 Df avconferenced[1207:16901f4] [com.apple.AVConference:ViceroyTrace] VCMediaStream [NOTICE] -[VCMediaStream setRtcpEnabled:]:2153 VCAudioStream[0x7830790000] -[VCMediaStream setRtcpEnabled:] rtcpEnabled[0]
2026-07-14 15:04:26.440 Df avconferenced[1207:16901f4] [com.apple.AVConference:ViceroyTrace] VCMediaStream [NOTICE] -[VCMediaStream setRtcpEnabled:]:2153 VCAudioStream[0x782deb3800] -[VCMediaStream setRtcpEnabled:] rtcpEnabled[0]
2026-07-14 15:04:26.525 Df usbaudiod[819:169032a] [] current microframe timestamp calcError ns 250
2026-07-14 15:04:26.595 Df avconferenced[1207:1690243] [com.apple.AVConference:ViceroyTrace] [NOTICE] -[VCAudioStreamGroupCommon collectAndLogChannelMetrics:averagePower:]:612 streamGroupID=micr participantUUID=8BDB0B07-D484-4574-A9F2-B0C99DDF76B5 (0x782dd308c0) Health Monitor for Audio Stream Send Group streamID=0 audio=75kbps VCAudioIO=0x7823425000 procsCount=1396 averagePower=-120.000000 state=2 noVoiceActivityPacketCount=0
2026-07-14 15:04:26.596 Df avconferenced[1207:1690243] [com.apple.AVConference:ViceroyTrace] [NOTICE] -[VCAudioStreamGroupCommon collectAndLogChannelMetrics:averagePower:]:612 streamGroupID=micr participantUUID=89166B42-4763-41A8-9CF1-E16CF4E4C38F (0x782dd31500) Health Monitor for Audio Stream Receive Group streamID=6456 audio=123kbps VCAudioIO=0x7823424200 procsCount=1395 averagePower=-59.232719 state=2 noVoiceActivityPacketCount=0
2026-07-14 15:04:26.596 Df avconferenced[1207:1690243] [com.apple.AVConference:ViceroyTrace] [NOTICE] -[VCAudioStreamReceiveGroup collectAndLogChannelMetrics:]:165 @=@ Health: VCAudioStreamReceiveGroup self=0x782eaa5180 streamGroupID=micr participantUUID=89166B42-4763-41A8-9CF1-E16CF4E4C38F speakerProcsCalled=1395, averageOutputPower=-59.232719, syncTargetCalled=2752
2026-07-14 15:04:26.596 Df avconferenced[1207:1690243] [com.apple.AVConference:ViceroyTrace] [NOTICE] -[VCAudioStreamGroupCommon collectAndLogChannelMetrics:averagePower:]:612 streamGroupID=micr participantUUID=89166B42-4763-41A8-9CF1-E16CF4E4C38F (0x782dd31500) Health Monitor for Audio Stream Receive Group streamID=6456 audio=123kbps VCAudioIO=0x7823424200 procsCount=1395 averagePower=-59.232719 state=2 noVoiceActivityPacketCount=0
2026-07-14 15:04:26.596 Df avconferenced[1207:1690243] [com.apple.AVConference:ViceroyTrace] [NOTICE] -[VCAudioStreamReceiveGroup collectAndLogChannelMetrics:]:165 @=@ Health: VCAudioStreamReceiveGroup self=0x782eaa5180 streamGroupID=micr participantUUID=89166B42-4763-41A8-9CF1-E16CF4E4C38F speakerProcsCalled=1395, averageOutputPower=-59.232719, syncTargetCalled=2752
2026-07-14 15:04:26.596 Df avconferenced[1207:1690a95] [com.apple.AVConference:ViceroyTrace] VCAudioReceiver [NOTICE] _VCAudioReceiver_CalculateAndReportRTPMetrics:660 @=@ Health: VCAudioReceiver VCAudioReceiver[0x782e880000] ParticipantID=89166B42-4763-41A8-9CF1-E16CF4E4C38F erasure percentage=0.00% PLR percentage=0.00% current percentage:0.00% (rec:250 exp:250, loss:0) receiver(rtp=250, bb=0, unk=0, dup=0, drop=0) jb(enc=500, drop=0) infobuf(rec=1320, exp:7487, drec=1315, dexp=7482)
2026-07-14 15:04:26.596 Df avconferenced[1207:1690a95] [com.apple.AVConference:ViceroyTrace] VCAudioReceiver [NOTICE] _VCAudioReceiver_RegisterReportingTask_block_invoke_2:851 @=@ Health: VCAudioReceiver VCAudioReceiver[0x782e880000] audioRxBitrate=121kbps, primaryAudioRxRate=92kbps payload=104 streamID=0 redReceivedBitrate=45kbps totalPacketsReceived=1320 mediaBitrateNoRed=48kbps redPlayedRate=0kbps redDiscardedRate=45kbps
2026-07-14 15:04:26.596 Df avconferenced[1207:1690a95] [com.apple.AVConference:ViceroyTrace] [NOTICE] -[VCAudioTransmitter gatherRealtimeStats:]:772 @=@ Health: VCAudioTransmitter [0x782438a300] audioTxBitrate=88kbps, audioFecTx=1.000000, primaryAudioTxRate=30kbps, audioStreamRedundancyLevel=1, _qualityIndex=0, payload=104, totalPacketsSent=1396 streamIDsCount=0 _targetBitrate=120000 _currentTargetBitrate=120000 _supportsAdaptation=1 audioTxRedRate=32kbps
2026-07-14 15:04:26.643 Df avconferenced[1207:16901f5] [com.apple.AVConference:ViceroyTrace] VCMediaStream [NOTICE] -[VCMediaStream setRtcpEnabled:]:2153 VCAudioStream[0x7830790000] -[VCMediaStream setRtcpEnabled:] rtcpEnabled[0]
2026-07-14 15:04:26.643 Df avconferenced[1207:16901f5] [com.apple.AVConference:ViceroyTrace] VCMediaStream [NOTICE] -[VCMediaStream setRtcpEnabled:]:2153 VCAudioStream[0x782deb3800] -[VCMediaStream setRtcpEnabled:] rtcpEnabled[0]
2026-07-14 15:04:26.840 Df avconferenced[1207:1690ae1] [com.apple.AVConference:ViceroyTrace] VCMediaStream [NOTICE] -[VCMediaStream setRtcpEnabled:]:2153 VCAudioStream[0x7830790000] -[VCMediaStream setRtcpEnabled:] rtcpEnabled[0]
2026-07-14 15:04:26.840 Df avconferenced[1207:1690ae1] [com.apple.AVConference:ViceroyTrace] VCMediaStream [NOTICE] -[VCMediaStream setRtcpEnabled:]:2153 VCAudioStream[0x782deb3800] -[VCMediaStream setRtcpEnabled:] rtcpEnabled[0]
2026-07-14 15:04:27.442 Df avconferenced[1207:1690326] [com.apple.AVConference:ViceroyTrace] VCAudioStream [NOTICE] _VCAudioStream_CheckAbnormalOWRDAndResetLagReference:466 (0x7830796800) RTT=0.094, TxBW=2795839b/sec, PLR=0.00%, PLaMR=0.27%
2026-07-14 15:04:27.462 Df avconferenced[1207:1690326] [com.apple.AVConference:ViceroyTrace] VCAudioStream [NOTICE] _VCAudioStream_CheckAbnormalOWRDAndResetLagReference:466 (0x7830796800) RTT=0.101, TxBW=2795839b/sec, PLR=0.00%, PLaMR=0.27%
2026-07-14 15:04:27.465 Df avconferenced[1207:1690736] [com.apple.AVConference:ViceroyTrace] VCMediaStream [NOTICE] -[VCMediaStream setRtcpEnabled:]:2153 VCAudioStream[0x7830790000] -[VCMediaStream setRtcpEnabled:] rtcpEnabled[0]
2026-07-14 15:04:27.465 Df avconferenced[1207:1690736] [com.apple.AVConference:ViceroyTrace] VCMediaStream [NOTICE] -[VCMediaStream setRtcpEnabled:]:2153 VCAudioStream[0x782deb3800] -[VCMediaStream setRtcpEnabled:] rtcpEnabled[0]
2026-07-14 15:04:27.662 Df avconferenced[1207:1690605] [com.apple.AVConference:ViceroyTrace] VCMediaStream [NOTICE] -[VCMediaStream setRtcpEnabled:]:2153 VCAudioStream[0x7830790000] -[VCMediaStream setRtcpEnabled:] rtcpEnabled[0]
2026-07-14 15:04:27.662 Df avconferenced[1207:1690605] [com.apple.AVConference:ViceroyTrace] VCMediaStream [NOTICE] -[VCMediaStream setRtcpEnabled:]:2153 VCAudioStream[0x782deb3800] -[VCMediaStream setRtcpEnabled:] rtcpEnabled[0]
2026-07-14 15:04:27.845 Df FaceTime[79884:168fe3e] [com.apple.calls.telephonyutilities:Default] _cachedInputDevices = ( "" )
2026-07-14 15:04:28.010 Df audioaccessoryd[32606:1690811] [com.apple.bluetooth:BTSmartRoutingDaemon] AudioStateSnapshot: BtState PoweredOn Route Speaker App com.apple.avconferenced, Score 501, Remote -1 NumofApp 2
2026-07-14 15:04:28.101 Df avconferenced[1207:1690605] [com.apple.AVConference:ViceroyTrace] VCMediaStream [NOTICE] -[VCMediaStream setRtcpEnabled:]:2153 VCAudioStream[0x7830790000] -[VCMediaStream setRtcpEnabled:] rtcpEnabled[0]
2026-07-14 15:04:28.101 Df avconferenced[1207:1690605] [com.apple.AVConference:ViceroyTrace] VCMediaStream [NOTICE] -[VCMediaStream setRtcpEnabled:]:2153 VCAudioStream[0x782deb3800] -[VCMediaStream setRtcpEnabled:] rtcpEnabled[0]
2026-07-14 15:04:28.300 Df avconferenced[1207:1690607] [com.apple.AVConference:ViceroyTrace] VCMediaStream [NOTICE] -[VCMediaStream setRtcpEnabled:]:2153 VCAudioStream[0x7830790000] -[VCMediaStream setRtcpEnabled:] rtcpEnabled[0]
2026-07-14 15:04:28.300 Df avconferenced[1207:1690607] [com.apple.AVConference:ViceroyTrace] VCMediaStream [NOTICE] -[VCMediaStream setRtcpEnabled:]:2153 VCAudioStream[0x782deb3800] -[VCMediaStream setRtcpEnabled:] rtcpEnabled[0]
2026-07-14 15:04:28.482 Df avconferenced[1207:1690326] [com.apple.AVConference:ViceroyTrace] VCAudioStream [NOTICE] _VCAudioStream_CheckAbnormalOWRDAndResetLagReference:466 (0x7830796800) RTT=0.093, TxBW=2862346b/sec, PLR=0.00%, PLaMR=0.27%
2026-07-14 15:04:28.512 Df avconferenced[1207:16901ef] [com.apple.AVConference:ViceroyTrace] VCMediaStream [NOTICE] -[VCMediaStream setRtcpEnabled:]:2153 VCAudioStream[0x7830790000] -[VCMediaStream setRtcpEnabled:] rtcpEnabled[0]
2026-07-14 15:04:28.512 Df avconferenced[1207:16901ef] [com.apple.AVConference:ViceroyTrace] VCMediaStream [NOTICE] -[VCMediaStream setRtcpEnabled:]:2153 VCAudioStream[0x782deb3800] -[VCMediaStream setRtcpEnabled:] rtcpEnabled[0]
2026-07-14 15:04:28.523 Df avconferenced[1207:1690326] [com.apple.AVConference:ViceroyTrace] VCAudioStream [NOTICE] _VCAudioStream_CheckAbnormalOWRDAndResetLagReference:466 (0x7830796800) RTT=0.104, TxBW=2879551b/sec, PLR=0.00%, PLaMR=0.27%
2026-07-14 15:04:28.773 Df usbaudiod[819:169032a] [] current microframe timestamp calcError ns 708
2026-07-14 15:04:29.142 Df avconferenced[1207:1690607] [com.apple.AVConference:ViceroyTrace] VCMediaStream [NOTICE] -[VCMediaStream setRtcpEnabled:]:2153 VCAudioStream[0x7830790000] -[VCMediaStream setRtcpEnabled:] rtcpEnabled[0]
2026-07-14 15:04:29.142 Df avconferenced[1207:1690607] [com.apple.AVConference:ViceroyTrace] VCMediaStream [NOTICE] -[VCMediaStream setRtcpEnabled:]:2153 VCAudioStream[0x782deb3800] -[VCMediaStream setRtcpEnabled:] rtcpEnabled[0]
2026-07-14 15:04:29.346 Df avconferenced[1207:1690607] [com.apple.AVConference:ViceroyTrace] VCMediaStream [NOTICE] -[VCMediaStream setRtcpEnabled:]:2153 VCAudioStream[0x7830790000] -[VCMediaStream setRtcpEnabled:] rtcpEnabled[0]
2026-07-14 15:04:29.346 Df avconferenced[1207:1690607] [com.apple.AVConference:ViceroyTrace] VCMediaStream [NOTICE] -[VCMediaStream setRtcpEnabled:]:2153 VCAudioStream[0x782deb3800] -[VCMediaStream setRtcpEnabled:] rtcpEnabled[0]
2026-07-14 15:04:29.543 Df avconferenced[1207:1690326] [com.apple.AVConference:ViceroyTrace] VCAudioStream [NOTICE] _VCAudioStream_CheckAbnormalOWRDAndResetLagReference:466 (0x7830796800) RTT=0.098, TxBW=2913601b/sec, PLR=0.00%, PLaMR=0.31%
2026-07-14 15:04:29.559 Df avconferenced[1207:16901f5] [com.apple.AVConference:ViceroyTrace] VCMediaStream [NOTICE] -[VCMediaStream setRtcpEnabled:]:2153 VCAudioStream[0x7830790000] -[VCMediaStream setRtcpEnabled:] rtcpEnabled[0]
2026-07-14 15:04:29.559 Df avconferenced[1207:16901f5] [com.apple.AVConference:ViceroyTrace] VCMediaStream [NOTICE] -[VCMediaStream setRtcpEnabled:]:2153 VCAudioStream[0x782deb3800] -[VCMediaStream setRtcpEnabled:] rtcpEnabled[0]
2026-07-14 15:04:29.563 Df avconferenced[1207:1690326] [com.apple.AVConference:ViceroyTrace] VCAudioStream [NOTICE] _VCAudioStream_CheckAbnormalOWRDAndResetLagReference:466 (0x7830796800) RTT=0.113, TxBW=2930775b/sec, PLR=0.00%, PLaMR=0.31%
2026-07-14 15:04:30.082 Df avconferenced[1207:1690605] [com.apple.AVConference:ViceroyTrace] VCMediaStream [NOTICE] -[VCMediaStream setRtcpEnabled:]:2153 VCAudioStream[0x7830790000] -[VCMediaStream setRtcpEnabled:] rtcpEnabled[0]
2026-07-14 15:04:30.082 Df avconferenced[1207:1690605] [com.apple.AVConference:ViceroyTrace] VCMediaStream [NOTICE] -[VCMediaStream setRtcpEnabled:]:2153 VCAudioStream[0x782deb3800] -[VCMediaStream setRtcpEnabled:] rtcpEnabled[0]
2026-07-14 15:04:30.183 Df avconferenced[1207:16901f5] [com.apple.AVConference:ViceroyTrace] VCMediaStream [NOTICE] -[VCMediaStream setRtcpEnabled:]:2153 VCAudioStream[0x7830790000] -[VCMediaStream setRtcpEnabled:] rtcpEnabled[0]
2026-07-14 15:04:30.183 Df avconferenced[1207:16901f5] [com.apple.AVConference:ViceroyTrace] VCMediaStream [NOTICE] -[VCMediaStream setRtcpEnabled:]:2153 VCAudioStream[0x782deb3800] -[VCMediaStream setRtcpEnabled:] rtcpEnabled[0]
2026-07-14 15:04:30.383 Df avconferenced[1207:1690736] [com.apple.AVConference:ViceroyTrace] VCMediaStream [NOTICE] -[VCMediaStream setRtcpEnabled:]:2153 VCAudioStream[0x7830790000] -[VCMediaStream setRtcpEnabled:] rtcpEnabled[0]
2026-07-14 15:04:30.383 Df avconferenced[1207:1690736] [com.apple.AVConference:ViceroyTrace] VCMediaStream [NOTICE] -[VCMediaStream setRtcpEnabled:]:2153 VCAudioStream[0x782deb3800] -[VCMediaStream setRtcpEnabled:] rtcpEnabled[0]
2026-07-14 15:04:30.582 Df avconferenced[1207:1690326] [com.apple.AVConference:ViceroyTrace] VCAudioStream [NOTICE] _VCAudioStream_CheckAbnormalOWRDAndResetLagReference:466 (0x7830796800) RTT=0.094, TxBW=2982994b/sec, PLR=0.00%, PLaMR=0.31%
2026-07-14 15:04:30.607 Df avconferenced[1207:168fe27] [com.apple.AVConference:ViceroyTrace] VCMediaStream [NOTICE] -[VCMediaStream setRtcpEnabled:]:2153 VCAudioStream[0x7830790000] -[VCMediaStream setRtcpEnabled:] rtcpEnabled[0]
2026-07-14 15:04:30.607 Df avconferenced[1207:168fe27] [com.apple.AVConference:ViceroyTrace] VCMediaStream [NOTICE] -[VCMediaStream setRtcpEnabled:]:2153 VCAudioStream[0x782deb3800] -[VCMediaStream setRtcpEnabled:] rtcpEnabled[0]
2026-07-14 15:04:30.622 Df avconferenced[1207:1690326] [com.apple.AVConference:ViceroyTrace] VCAudioStream [NOTICE] _VCAudioStream_CheckAbnormalOWRDAndResetLagReference:466 (0x7830796800) RTT=0.116, TxBW=3000666b/sec, PLR=0.00%, PLaMR=0.31%
2026-07-14 15:04:30.817 Df FaceTime[79884:168fe3e] [com.apple.AVConference:ViceroyTrace] AVCAudioClient [NOTICE] +[AVAudioClient currentOutputDevice]:935 @:@ AVAudioClient-currentOutputDevice (0x7beaef8240)
2026-07-14 15:04:30.821 Df avconferenced[1207:1690bbb] [com.apple.AVConference:ViceroyTrace] [NOTICE] -[VCAudioClientManager registerBlocksForService]_block_invoke:323 Got notification to getCurrentAudioOutputDevice BuiltInSpeakerDevice for client [0x782395db00]
2026-07-14 15:04:30.824 Df FaceTime[79884:168fe3e] [com.apple.AVConference:ViceroyTrace] [NOTICE] -[AVAudioDeviceList devices]:377 AVAudioDeviceList-devices "{ deviceName=Logitech BRIO deviceID=80 UID=AppleUSBAudioEngine:Unknown Manufacturer:Logitech BRIO:0259AEF1:4 isPreferred=0 isLineIn=0 inputAvailable=1 outputAvailable=0 }",
2026-07-14 15:04:30.824 Df FaceTime[79884:168fe3e] [com.apple.AVConference:ViceroyTrace] AVCAudioClient [NOTICE] +[AVAudioClient currentInputDevice]:929 @:@ AVAudioClient-currentInputDevice (0x7beaef8240)
2026-07-14 15:04:30.826 Df avconferenced[1207:1690bbb] [com.apple.AVConference:ViceroyTrace] [NOTICE] -[AVAudioDeviceList inputDevices]:395 AVAudioDeviceList-inputDevices "{ deviceName=Logitech BRIO deviceID=95 UID=AppleUSBAudioEngine:Unknown Manufacturer:Logitech BRIO:0259AEF1:4 isPreferred=0 isLineIn=0 inputAvailable=1 outputAvailable=0 }"
2026-07-14 15:04:30.829 Df avconferenced[1207:1690bbb] [com.apple.AVConference:ViceroyTrace] [NOTICE] -[AVAudioDeviceList inputDevices]:395 AVAudioDeviceList-inputDevices "{ deviceName=Logitech BRIO deviceID=95 UID=AppleUSBAudioEngine:Unknown Manufacturer:Logitech BRIO:0259AEF1:4 isPreferred=0 isLineIn=0 inputAvailable=1 outputAvailable=0 }"
2026-07-14 15:04:30.829 Df avconferenced[1207:1690bbb] [com.apple.AVConference:ViceroyTrace] [NOTICE] -[VCAudioClientManager registerBlocksForService]_block_invoke:319 Got notification to getCurrentAudioInputDevice AppleUSBAudioEngine:Unknown Manufacturer:Logitech BRIO:0259AEF1:4 for client [0x782395db00]
2026-07-14 15:04:30.831 Df FaceTime[79884:168fe3e] [com.apple.AVConference:ViceroyTrace] [NOTICE] -[AVAudioDeviceList devices]:377 AVAudioDeviceList-devices "{ deviceName=Logitech BRIO deviceID=80 UID=AppleUSBAudioEngine:Unknown Manufacturer:Logitech BRIO:0259AEF1:4 isPreferred=0 isLineIn=0 inputAvailable=1 outputAvailable=0 }",
2026-07-14 15:04:30.831 Df FaceTime[79884:168fe3e] [com.apple.calls.facetime:AudioHALManager] Current audio input device: { deviceName=Logitech BRIO deviceID=80 UID=AppleUSBAudioEngine:Unknown Manufacturer:Logitech BRIO:0259AEF1:4 isPreferred=0 isLineIn=0 inputAvailable=1 outputAvailable=0 }
2026-07-14 15:04:30.836 Df callservicesd[40915:16901db] [com.apple.AVConference:ViceroyTrace] [NOTICE] -[AVCSessionParticipant setMediaState:forMediaType:]_block_invoke:246 (0x77d9436d80) ParticipantID=8BDB0B07-D484-4574-A9F2-B0C99DDF76B5 mediaType=Microphone mediaState=disabled
2026-07-14 15:04:30.836 Df avconferenced[1207:1690ae1] [com.apple.AVConference:ViceroyTrace] [NOTICE] -[VCAudioIO setMuted:]:757 (0x7823424c00) isMuted=1
2026-07-14 15:04:30.836 Df avconferenced[1207:1690ae1] [com.apple.AVConference:ViceroyTrace] [NOTICE] -[VCAudioIO setMuted:]:757 (0x7823425000) isMuted=1
2026-07-14 15:04:30.836 Df avconferenced[1207:1690ae1] [com.apple.AVConference:ViceroyTrace] [NOTICE] -[VCAudioIO setMuted:]:757 (0x7823425400) isMuted=1
2026-07-14 15:04:30.836 Df avconferenced[1207:1690bbb] [com.apple.AVConference:ViceroyTrace] [NOTICE] -[VCAudioManager setMute:forClient:]_block_invoke:621 controllerType=VoiceChat(0x7824ee4000) client=0x7823424e00 mute=1
2026-07-14 15:04:30.836 Df avconferenced[1207:1690bbb] [com.apple.AVConference:ViceroyTrace] [NOTICE] -[VCAudioManager applyAudioSessionMute]:636 controllerType=VoiceChat(0x7824ee4000) Applying mute property for audioSessionId=1076857400, isMuted=1
2026-07-14 15:04:30.837 Df avconferenced[1207:1690349] [com.apple.AVConference:ViceroyTrace] [NOTICE] -[VCAudioIO setSourceMuted:]:766 (0x7823424200) sourceMuted=1
2026-07-14 15:04:30.838 Df coreaudiod[800:169084f] (CoreAudio) HALS_Device.cpp:2327 HALS_Device::_GetCombinedVolumeScalar: AppleUSBAudioEngine:Unknown Manufacturer:Logitech BRIO:0259AEF1:4 client 171 (pid 1207) is present, and is ducked with a combined volume scalar of 0.000000
2026-07-14 15:04:30.838 Df avconferenced[1207:1690bbb] [com.apple.AVConference:ViceroyTrace] [NOTICE] -[VCAudioManager setMute:forClient:]_block_invoke:621 controllerType=VoiceChat(0x7824ee4000) client=0x7823425200 mute=1
2026-07-14 15:04:30.838 Df avconferenced[1207:1690bbb] [com.apple.AVConference:ViceroyTrace] [NOTICE] -[VCAudioManager applyAudioSessionMute]:636 controllerType=VoiceChat(0x7824ee4000) Applying mute property for audioSessionId=1076857400, isMuted=1
2026-07-14 15:04:30.839 Df avconferenced[1207:1690bbb] [com.apple.AVConference:ViceroyTrace] [NOTICE] -[VCAudioManager setMute:forClient:]_block_invoke:621 controllerType=VoiceChat(0x7824ee4000) client=0x7823425600 mute=1
2026-07-14 15:04:30.839 Df avconferenced[1207:1690bbb] [com.apple.AVConference:ViceroyTrace] [NOTICE] -[VCAudioManager applyAudioSessionMute]:636 controllerType=VoiceChat(0x7824ee4000) Applying mute property for audioSessionId=1076857400, isMuted=1
2026-07-14 15:04:30.845 Df avconferenced[1207:1690bbb] [com.apple.AVConference:ViceroyTrace] [NOTICE] -[VCAudioManager stopClient:]_block_invoke:2473 controllerType=VoiceChat(0x7824ee4000) controller stop client (audioIO=0x7823424e00)
2026-07-14 15:04:30.845 Df avconferenced[1207:1690bbb] [com.apple.AVConference:ViceroyTrace] [NOTICE] -[VCAudioManager applyAudioSessionMute]:636 controllerType=VoiceChat(0x7824ee4000) Applying mute property for audioSessionId=1076857400, isMuted=1
2026-07-14 15:04:30.845 Df audioaccessoryd[32606:1690a11] [com.apple.bluetooth:BTSmartRoutingDaemon] RoutingRequestResponse: Action DontRoute reason Tipi device, do not route, not inEar and/or inEar is not disabled. CID 0xA6BFA625 address NULL
2026-07-14 15:04:30.845 Df avconferenced[1207:1690bbb] [com.apple.AVConference:ViceroyTrace] [NOTICE] -[VCAudioManager stopClient:]_block_invoke:2475 controllerType=VoiceChat(0x7824ee4000) controller did stop client (audioIO=0x7823424e00)
2026-07-14 15:04:30.845 Df avconferenced[1207:1690bbb] [com.apple.AVConference:ViceroyTrace] [NOTICE] -[VCAudioIO didStop:error:]:1000 (0x7823424c00) completionHandler:0x781ff52e40
2026-07-14 15:04:30.845 Df audioaccessoryd[32606:1690811] [com.apple.bluetooth:BTSmartRoutingDaemon] PredictiveRoute: Evaluating localScore 501 currentRoute Speaker delay 2.00s inEarWx NULL secondsSinceManualSpeaker 417844s speakerTick 0 hijackBlockingleft 0.00s hijackBlockingTick 0 secondsSinceHFPSetupFail 417844s hfpSetupFailTick 0
2026-07-14 15:04:30.845 Df audioaccessoryd[32606:1690811] [com.apple.bluetooth:BTSmartRoutingDaemon] PredictiveRoute: Skip, Mac is not idle. LocalScore 501 App com.apple.avconferenced
2026-07-14 15:04:30.847 Df avconferenced[1207:169023f] [com.apple.AVConference:ViceroyTrace] [NOTICE] -[VCAudioIO didStop:error:]_block_invoke:1015 (0x7823424c00)
2026-07-14 15:04:30.847 Df avconferenced[1207:1690ae1] [com.apple.AVConference:ViceroyTrace] [NOTICE] -[VCMediaStreamGroup stop]:506 @:@ StreamGroup-Stop (0x781fb8e300) streamGroupID=micr participantUUID=8BDB0B07-D484-4574-A9F2-B0C99DDF76B5 streamToken=1076857401
2026-07-14 15:04:30.855 Df avconferenced[1207:16901ef] [com.apple.AVConference:ViceroyTrace] [NOTICE] -[VCMediaStreamGroup stop]:506 @:@ StreamGroup-Stop (0x782eaa5180) streamGroupID=micr participantUUID=89166B42-4763-41A8-9CF1-E16CF4E4C38F streamToken=1076857463
2026-07-14 15:04:30.861 Df audioaccessoryd[32606:1690a11] [com.apple.bluetooth:BTSmartRoutingDaemon] PredictiveRoute: Evaluating localScore 501 currentRoute Speaker delay 2.00s inEarWx NULL secondsSinceManualSpeaker 417844s speakerTick 0 hijackBlockingleft 0.00s hijackBlockingTick 0 secondsSinceHFPSetupFail 417844s hfpSetupFailTick 0
2026-07-14 15:04:30.861 Df audioaccessoryd[32606:1690a11] [com.apple.bluetooth:BTSmartRoutingDaemon] PredictiveRoute: Skip, Mac is not idle. LocalScore 501 App com.apple.avconferenced
2026-07-14 15:04:30.861 Df audioaccessoryd[32606:1690811] [com.apple.SmartRouting:SRConnectionManager] EvaluateNearbyDevicesForConnection paired 11 connectedWx 0 nearbyWx 0 srDisDeviceCount 1 nearbySource 3 btState PoweredOn audioRoute Speaker tipiScore High sourceSRcapable yes audioCategory 501 callStarted no OD Invalid
2026-07-14 15:04:30.865 Df avconferenced[1207:1690bbb] [com.apple.AVConference:ViceroyTrace] [NOTICE] -[VCAudioManager stopClient:]_block_invoke:2473 controllerType=VoiceChat(0x7824ee4000) controller stop client (audioIO=0x7823425200)
2026-07-14 15:04:30.865 Df audioaccessoryd[32606:16902e9] [com.apple.bluetooth:BTSmartRoutingDaemon] RoutingRequestResponse: Action DontRoute reason Tipi device, do not route, not inEar and/or inEar is not disabled. CID 0xA6BFA625 address NULL
2026-07-14 15:04:30.865 Df audioaccessoryd[32606:16902e9] [com.apple.bluetooth:BTSmartRoutingDaemon] PredictiveRoute: Evaluating localScore 501 currentRoute Speaker delay 2.00s inEarWx NULL secondsSinceManualSpeaker 417844s speakerTick 0 hijackBlockingleft 0.00s hijackBlockingTick 0 secondsSinceHFPSetupFail 417844s hfpSetupFailTick 0
2026-07-14 15:04:30.865 Df audioaccessoryd[32606:16902e9] [com.apple.bluetooth:BTSmartRoutingDaemon] PredictiveRoute: Skip, Mac is not idle. LocalScore 501 App com.apple.avconferenced
