2026-07-14 14:12:19.529 Df FaceTime[38724:166492a] [com.apple.AVConference:ViceroyTrace] [NOTICE] -[AVAudioDeviceList devices]:377 AVAudioDeviceList-devices "{ deviceName=Logitech BRIO deviceID=80 UID=AppleUSBAudioEngine:Unknown Manufacturer:Logitech BRIO:0259AEF1:4 isPreferred=0 isLineIn=0 inputAvailable=1 outputAvailable=0 }",
2026-07-14 14:12:19.529 Df FaceTime[38724:166492a] [com.apple.calls.facetime:AudioHALManager] Current audio input device: { deviceName=Logitech BRIO deviceID=80 UID=AppleUSBAudioEngine:Unknown Manufacturer:Logitech BRIO:0259AEF1:4 isPreferred=0 isLineIn=0 inputAvailable=1 outputAvailable=0 }
2026-07-14 14:12:19.529 Df avconferenced[1207:166bfa7] [com.apple.AVConference:ViceroyTrace] [NOTICE] -[AVAudioDeviceList inputDevices]:395 AVAudioDeviceList-inputDevices "{ deviceName=Logitech BRIO deviceID=95 UID=AppleUSBAudioEngine:Unknown Manufacturer:Logitech BRIO:0259AEF1:4 isPreferred=0 isLineIn=0 inputAvailable=1 outputAvailable=0 }"
2026-07-14 14:12:19.530 Df FaceTime[38724:166492a] [com.apple.AVConference:ViceroyTrace] AVCAudioClient [NOTICE] +[AVAudioClient setFollowSystemInputEnabled:]:953 @:@ AVAudioClient-setFollowSystemInputEnabled (0x76f413f4e0) enabled=0
2026-07-14 14:12:19.530 Df FaceTime[38724:166492a] [com.apple.AVConference:ViceroyTrace] AVCAudioClient [NOTICE] +[AVAudioClient currentInputDevice]:929 @:@ AVAudioClient-currentInputDevice (0x76f413f4e0)
2026-07-14 14:12:19.531 Df avconferenced[1207:166bfa7] [com.apple.AVConference:ViceroyTrace] [NOTICE] -[AVAudioDeviceList inputDevices]:395 AVAudioDeviceList-inputDevices "{ deviceName=Logitech BRIO deviceID=95 UID=AppleUSBAudioEngine:Unknown Manufacturer:Logitech BRIO:0259AEF1:4 isPreferred=0 isLineIn=0 inputAvailable=1 outputAvailable=0 }"
2026-07-14 14:12:19.531 Df avconferenced[1207:166bfa7] [com.apple.AVConference:ViceroyTrace] [NOTICE] -[VCAudioClientManager registerBlocksForService]_block_invoke:319 Got notification to getCurrentAudioInputDevice AppleUSBAudioEngine:Unknown Manufacturer:Logitech BRIO:0259AEF1:4 for client [0x7824a1bf00]
2026-07-14 14:12:19.533 Df audioaccessoryd[32606:166b73c] [com.apple.SmartRouting:SRConnectionManager] EvaluateNearbyDevicesForConnection paired 11 connectedWx 1 nearbyWx 1 srDisDeviceCount 1 nearbySource 2 btState PoweredOn audioRoute Speaker tipiScore High sourceSRcapable yes audioCategory 501 callStarted yes OD Invalid
2026-07-14 14:12:19.535 Df callservicesd[40915:166bfe5] [com.apple.AVConference:ViceroyTrace] [NOTICE] -[AVAudioDeviceList devices]:377 AVAudioDeviceList-devices "{ deviceName=Logitech BRIO deviceID=80 UID=AppleUSBAudioEngine:Unknown Manufacturer:Logitech BRIO:0259AEF1:4 isPreferred=0 isLineIn=0 inputAvailable=1 outputAvailable=0 }",
2026-07-14 14:12:19.535 Df callservicesd[40915:166bfe5] [com.apple.calls.callservicesd:Default] notification: NSConcreteNotification 0x77ce88edc0 {name = CSDRouteManagerPreferredRouteChangedNotification}
2026-07-14 14:12:19.535 Df avconferenced[1207:166bfa7] [com.apple.AVConference:ViceroyTrace] [NOTICE] -[AVAudioDeviceList inputDevices]:395 AVAudioDeviceList-inputDevices "{ deviceName=Logitech BRIO deviceID=95 UID=AppleUSBAudioEngine:Unknown Manufacturer:Logitech BRIO:0259AEF1:4 isPreferred=0 isLineIn=0 inputAvailable=1 outputAvailable=0 }"
2026-07-14 14:12:19.535 Df callservicesd[40915:166bfe5] [com.apple.AVConference:ViceroyTrace] [NOTICE] -[AVAudioDeviceList devices]:377 AVAudioDeviceList-devices "{ deviceName=Logitech BRIO deviceID=80 UID=AppleUSBAudioEngine:Unknown Manufacturer:Logitech BRIO:0259AEF1:4 isPreferred=0 isLineIn=0 inputAvailable=1 outputAvailable=0 }",
2026-07-14 14:12:19.535 Df callservicesd[40915:166bfe5] [com.apple.AVConference:ViceroyTrace] AVCAudioClient [NOTICE] +[AVAudioClient currentInputDevice]:929 @:@ AVAudioClient-currentInputDevice (0x77d8d14f00)
2026-07-14 14:12:19.536 E avconferenced[1207:166bfcb] [com.apple.coreaudio:AudioConverter] Input data proc returned inconsistent 480 packets for 3840 bytes; at 4 bytes per packet, that is actually 960 packets
2026-07-14 14:12:19.536 E avconferenced[1207:166bfcb] [com.apple.coreaudio:AudioConverter] Input data proc returned inconsistent 480 packets for 3840 bytes; at 4 bytes per packet, that is actually 960 packets
2026-07-14 14:12:19.537 Df avconferenced[1207:166bfa7] [com.apple.AVConference:ViceroyTrace] [NOTICE] -[AVAudioDeviceList inputDevices]:395 AVAudioDeviceList-inputDevices "{ deviceName=Logitech BRIO deviceID=95 UID=AppleUSBAudioEngine:Unknown Manufacturer:Logitech BRIO:0259AEF1:4 isPreferred=0 isLineIn=0 inputAvailable=1 outputAvailable=0 }"
2026-07-14 14:12:19.537 Df avconferenced[1207:166bfa7] [com.apple.AVConference:ViceroyTrace] [NOTICE] -[VCAudioClientManager registerBlocksForService]_block_invoke:319 Got notification to getCurrentAudioInputDevice AppleUSBAudioEngine:Unknown Manufacturer:Logitech BRIO:0259AEF1:4 for client [0x7823481800]
2026-07-14 14:12:19.540 Df FaceTime[38724:166492a] [com.apple.AVConference:ViceroyTrace] [NOTICE] -[AVAudioDeviceList devices]:377 AVAudioDeviceList-devices "{ deviceName=Logitech BRIO deviceID=80 UID=AppleUSBAudioEngine:Unknown Manufacturer:Logitech BRIO:0259AEF1:4 isPreferred=0 isLineIn=0 inputAvailable=1 outputAvailable=0 }",
2026-07-14 14:12:19.540 Df avconferenced[1207:166bfa7] [com.apple.AVConference:ViceroyTrace] [NOTICE] -[AVAudioDeviceList inputDevices]:395 AVAudioDeviceList-inputDevices "{ deviceName=Logitech BRIO deviceID=95 UID=AppleUSBAudioEngine:Unknown Manufacturer:Logitech BRIO:0259AEF1:4 isPreferred=0 isLineIn=0 inputAvailable=1 outputAvailable=0 }"
2026-07-14 14:12:19.543 Df FaceTime[38724:166492a] [com.apple.AVConference:ViceroyTrace] [NOTICE] -[AVAudioDeviceList devices]:377 AVAudioDeviceList-devices "{ deviceName=Logitech BRIO deviceID=80 UID=AppleUSBAudioEngine:Unknown Manufacturer:Logitech BRIO:0259AEF1:4 isPreferred=0 isLineIn=0 inputAvailable=1 outputAvailable=0 }",
2026-07-14 14:12:19.543 Df FaceTime[38724:166492a] [com.apple.AVConference:ViceroyTrace] AVCAudioClient [NOTICE] +[AVAudioClient currentOutputDevice]:935 @:@ AVAudioClient-currentOutputDevice (0x76f413f4e0)
2026-07-14 14:12:19.544 Df avconferenced[1207:166bfa7] [com.apple.AVConference:ViceroyTrace] [NOTICE] -[AVAudioDeviceList inputDevices]:395 AVAudioDeviceList-inputDevices "{ deviceName=Logitech BRIO deviceID=95 UID=AppleUSBAudioEngine:Unknown Manufacturer:Logitech BRIO:0259AEF1:4 isPreferred=0 isLineIn=0 inputAvailable=1 outputAvailable=0 }"
2026-07-14 14:12:19.544 Df avconferenced[1207:166bfa7] [com.apple.AVConference:ViceroyTrace] [NOTICE] -[VCAudioClientManager registerBlocksForService]_block_invoke:319 Got notification to getCurrentAudioInputDevice AppleUSBAudioEngine:Unknown Manufacturer:Logitech BRIO:0259AEF1:4 for client [0x7824a1bf00]
2026-07-14 14:12:19.546 Df callservicesd[40915:166bfe5] [com.apple.AVConference:ViceroyTrace] [NOTICE] -[AVAudioDeviceList devices]:377 AVAudioDeviceList-devices "{ deviceName=Logitech BRIO deviceID=80 UID=AppleUSBAudioEngine:Unknown Manufacturer:Logitech BRIO:0259AEF1:4 isPreferred=0 isLineIn=0 inputAvailable=1 outputAvailable=0 }",
2026-07-14 14:12:19.546 Df callservicesd[40915:166bfe5] [com.apple.AVConference:ViceroyTrace] AVCAudioClient [NOTICE] +[AVAudioClient currentInputDevice]:929 @:@ AVAudioClient-currentInputDevice (0x77d8d14f00)
2026-07-14 14:12:19.548 Df avconferenced[1207:166bfa7] [com.apple.AVConference:ViceroyTrace] [NOTICE] -[VCAudioClientManager registerBlocksForService]_block_invoke:323 Got notification to getCurrentAudioOutputDevice BuiltInSpeakerDevice for client [0x7823481800]
2026-07-14 14:12:19.550 Df avconferenced[1207:166bfa7] [com.apple.AVConference:ViceroyTrace] [NOTICE] -[AVAudioDeviceList inputDevices]:395 AVAudioDeviceList-inputDevices "{ deviceName=Logitech BRIO deviceID=95 UID=AppleUSBAudioEngine:Unknown Manufacturer:Logitech BRIO:0259AEF1:4 isPreferred=0 isLineIn=0 inputAvailable=1 outputAvailable=0 }"
2026-07-14 14:12:19.551 Df FaceTime[38724:166492a] [com.apple.AVConference:ViceroyTrace] [NOTICE] -[AVAudioDeviceList devices]:377 AVAudioDeviceList-devices "{ deviceName=Logitech BRIO deviceID=80 UID=AppleUSBAudioEngine:Unknown Manufacturer:Logitech BRIO:0259AEF1:4 isPreferred=0 isLineIn=0 inputAvailable=1 outputAvailable=0 }",
2026-07-14 14:12:19.551 Df FaceTime[38724:166492a] [com.apple.AVConference:ViceroyTrace] AVCAudioClient [NOTICE] +[AVAudioClient currentInputDevice]:929 @:@ AVAudioClient-currentInputDevice (0x76f413f4e0)
2026-07-14 14:12:19.552 Df audioaccessoryd[32606:166a3a3] [com.apple.bluetooth:BTSmartRoutingDaemon] Connected device updated: CBDevice 62E245F3-2C27-26C2-1CB9-406B59E9F76C, BDA , Nm , Md AirPods3,4, PID 0x2027 (AirPods3,4), PrNm AirPods Pro, VID 0x004C, VS 1, avCp 1, AVC 1, DsFl 0x40A08000 < WxStatus Connections Pairing BLEAdvertisementData >, DvF 0x25881D804077 < AACP MagicPaired ShareAudio Tipi PSE AudioOwner ClassicPaired SpatialAudio AdvancedAppleAudio ANC Transparency SpatialAudioAllowed UTPConnected FindMyManaged SmartRouting Connectable SensorData >, DvT Headphones, RSSI -32, CnS 0x980019 < HFP AVRCP A2DP AACP GATT ACL >, SupS 0x180019 < HFP AVRCP A2DP AACP GATT >, AStS Idle, Freq 2.4, Band ISM2.4, Ch 38, aaCp 1, ClkH L NoiseManagement R NoiseManagement, ECC 3, MCCp 1, MCC 2, CVer'8B41', cdCp 1, cDC 1, DbTp C Basic, GAPA 0x1 < Real >, FV '8B41', LsnM ANC, LsMC 0x6 < ANC Transparency >, BTv 6.0, MicM Auto, Plcm P OutOfEar S OutOfEar M Enabled, Prim Right, fmCI 69FBEEEA-4B52-93EE-6C6D-EB4D2F3B4D09, fmGI CA7596FA-C7B6-4E0F-AF85-10064B534003, modU A3064, SN 'CH7K4Q74Y5', SN Le<…>
2026-07-14 14:12:19.552 Df audioaccessoryd[32606:166a3a3] [com.apple.bluetooth:BTSmartRoutingDaemon] SmartRouting headset CC:22:FE:90:F0:98 manuallyRouted no firstManualRoute no manualRouteChangeInProgress no 41266540724343
2026-07-14 14:12:19.552 Df audioaccessoryd[32606:166bf84] [com.apple.AudioAccessory:AANearbyDeviceManagerDaemon] [1/3] AANearbyDevice loading properties from paired device: AADevice id: 62E245F3-2C27-26C2-1CB9-406B59E9F76C, nm James’s AirPods Pro, ml AirPods3,4, pid 8231, color 255, AutoANC: cap V2, Bbl: cap +, Cam ctl: cfg -, Chr rem: cap +, en +, DEOC: cap +, OBC: cap +, HG: tgl +, acct UpDn, decl S2S, HA: cap +, v2 cap +, HP: cap +, PPE: cap +, HT: cap +, HR: cap +, en +, Lsn: off +, Pl: PrfEQ: cap -, SR&P: SrMt: cap +, Sldt: cap +, SS: Misc Caps: cas snd +, ear fit +, ff upl +, hide er -, hide off +, ovd str +, pmee +, pt +, wrd lssls -, Misc Info: enh trn V4,hk wr +lst conn '2026-07-14 19:11:37.000', lst on head '2026-07-14 19:12:19.306',
2026-07-14 14:12:19.552 Df audioaccessoryd[32606:166bf84] [com.apple.AudioAccessory:AANearbyDeviceManagerDaemon] [2/3] CBDevice 62E245F3-2C27-26C2-1CB9-406B59E9F76C, BDA , Nm , Md AirPods3,4, PID 0x2027 (AirPods3,4), PrNm AirPods Pro, VID 0x004C, VS 1, avCp 1, AVC 1, DsFl 0x40A08000 < WxStatus Connections Pairing BLEAdvertisementData >, DvF 0x25881D804077 < AACP MagicPaired ShareAudio Tipi PSE AudioOwner ClassicPaired SpatialAudio AdvancedAppleAudio ANC Transparency SpatialAudioAllowed UTPConnected FindMyManaged SmartRouting Connectable SensorData >, DvT Headphones, RSSI -32, CnS 0x980019 < HFP AVRCP A2DP AACP GATT ACL >, SupS 0x180019 < HFP AVRCP A2DP AACP GATT >, AStS Idle, Freq 2.4, Band ISM2.4, Ch 37, aaCp 1, ClkH L NoiseManagement R NoiseManagement, ECC 3, MCCp 1, MCC 2, CVer'8B41', cdCp 1, cDC 1, DbTp C Basic, GAPA 0x1 < Real >, FV '8B41', LsnM ANC, LsMC 0x6 < ANC Transparency >, BTv 6.0, MicM Auto, Plcm P OutOfEar S OutOfEar M Enabled, Prim Right, fmCI 69FBEEEA-4B52-93EE-6C6D-EB4D2F3B4D09, fmGI CA7596FA-C7B6-4E0F-AF85-10064B534003, modU A3064, SN 'CH7K4Q74Y5',
2026-07-14 14:12:19.552 Df audioaccessoryd[32606:166bf84] [com.apple.AudioAccessory:AANearbyDeviceManagerDaemon] [3/3] SN Left'J5QHP501V510000UHZ', SN Right 'J5QHP600V1B0000UHY', srMd Enabled, spAM ContentDriven, AdTsMC <414734258794>, AMfD <4c 00 07 19 01 27 20 29 88 8f 11 00 04 14 50 50 ff e9 bb ee 00 00 00 06 18 ff b8 d0 ed>, deDa , baDa , Battery L -80% R -80% C -39%, ppDa , ppPD 01 27 20 29 88 8f 11 00 04 14 50 50 ff e9 bb ee 00 00 00 06 18 ff b8 d0 ed, ppPI 0x2027 (AirPods3,4), ppST 0x01 (WxStatus), ppSP InEar, asLO 1, ssCp Enabled, HaSp Yes, HtSp Yes, CF 0x80000000000 < Attributes > 2026-07-14 14:12:19.552 Df audioaccessoryd[32606:166a3a3] [com.apple.bluetooth:BTSmartRoutingDaemon] SmartRouting posting device CC:22:FE:90:F0:98 inEar state originalInEarState no, newInEarState no, previous connected yes, routing Action Unmanaged, Route no otherTipiDeviceAddress NULL otherTipiVersion NULL otherTipiDeviceName NULL incomingConn no
2026-07-14 14:12:19.552 Df audioaccessoryd[32606:166a3a3] [com.apple.bluetooth:BTSmartRoutingDaemon] Airpods fw version is 8B41, pairing record CBDevice 62E245F3-2C27-26C2-1CB9-406B59E9F76C, BDA , Nm , Md AirPods3,4, PID 0x2027 (AirPods3,4), PrNm AirPods Pro, VID 0x004C, VS 1, avCp 1, AVC 1, DsFl 0x40A08000 < WxStatus Connections Pairing BLEAdvertisementData >, DvF 0x25881D804077 < AACP MagicPaired ShareAudio Tipi PSE AudioOwner ClassicPaired SpatialAudio AdvancedAppleAudio ANC Transparency SpatialAudioAllowed UTPConnected FindMyManaged SmartRouting Connectable SensorData >, DvT Headphones, RSSI -32, CnS 0x980019 < HFP AVRCP A2DP AACP GATT ACL >, SupS 0x180019 < HFP AVRCP A2DP AACP GATT >, AStS Idle, Freq 2.4, Band ISM2.4, Ch 37, aaCp 1, ClkH L NoiseManagement R NoiseManagement, ECC 3, MCCp 1, MCC 2, CVer'8B41', cdCp 1, cDC 1, DbTp C Basic, GAPA 0x1 < Real >, FV '8B41', LsnM ANC, LsMC 0x6 < ANC Transparency >, BTv 6.0, MicM Auto, Plcm P OutOfEar S OutOfEar M Enabled, Prim Right, fmCI 69FBEEEA-4B52-93EE-6C6D-EB4D2F3B4D09, fmGI CA7596FA-C7B6-4E0F-AF85-10064B534003, modU A3064, SN 'C<…>
2026-07-14 14:12:19.552 Df audioaccessoryd[32606:166bf84] [com.apple.AudioAccessory:AANearbyDeviceManagerDaemon] AANearbyDevice updated: AANearbyDevice identifier: 62E245F3-2C27-26C2-1CB9-406B59E9F76C, Bt addr 'CC:22:FE:90:F0:98', Md 'AirPods3,4', Nm 'James’s AirPods Pro', paired. AAProximityPairingStatusPayloadB188B288, PT: 7, PID 8231, ST: 1, Sup Wir Split: yes, Audio St: Idle, Src count: 1, DEOC on: yes, OBC on: no, SR Conn: no, My Batt: -80, Oth Batt: -80, C Batt: invalid, lst conn hst: e9bbee, lst bud in C w/curr bud: 000000, SR score 1: High, SR score 2: Unknown, Idle time: 5-30s, time out of case: 30-60s, lst conn host iCloud signed in: yes, UTP: yes, This: Right - Primary - Unknown, Other: Unknown, Out of Box: no, L Batt: -80%, R Batt: -80%, lid open count: 0, lid closed: no, case ver: B435, case led col: Off, case led status: Solid, color: 0, Adv Data: <07 19 01 27 20 01 88 8f 10 00 04 14 50 50 ff e9 bb ee 00 00 00 06 19 01 f6 db fd>, HRM Cap Supported, HK Data Wr Yes
2026-07-14 14:12:19.552 Df audioaccessoryd[32606:166a3a3] [com.apple.bluetooth:BTSmartRoutingDaemon] Airpods fw version is 8B41, pairing record CBDevice 62E245F3-2C27-26C2-1CB9-406B59E9F76C, BDA , Nm , Md AirPods3,4, PID 0x2027 (AirPods3,4), PrNm AirPods Pro, VID 0x004C, VS 1, avCp 1, AVC 1, DsFl 0x40A08000 < WxStatus Connections Pairing BLEAdvertisementData >, DvF 0x25881D804077 < AACP MagicPaired ShareAudio Tipi PSE AudioOwner ClassicPaired SpatialAudio AdvancedAppleAudio ANC Transparency SpatialAudioAllowed UTPConnected FindMyManaged SmartRouting Connectable SensorData >, DvT Headphones, RSSI -32, CnS 0x980019 < HFP AVRCP A2DP AACP GATT ACL >, SupS 0x180019 < HFP AVRCP A2DP AACP GATT >, AStS Idle, Freq 2.4, Band ISM2.4, Ch 37, aaCp 1, ClkH L NoiseManagement R NoiseManagement, ECC 3, MCCp 1, MCC 2, CVer'8B41', cdCp 1, cDC 1, DbTp C Basic, GAPA 0x1 < Real >, FV '8B41', LsnM ANC, LsMC 0x6 < ANC Transparency >, BTv 6.0, MicM Auto, Plcm P OutOfEar S OutOfEar M Enabled, Prim Right, fmCI 69FBEEEA-4B52-93EE-6C6D-EB4D2F3B4D09, fmGI CA7596FA-C7B6-4E0F-AF85-10064B534003, modU A3064, SN 'C<…>
2026-07-14 14:12:19.552 Df avconferenced[1207:166bfa7] [com.apple.AVConference:ViceroyTrace] [NOTICE] -[AVAudioDeviceList inputDevices]:395 AVAudioDeviceList-inputDevices "{ deviceName=Logitech BRIO deviceID=95 UID=AppleUSBAudioEngine:Unknown Manufacturer:Logitech BRIO:0259AEF1:4 isPreferred=0 isLineIn=0 inputAvailable=1 outputAvailable=0 }"
2026-07-14 14:12:19.552 Df avconferenced[1207:166bfa7] [com.apple.AVConference:ViceroyTrace] [NOTICE] -[VCAudioClientManager registerBlocksForService]_block_invoke:319 Got notification to getCurrentAudioInputDevice AppleUSBAudioEngine:Unknown Manufacturer:Logitech BRIO:0259AEF1:4 for client [0x7824a1bf00]
2026-07-14 14:12:19.552 Df audioaccessoryd[32606:166a3a3] [com.apple.bluetooth:BTSmartRoutingDaemon] Nearby Wx device 62E245F3-2C27-26C2-1CB9-406B59E9F76C changed, name James’s AirPods Pro, addr CC:22:FE:90:F0:98, UTP yes, sourceCount 1, audioState Idle, lastRoute e9bbee, zeroLastRoute 202fee, oneLastRoute e9bbee, lidClosed no, primaryInEar no, secondaryInEar no, primaryInCase no, secondaryInCase no, battery Left 0.800000, battery right 0.800000, battery main 0.000000
2026-07-14 14:12:19.552 Df audioaccessoryd[32606:166a3a3] [com.apple.bluetooth:BTSmartRoutingDaemon] SRDiscoveredDevice: Nearby Wx changed addr CC:22:FE:90:F0:98 name James’s AirPods Pro found yes streamState Idle productID 8231 paired yes iCloudSignedIn yes lastConnect e9bbee inEar no priBudInEar no secBudInEar no usb no
2026-07-14 14:12:19.552 Df audioaccessoryd[32606:166a3a3] [com.apple.bluetooth:BTSmartRoutingDaemon] Airpods fw version is 8B41, pairing record CBDevice 62E245F3-2C27-26C2-1CB9-406B59E9F76C, BDA , Nm , Md AirPods3,4, PID 0x2027 (AirPods3,4), PrNm AirPods Pro, VID 0x004C, VS 1, avCp 1, AVC 1, DsFl 0x40A08000 < WxStatus Connections Pairing BLEAdvertisementData >, DvF 0x25881D804077 < AACP MagicPaired ShareAudio Tipi PSE AudioOwner ClassicPaired SpatialAudio AdvancedAppleAudio ANC Transparency SpatialAudioAllowed UTPConnected FindMyManaged SmartRouting Connectable SensorData >, DvT Headphones, RSSI -32, CnS 0x980019 < HFP AVRCP A2DP AACP GATT ACL >, SupS 0x180019 < HFP AVRCP A2DP AACP GATT >, AStS Idle, Freq 2.4, Band ISM2.4, Ch 37, aaCp 1, ClkH L NoiseManagement R NoiseManagement, ECC 3, MCCp 1, MCC 2, CVer'8B41', cdCp 1, cDC 1, DbTp C Basic, GAPA 0x1 < Real >, FV '8B41', LsnM ANC, LsMC 0x6 < ANC Transparency >, BTv 6.0, MicM Auto, Plcm P OutOfEar S OutOfEar M Enabled, Prim Right, fmCI 69FBEEEA-4B52-93EE-6C6D-EB4D2F3B4D09, fmGI CA7596FA-C7B6-4E0F-AF85-10064B534003, modU A3064, SN 'C<…>
2026-07-14 14:12:19.552 Df audioaccessoryd[32606:166a3a3] [com.apple.bluetooth:BTSmartRoutingDaemon] Airpods fw version is 8B41, pairing record CBDevice 62E245F3-2C27-26C2-1CB9-406B59E9F76C, BDA , Nm , Md AirPods3,4, PID 0x2027 (AirPods3,4), PrNm AirPods Pro, VID 0x004C, VS 1, avCp 1, AVC 1, DsFl 0x40A08000 < WxStatus Connections Pairing BLEAdvertisementData >, DvF 0x25881D804077 < AACP MagicPaired ShareAudio Tipi PSE AudioOwner ClassicPaired SpatialAudio AdvancedAppleAudio ANC Transparency SpatialAudioAllowed UTPConnected FindMyManaged SmartRouting Connectable SensorData >, DvT Headphones, RSSI -32, CnS 0x980019 < HFP AVRCP A2DP AACP GATT ACL >, SupS 0x180019 < HFP AVRCP A2DP AACP GATT >, AStS Idle, Freq 2.4, Band ISM2.4, Ch 37, aaCp 1, ClkH L NoiseManagement R NoiseManagement, ECC 3, MCCp 1, MCC 2, CVer'8B41', cdCp 1, cDC 1, DbTp C Basic, GAPA 0x1 < Real >, FV '8B41', LsnM ANC, LsMC 0x6 < ANC Transparency >, BTv 6.0, MicM Auto, Plcm P OutOfEar S OutOfEar M Enabled, Prim Right, fmCI 69FBEEEA-4B52-93EE-6C6D-EB4D2F3B4D09, fmGI CA7596FA-C7B6-4E0F-AF85-10064B534003, modU A3064, SN 'C<…>
2026-07-14 14:12:19.553 Df audioaccessoryd[32606:166a3a3] [com.apple.bluetooth:BTSmartRoutingDaemon] Pairing found device CBDevice 62E245F3-2C27-26C2-1CB9-406B59E9F76C, BDA , Nm , Md AirPods3,4, PID 0x2027 (AirPods3,4), PrNm AirPods Pro, VID 0x004C, VS 1, avCp 1, AVC 1, DsFl 0x40A08000 < WxStatus Connections Pairing BLEAdvertisementData >, DvF 0x25881D804077 < AACP MagicPaired ShareAudio Tipi PSE AudioOwner ClassicPaired SpatialAudio AdvancedAppleAudio ANC Transparency SpatialAudioAllowed UTPConnected FindMyManaged SmartRouting Connectable SensorData >, DvT Headphones, RSSI -32, CnS 0x980019 < HFP AVRCP A2DP AACP GATT ACL >, SupS 0x180019 < HFP AVRCP A2DP AACP GATT >, AStS Idle, Freq 2.4, Band ISM2.4, Ch 38, aaCp 1, ClkH L NoiseManagement R NoiseManagement, ECC 3, MCCp 1, MCC 2, CVer'8B41', cdCp 1, cDC 1, DbTp C Basic, GAPA 0x1 < Real >, FV '8B41', LsnM ANC, LsMC 0x6 < ANC Transparency >, BTv 6.0, MicM Auto, Plcm P OutOfEar S OutOfEar M Enabled, Prim Right, fmCI 69FBEEEA-4B52-93EE-6C6D-EB4D2F3B4D09, fmGI CA7596FA-C7B6-4E0F-AF85-10064B534003, modU A3064, SN 'CH7K4Q74Y5', SN Left'J5<…>
2026-07-14 14:12:19.555 Df avconferenced[1207:166bfa7] [com.apple.AVConference:ViceroyTrace] [NOTICE] -[AVAudioDeviceList inputDevices]:395 AVAudioDeviceList-inputDevices "{ deviceName=Logitech BRIO deviceID=95 UID=AppleUSBAudioEngine:Unknown Manufacturer:Logitech BRIO:0259AEF1:4 isPreferred=0 isLineIn=0 inputAvailable=1 outputAvailable=0 }"
2026-07-14 14:12:19.555 Df callservicesd[40915:166bfe5] [com.apple.AVConference:ViceroyTrace] [NOTICE] -[AVAudioDeviceList devices]:377 AVAudioDeviceList-devices "{ deviceName=Logitech BRIO deviceID=80 UID=AppleUSBAudioEngine:Unknown Manufacturer:Logitech BRIO:0259AEF1:4 isPreferred=0 isLineIn=0 inputAvailable=1 outputAvailable=0 }",
2026-07-14 14:12:19.555 Df callservicesd[40915:166bfe5] [com.apple.AVConference:ViceroyTrace] AVCAudioClient [NOTICE] +[AVAudioClient currentInputDevice]:929 @:@ AVAudioClient-currentInputDevice (0x77d8d14f00)
2026-07-14 14:12:19.557 Df avconferenced[1207:166bfa7] [com.apple.AVConference:ViceroyTrace] [NOTICE] -[AVAudioDeviceList inputDevices]:395 AVAudioDeviceList-inputDevices "{ deviceName=Logitech BRIO deviceID=95 UID=AppleUSBAudioEngine:Unknown Manufacturer:Logitech BRIO:0259AEF1:4 isPreferred=0 isLineIn=0 inputAvailable=1 outputAvailable=0 }"
2026-07-14 14:12:19.557 Df avconferenced[1207:166bfa7] [com.apple.AVConference:ViceroyTrace] [NOTICE] -[VCAudioClientManager registerBlocksForService]_block_invoke:319 Got notification to getCurrentAudioInputDevice AppleUSBAudioEngine:Unknown Manufacturer:Logitech BRIO:0259AEF1:4 for client [0x7823481800]
2026-07-14 14:12:19.557 Df coreaudiod[800:166bf95] (CoreAudio) HALS_DefaultDeviceManager.cpp:1692 HALS_DefaultDeviceManager::FindPreferredDefaultDevice: 'dIn ' | found preferred[0] 113: 'AppleUSBAudioEngine:Unknown Manufacturer:Logitech BRIO:0259AEF1:4'/''
2026-07-14 14:12:19.557 E avconferenced[1207:166b746] [com.apple.coreaudio:AudioConverter] Input data proc returned inconsistent 480 packets for 3840 bytes; at 4 bytes per packet, that is actually 960 packets
2026-07-14 14:12:19.559 Df avconferenced[1207:166bfa7] [com.apple.AVConference:ViceroyTrace] [NOTICE] -[AVAudioDeviceList inputDevices]:395 AVAudioDeviceList-inputDevices "{ deviceName=Logitech BRIO deviceID=95 UID=AppleUSBAudioEngine:Unknown Manufacturer:Logitech BRIO:0259AEF1:4 isPreferred=0 isLineIn=0 inputAvailable=1 outputAvailable=0 }"
2026-07-14 14:12:19.559 Df FaceTime[38724:166492a] [com.apple.AVConference:ViceroyTrace] [NOTICE] -[AVAudioDeviceList devices]:377 AVAudioDeviceList-devices "{ deviceName=Logitech BRIO deviceID=80 UID=AppleUSBAudioEngine:Unknown Manufacturer:Logitech BRIO:0259AEF1:4 isPreferred=0 isLineIn=0 inputAvailable=1 outputAvailable=0 }",
2026-07-14 14:12:19.559 Df FaceTime[38724:166492a] [com.apple.calls.facetime:AudioHALManager] Current audio input device: { deviceName=Logitech BRIO deviceID=80 UID=AppleUSBAudioEngine:Unknown Manufacturer:Logitech BRIO:0259AEF1:4 isPreferred=0 isLineIn=0 inputAvailable=1 outputAvailable=0 }
2026-07-14 14:12:19.560 Df FaceTime[38724:166492a] [com.apple.AVConference:ViceroyTrace] AVCAudioClient [NOTICE] +[AVAudioClient setFollowSystemInputEnabled:]:953 @:@ AVAudioClient-setFollowSystemInputEnabled (0x76f413f4e0) enabled=0
2026-07-14 14:12:19.560 Df FaceTime[38724:166492a] [com.apple.AVConference:ViceroyTrace] AVCAudioClient [NOTICE] +[AVAudioClient currentInputDevice]:929 @:@ AVAudioClient-currentInputDevice (0x76f413f4e0)
2026-07-14 14:12:19.561 Df avconferenced[1207:166bfa7] [com.apple.AVConference:ViceroyTrace] [NOTICE] -[AVAudioDeviceList inputDevices]:395 AVAudioDeviceList-inputDevices "{ deviceName=Logitech BRIO deviceID=95 UID=AppleUSBAudioEngine:Unknown Manufacturer:Logitech BRIO:0259AEF1:4 isPreferred=0 isLineIn=0 inputAvailable=1 outputAvailable=0 }"
2026-07-14 14:12:19.561 Df avconferenced[1207:166bfa7] [com.apple.AVConference:ViceroyTrace] [NOTICE] -[VCAudioClientManager registerBlocksForService]_block_invoke:319 Got notification to getCurrentAudioInputDevice AppleUSBAudioEngine:Unknown Manufacturer:Logitech BRIO:0259AEF1:4 for client [0x7824a1bf00]
2026-07-14 14:12:19.564 Df avconferenced[1207:166bfa7] [com.apple.AVConference:ViceroyTrace] [NOTICE] -[AVAudioDeviceList inputDevices]:395 AVAudioDeviceList-inputDevices "{ deviceName=Logitech BRIO deviceID=95 UID=AppleUSBAudioEngine:Unknown Manufacturer:Logitech BRIO:0259AEF1:4 isPreferred=0 isLineIn=0 inputAvailable=1 outputAvailable=0 }"
2026-07-14 14:12:19.564 Df callservicesd[40915:166bfe5] [com.apple.AVConference:ViceroyTrace] [NOTICE] -[AVAudioDeviceList devices]:377 AVAudioDeviceList-devices "{ deviceName=Logitech BRIO deviceID=80 UID=AppleUSBAudioEngine:Unknown Manufacturer:Logitech BRIO:0259AEF1:4 isPreferred=0 isLineIn=0 inputAvailable=1 outputAvailable=0 }",
2026-07-14 14:12:19.564 Df callservicesd[40915:166bfe5] [com.apple.AVConference:ViceroyTrace] AVCAudioClient [NOTICE] +[AVAudioClient currentInputDevice]:929 @:@ AVAudioClient-currentInputDevice (0x77d8d14f00)
2026-07-14 14:12:19.566 Df avconferenced[1207:166bfa7] [com.apple.AVConference:ViceroyTrace] [NOTICE] -[AVAudioDeviceList inputDevices]:395 AVAudioDeviceList-inputDevices "{ deviceName=Logitech BRIO deviceID=95 UID=AppleUSBAudioEngine:Unknown Manufacturer:Logitech BRIO:0259AEF1:4 isPreferred=0 isLineIn=0 inputAvailable=1 outputAvailable=0 }"
2026-07-14 14:12:19.566 Df avconferenced[1207:166bfa7] [com.apple.AVConference:ViceroyTrace] [NOTICE] -[VCAudioClientManager registerBlocksForService]_block_invoke:319 Got notification to getCurrentAudioInputDevice AppleUSBAudioEngine:Unknown Manufacturer:Logitech BRIO:0259AEF1:4 for client [0x7823481800]
2026-07-14 14:12:19.569 Df avconferenced[1207:166bfa7] [com.apple.AVConference:ViceroyTrace] [NOTICE] -[AVAudioDeviceList inputDevices]:395 AVAudioDeviceList-inputDevices "{ deviceName=Logitech BRIO deviceID=95 UID=AppleUSBAudioEngine:Unknown Manufacturer:Logitech BRIO:0259AEF1:4 isPreferred=0 isLineIn=0 inputAvailable=1 outputAvailable=0 }"
2026-07-14 14:12:19.569 Df FaceTime[38724:166492a] [com.apple.AVConference:ViceroyTrace] [NOTICE] -[AVAudioDeviceList devices]:377 AVAudioDeviceList-devices "{ deviceName=Logitech BRIO deviceID=80 UID=AppleUSBAudioEngine:Unknown Manufacturer:Logitech BRIO:0259AEF1:4 isPreferred=0 isLineIn=0 inputAvailable=1 outputAvailable=0 }",
2026-07-14 14:12:19.571 Df avconferenced[1207:166bfa7] [com.apple.AVConference:ViceroyTrace] [NOTICE] -[AVAudioDeviceList inputDevices]:395 AVAudioDeviceList-inputDevices "{ deviceName=Logitech BRIO deviceID=95 UID=AppleUSBAudioEngine:Unknown Manufacturer:Logitech BRIO:0259AEF1:4 isPreferred=0 isLineIn=0 inputAvailable=1 outputAvailable=0 }"
2026-07-14 14:12:19.571 Df avconferenced[1207:166bfa7] [com.apple.AVConference:ViceroyTrace] [NOTICE] -[VCAudioClientManager registerBlocksForService]_block_invoke:319 Got notification to getCurrentAudioInputDevice AppleUSBAudioEngine:Unknown Manufacturer:Logitech BRIO:0259AEF1:4 for client [0x7824a1bf00]
2026-07-14 14:12:19.571 Df FaceTime[38724:166492a] [com.apple.AVConference:ViceroyTrace] [NOTICE] -[AVAudioDeviceList devices]:377 AVAudioDeviceList-devices "{ deviceName=Logitech BRIO deviceID=80 UID=AppleUSBAudioEngine:Unknown Manufacturer:Logitech BRIO:0259AEF1:4 isPreferred=0 isLineIn=0 inputAvailable=1 outputAvailable=0 }",
2026-07-14 14:12:19.571 Df FaceTime[38724:166492a] [com.apple.AVConference:ViceroyTrace] AVCAudioClient [NOTICE] +[AVAudioClient currentOutputDevice]:935 @:@ AVAudioClient-currentOutputDevice (0x76f413f4e0)
2026-07-14 14:12:19.573 Df callservicesd[40915:166bfe5] [com.apple.AVConference:ViceroyTrace] [NOTICE] -[AVAudioDeviceList devices]:377 AVAudioDeviceList-devices "{ deviceName=Logitech BRIO deviceID=80 UID=AppleUSBAudioEngine:Unknown Manufacturer:Logitech BRIO:0259AEF1:4 isPreferred=0 isLineIn=0 inputAvailable=1 outputAvailable=0 }",
2026-07-14 14:12:19.573 Df callservicesd[40915:166bfe5] [com.apple.calls.callservicesd:Default] notification: NSConcreteNotification 0x77ce88cda0 {name = CSDRouteManagerPreferredRouteChangedNotification}
2026-07-14 14:12:19.573 Df callservicesd[40915:166bfe5] [com.apple.AVConference:ViceroyTrace] [NOTICE] -[AVAudioDeviceList devices]:377 AVAudioDeviceList-devices "{ deviceName=Logitech BRIO deviceID=80 UID=AppleUSBAudioEngine:Unknown Manufacturer:Logitech BRIO:0259AEF1:4 isPreferred=0 isLineIn=0 inputAvailable=1 outputAvailable=0 }",
2026-07-14 14:12:19.574 Df callservicesd[40915:166bfe5] [com.apple.calls.callservicesd:Default] notification: NSConcreteNotification 0x77ce88d6e0 {name = CSDRouteManagerPreferredRouteChangedNotification}
2026-07-14 14:12:19.574 Df callservicesd[40915:166bfe5] [com.apple.AVConference:ViceroyTrace] [NOTICE] -[AVAudioDeviceList devices]:377 AVAudioDeviceList-devices "{ deviceName=Logitech BRIO deviceID=80 UID=AppleUSBAudioEngine:Unknown Manufacturer:Logitech BRIO:0259AEF1:4 isPreferred=0 isLineIn=0 inputAvailable=1 outputAvailable=0 }",
2026-07-14 14:12:19.574 Df callservicesd[40915:166bfe5] [com.apple.calls.callservicesd:Default] notification: NSConcreteNotification 0x77ce88fa40 {name = CSDRouteManagerPreferredRouteChangedNotification}
2026-07-14 14:12:19.574 Df callservicesd[40915:166bfe5] [com.apple.AVConference:ViceroyTrace] [NOTICE] -[AVAudioDeviceList devices]:377 AVAudioDeviceList-devices "{ deviceName=Logitech BRIO deviceID=80 UID=AppleUSBAudioEngine:Unknown Manufacturer:Logitech BRIO:0259AEF1:4 isPreferred=0 isLineIn=0 inputAvailable=1 outputAvailable=0 }",
2026-07-14 14:12:19.574 Df callservicesd[40915:166bfe5] [com.apple.calls.callservicesd:Default] notification: NSConcreteNotification 0x77ce88c260 {name = CSDRouteManagerPreferredRouteChangedNotification}
2026-07-14 14:12:19.574 Df callservicesd[40915:166bfe5] [com.apple.AVConference:ViceroyTrace] [NOTICE] -[AVAudioDeviceList devices]:377 AVAudioDeviceList-devices "{ deviceName=Logitech BRIO deviceID=80 UID=AppleUSBAudioEngine:Unknown Manufacturer:Logitech BRIO:0259AEF1:4 isPreferred=0 isLineIn=0 inputAvailable=1 outputAvailable=0 }",
2026-07-14 14:12:19.575 Df avconferenced[1207:166bfa7] [com.apple.AVConference:ViceroyTrace] [NOTICE] -[VCAudioClientManager registerBlocksForService]_block_invoke:323 Got notification to getCurrentAudioOutputDevice BuiltInSpeakerDevice for client [0x7823481800]
2026-07-14 14:12:19.577 Df FaceTime[38724:166492a] [com.apple.AVConference:ViceroyTrace] [NOTICE] -[AVAudioDeviceList devices]:377 AVAudioDeviceList-devices "{ deviceName=Logitech BRIO deviceID=80 UID=AppleUSBAudioEngine:Unknown Manufacturer:Logitech BRIO:0259AEF1:4 isPreferred=0 isLineIn=0 inputAvailable=1 outputAvailable=0 }",
2026-07-14 14:12:19.577 Df FaceTime[38724:166492a] [com.apple.AVConference:ViceroyTrace] AVCAudioClient [NOTICE] +[AVAudioClient currentInputDevice]:929 @:@ AVAudioClient-currentInputDevice (0x76f413f4e0)
2026-07-14 14:12:19.578 E avconferenced[1207:166b0b8] [com.apple.coreaudio:AudioConverter] Input data proc returned inconsistent 480 packets for 3840 bytes; at 4 bytes per packet, that is actually 960 packets
2026-07-14 14:12:19.579 Df avconferenced[1207:166bfa7] [com.apple.AVConference:ViceroyTrace] [NOTICE] -[AVAudioDeviceList inputDevices]:395 AVAudioDeviceList-inputDevices "{ deviceName=Logitech BRIO deviceID=95 UID=AppleUSBAudioEngine:Unknown Manufacturer:Logitech BRIO:0259AEF1:4 isPreferred=0 isLineIn=0 inputAvailable=1 outputAvailable=0 }"
2026-07-14 14:12:19.581 Df avconferenced[1207:166bfa7] [com.apple.AVConference:ViceroyTrace] [NOTICE] -[AVAudioDeviceList inputDevices]:395 AVAudioDeviceList-inputDevices "{ deviceName=Logitech BRIO deviceID=95 UID=AppleUSBAudioEngine:Unknown Manufacturer:Logitech BRIO:0259AEF1:4 isPreferred=0 isLineIn=0 inputAvailable=1 outputAvailable=0 }"
2026-07-14 14:12:19.581 Df avconferenced[1207:166bfa7] [com.apple.AVConference:ViceroyTrace] [NOTICE] -[VCAudioClientManager registerBlocksForService]_block_invoke:319 Got notification to getCurrentAudioInputDevice AppleUSBAudioEngine:Unknown Manufacturer:Logitech BRIO:0259AEF1:4 for client [0x7823481800]
2026-07-14 14:12:19.583 Df FaceTime[38724:166492a] [com.apple.AVConference:ViceroyTrace] [NOTICE] -[AVAudioDeviceList devices]:377 AVAudioDeviceList-devices "{ deviceName=Logitech BRIO deviceID=80 UID=AppleUSBAudioEngine:Unknown Manufacturer:Logitech BRIO:0259AEF1:4 isPreferred=0 isLineIn=0 inputAvailable=1 outputAvailable=0 }",
2026-07-14 14:12:19.583 Df FaceTime[38724:166492a] [com.apple.calls.facetime:AudioHALManager] Current audio input device: { deviceName=Logitech BRIO deviceID=80 UID=AppleUSBAudioEngine:Unknown Manufacturer:Logitech BRIO:0259AEF1:4 isPreferred=0 isLineIn=0 inputAvailable=1 outputAvailable=0 }
2026-07-14 14:12:19.584 Df FaceTime[38724:166492a] [com.apple.AVConference:ViceroyTrace] AVCAudioClient [NOTICE] +[AVAudioClient setFollowSystemInputEnabled:]:953 @:@ AVAudioClient-setFollowSystemInputEnabled (0x76f413f4e0) enabled=0
2026-07-14 14:12:19.584 Df FaceTime[38724:166492a] [com.apple.AVConference:ViceroyTrace] AVCAudioClient [NOTICE] +[AVAudioClient currentInputDevice]:929 @:@ AVAudioClient-currentInputDevice (0x76f413f4e0)
2026-07-14 14:12:19.586 Df avconferenced[1207:166bfa7] [com.apple.AVConference:ViceroyTrace] [NOTICE] -[AVAudioDeviceList inputDevices]:395 AVAudioDeviceList-inputDevices "{ deviceName=Logitech BRIO deviceID=95 UID=AppleUSBAudioEngine:Unknown Manufacturer:Logitech BRIO:0259AEF1:4 isPreferred=0 isLineIn=0 inputAvailable=1 outputAvailable=0 }"
2026-07-14 14:12:19.588 Df avconferenced[1207:166bfa7] [com.apple.AVConference:ViceroyTrace] [NOTICE] -[AVAudioDeviceList inputDevices]:395 AVAudioDeviceList-inputDevices "{ deviceName=Logitech BRIO deviceID=95 UID=AppleUSBAudioEngine:Unknown Manufacturer:Logitech BRIO:0259AEF1:4 isPreferred=0 isLineIn=0 inputAvailable=1 outputAvailable=0 }"
2026-07-14 14:12:19.588 Df avconferenced[1207:166bfa7] [com.apple.AVConference:ViceroyTrace] [NOTICE] -[VCAudioClientManager registerBlocksForService]_block_invoke:319 Got notification to getCurrentAudioInputDevice AppleUSBAudioEngine:Unknown Manufacturer:Logitech BRIO:0259AEF1:4 for client [0x7823481800]
2026-07-14 14:12:19.590 Df FaceTime[38724:166492a] [com.apple.AVConference:ViceroyTrace] [NOTICE] -[AVAudioDeviceList devices]:377 AVAudioDeviceList-devices "{ deviceName=Logitech BRIO deviceID=80 UID=AppleUSBAudioEngine:Unknown Manufacturer:Logitech BRIO:0259AEF1:4 isPreferred=0 isLineIn=0 inputAvailable=1 outputAvailable=0 }",
2026-07-14 14:12:19.592 Df FaceTime[38724:166492a] [com.apple.AVConference:ViceroyTrace] [NOTICE] -[AVAudioDeviceList devices]:377 AVAudioDeviceList-devices "{ deviceName=Logitech BRIO deviceID=80 UID=AppleUSBAudioEngine:Unknown Manufacturer:Logitech BRIO:0259AEF1:4 isPreferred=0 isLineIn=0 inputAvailable=1 outputAvailable=0 }",
2026-07-14 14:12:19.592 Df FaceTime[38724:166492a] [com.apple.AVConference:ViceroyTrace] AVCAudioClient [NOTICE] +[AVAudioClient currentOutputDevice]:935 @:@ AVAudioClient-currentOutputDevice (0x76f413f4e0)
2026-07-14 14:12:19.596 Df avconferenced[1207:166bfa7] [com.apple.AVConference:ViceroyTrace] [NOTICE] -[VCAudioClientManager registerBlocksForService]_block_invoke:323 Got notification to getCurrentAudioOutputDevice BuiltInSpeakerDevice for client [0x7823481800]
2026-07-14 14:12:19.598 Df FaceTime[38724:166492a] [com.apple.AVConference:ViceroyTrace] [NOTICE] -[AVAudioDeviceList devices]:377 AVAudioDeviceList-devices "{ deviceName=Logitech BRIO deviceID=80 UID=AppleUSBAudioEngine:Unknown Manufacturer:Logitech BRIO:0259AEF1:4 isPreferred=0 isLineIn=0 inputAvailable=1 outputAvailable=0 }",
2026-07-14 14:12:19.598 Df FaceTime[38724:166492a] [com.apple.AVConference:ViceroyTrace] AVCAudioClient [NOTICE] +[AVAudioClient currentInputDevice]:929 @:@ AVAudioClient-currentInputDevice (0x76f413f4e0)
2026-07-14 14:12:19.600 E avconferenced[1207:166b0b8] [com.apple.coreaudio:AudioConverter] Input data proc returned inconsistent 480 packets for 3840 bytes; at 4 bytes per packet, that is actually 960 packets
2026-07-14 14:12:19.600 Df avconferenced[1207:166bfa7] [com.apple.AVConference:ViceroyTrace] [NOTICE] -[AVAudioDeviceList inputDevices]:395 AVAudioDeviceList-inputDevices "{ deviceName=Logitech BRIO deviceID=95 UID=AppleUSBAudioEngine:Unknown Manufacturer:Logitech BRIO:0259AEF1:4 isPreferred=0 isLineIn=0 inputAvailable=1 outputAvailable=0 }"
2026-07-14 14:12:19.602 Df avconferenced[1207:166bfa7] [com.apple.AVConference:ViceroyTrace] [NOTICE] -[AVAudioDeviceList inputDevices]:395 AVAudioDeviceList-inputDevices "{ deviceName=Logitech BRIO deviceID=95 UID=AppleUSBAudioEngine:Unknown Manufacturer:Logitech BRIO:0259AEF1:4 isPreferred=0 isLineIn=0 inputAvailable=1 outputAvailable=0 }"
2026-07-14 14:12:19.602 Df avconferenced[1207:166bfa7] [com.apple.AVConference:ViceroyTrace] [NOTICE] -[VCAudioClientManager registerBlocksForService]_block_invoke:319 Got notification to getCurrentAudioInputDevice AppleUSBAudioEngine:Unknown Manufacturer:Logitech BRIO:0259AEF1:4 for client [0x7823481800]
2026-07-14 14:12:19.604 Df FaceTime[38724:166492a] [com.apple.AVConference:ViceroyTrace] [NOTICE] -[AVAudioDeviceList devices]:377 AVAudioDeviceList-devices "{ deviceName=Logitech BRIO deviceID=80 UID=AppleUSBAudioEngine:Unknown Manufacturer:Logitech BRIO:0259AEF1:4 isPreferred=0 isLineIn=0 inputAvailable=1 outputAvailable=0 }",
2026-07-14 14:12:19.604 Df FaceTime[38724:166492a] [com.apple.calls.facetime:AudioHALManager] Current audio input device: { deviceName=Logitech BRIO deviceID=80 UID=AppleUSBAudioEngine:Unknown Manufacturer:Logitech BRIO:0259AEF1:4 isPreferred=0 isLineIn=0 inputAvailable=1 outputAvailable=0 }
2026-07-14 14:12:19.604 Df FaceTime[38724:166492a] [com.apple.AVConference:ViceroyTrace] AVCAudioClient [NOTICE] +[AVAudioClient setFollowSystemInputEnabled:]:953 @:@ AVAudioClient-setFollowSystemInputEnabled (0x76f413f4e0) enabled=0
2026-07-14 14:12:19.604 Df FaceTime[38724:166492a] [com.apple.AVConference:ViceroyTrace] AVCAudioClient [NOTICE] +[AVAudioClient currentInputDevice]:929 @:@ AVAudioClient-currentInputDevice (0x76f413f4e0)
2026-07-14 14:12:19.606 Df avconferenced[1207:166bfa7] [com.apple.AVConference:ViceroyTrace] [NOTICE] -[AVAudioDeviceList inputDevices]:395 AVAudioDeviceList-inputDevices "{ deviceName=Logitech BRIO deviceID=95 UID=AppleUSBAudioEngine:Unknown Manufacturer:Logitech BRIO:0259AEF1:4 isPreferred=0 isLineIn=0 inputAvailable=1 outputAvailable=0 }"
2026-07-14 14:12:19.608 Df avconferenced[1207:166bfa7] [com.apple.AVConference:ViceroyTrace] [NOTICE] -[AVAudioDeviceList inputDevices]:395 AVAudioDeviceList-inputDevices "{ deviceName=Logitech BRIO deviceID=95 UID=AppleUSBAudioEngine:Unknown Manufacturer:Logitech BRIO:0259AEF1:4 isPreferred=0 isLineIn=0 inputAvailable=1 outputAvailable=0 }"
2026-07-14 14:12:19.608 Df avconferenced[1207:166bfa7] [com.apple.AVConference:ViceroyTrace] [NOTICE] -[VCAudioClientManager registerBlocksForService]_block_invoke:319 Got notification to getCurrentAudioInputDevice AppleUSBAudioEngine:Unknown Manufacturer:Logitech BRIO:0259AEF1:4 for client [0x7823481800]
2026-07-14 14:12:19.609 Df FaceTime[38724:166492a] [com.apple.AVConference:ViceroyTrace] [NOTICE] -[AVAudioDeviceList devices]:377 AVAudioDeviceList-devices "{ deviceName=Logitech BRIO deviceID=80 UID=AppleUSBAudioEngine:Unknown Manufacturer:Logitech BRIO:0259AEF1:4 isPreferred=0 isLineIn=0 inputAvailable=1 outputAvailable=0 }",
2026-07-14 14:12:19.611 Df FaceTime[38724:166492a] [com.apple.AVConference:ViceroyTrace] [NOTICE] -[AVAudioDeviceList devices]:377 AVAudioDeviceList-devices "{ deviceName=Logitech BRIO deviceID=80 UID=AppleUSBAudioEngine:Unknown Manufacturer:Logitech BRIO:0259AEF1:4 isPreferred=0 isLineIn=0 inputAvailable=1 outputAvailable=0 }",
2026-07-14 14:12:19.611 Df FaceTime[38724:166492a] [com.apple.AVConference:ViceroyTrace] AVCAudioClient [NOTICE] +[AVAudioClient currentOutputDevice]:935 @:@ AVAudioClient-currentOutputDevice (0x76f413f4e0)
2026-07-14 14:12:19.615 Df avconferenced[1207:166bfa7] [com.apple.AVConference:ViceroyTrace] [NOTICE] -[VCAudioClientManager registerBlocksForService]_block_invoke:323 Got notification to getCurrentAudioOutputDevice BuiltInSpeakerDevice for client [0x7823481800]
2026-07-14 14:12:19.616 Df FaceTime[38724:166492a] [com.apple.AVConference:ViceroyTrace] [NOTICE] -[AVAudioDeviceList devices]:377 AVAudioDeviceList-devices "{ deviceName=Logitech BRIO deviceID=80 UID=AppleUSBAudioEngine:Unknown Manufacturer:Logitech BRIO:0259AEF1:4 isPreferred=0 isLineIn=0 inputAvailable=1 outputAvailable=0 }",
2026-07-14 14:12:19.616 Df FaceTime[38724:166492a] [com.apple.AVConference:ViceroyTrace] AVCAudioClient [NOTICE] +[AVAudioClient currentInputDevice]:929 @:@ AVAudioClient-currentInputDevice (0x76f413f4e0)
2026-07-14 14:12:19.618 Df avconferenced[1207:166bfa7] [com.apple.AVConference:ViceroyTrace] [NOTICE] -[AVAudioDeviceList inputDevices]:395 AVAudioDeviceList-inputDevices "{ deviceName=Logitech BRIO deviceID=95 UID=AppleUSBAudioEngine:Unknown Manufacturer:Logitech BRIO:0259AEF1:4 isPreferred=0 isLineIn=0 inputAvailable=1 outputAvailable=0 }"
2026-07-14 14:12:19.620 Df avconferenced[1207:166bfa7] [com.apple.AVConference:ViceroyTrace] [NOTICE] -[AVAudioDeviceList inputDevices]:395 AVAudioDeviceList-inputDevices "{ deviceName=Logitech BRIO deviceID=95 UID=AppleUSBAudioEngine:Unknown Manufacturer:Logitech BRIO:0259AEF1:4 isPreferred=0 isLineIn=0 inputAvailable=1 outputAvailable=0 }"
2026-07-14 14:12:19.620 Df avconferenced[1207:166bfa7] [com.apple.AVConference:ViceroyTrace] [NOTICE] -[VCAudioClientManager registerBlocksForService]_block_invoke:319 Got notification to getCurrentAudioInputDevice AppleUSBAudioEngine:Unknown Manufacturer:Logitech BRIO:0259AEF1:4 for client [0x7823481800]
2026-07-14 14:12:19.621 E avconferenced[1207:166b0b8] [com.apple.coreaudio:AudioConverter] Input data proc returned inconsistent 480 packets for 3840 bytes; at 4 bytes per packet, that is actually 960 packets
2026-07-14 14:12:19.622 Df FaceTime[38724:166492a] [com.apple.AVConference:ViceroyTrace] [NOTICE] -[AVAudioDeviceList devices]:377 AVAudioDeviceList-devices "{ deviceName=Logitech BRIO deviceID=80 UID=AppleUSBAudioEngine:Unknown Manufacturer:Logitech BRIO:0259AEF1:4 isPreferred=0 isLineIn=0 inputAvailable=1 outputAvailable=0 }",
2026-07-14 14:12:19.622 Df FaceTime[38724:166492a] [com.apple.calls.facetime:AudioHALManager] Current audio input device: { deviceName=Logitech BRIO deviceID=80 UID=AppleUSBAudioEngine:Unknown Manufacturer:Logitech BRIO:0259AEF1:4 isPreferred=0 isLineIn=0 inputAvailable=1 outputAvailable=0 }
2026-07-14 14:12:19.622 Df FaceTime[38724:166492a] [com.apple.AVConference:ViceroyTrace] AVCAudioClient [NOTICE] +[AVAudioClient setFollowSystemInputEnabled:]:953 @:@ AVAudioClient-setFollowSystemInputEnabled (0x76f413f4e0) enabled=0
2026-07-14 14:12:19.622 Df FaceTime[38724:166492a] [com.apple.AVConference:ViceroyTrace] AVCAudioClient [NOTICE] +[AVAudioClient currentInputDevice]:929 @:@ AVAudioClient-currentInputDevice (0x76f413f4e0)
2026-07-14 14:12:19.624 Df avconferenced[1207:166bfa7] [com.apple.AVConference:ViceroyTrace] [NOTICE] -[AVAudioDeviceList inputDevices]:395 AVAudioDeviceList-inputDevices "{ deviceName=Logitech BRIO deviceID=95 UID=AppleUSBAudioEngine:Unknown Manufacturer:Logitech BRIO:0259AEF1:4 isPreferred=0 isLineIn=0 inputAvailable=1 outputAvailable=0 }"
2026-07-14 14:12:19.626 Df avconferenced[1207:166bfa7] [com.apple.AVConference:ViceroyTrace] [NOTICE] -[AVAudioDeviceList inputDevices]:395 AVAudioDeviceList-inputDevices "{ deviceName=Logitech BRIO deviceID=95 UID=AppleUSBAudioEngine:Unknown Manufacturer:Logitech BRIO:0259AEF1:4 isPreferred=0 isLineIn=0 inputAvailable=1 outputAvailable=0 }"
2026-07-14 14:12:19.626 Df avconferenced[1207:166bfa7] [com.apple.AVConference:ViceroyTrace] [NOTICE] -[VCAudioClientManager registerBlocksForService]_block_invoke:319 Got notification to getCurrentAudioInputDevice AppleUSBAudioEngine:Unknown Manufacturer:Logitech BRIO:0259AEF1:4 for client [0x7823481800]
2026-07-14 14:12:19.628 Df FaceTime[38724:166492a] [com.apple.AVConference:ViceroyTrace] [NOTICE] -[AVAudioDeviceList devices]:377 AVAudioDeviceList-devices "{ deviceName=Logitech BRIO deviceID=80 UID=AppleUSBAudioEngine:Unknown Manufacturer:Logitech BRIO:0259AEF1:4 isPreferred=0 isLineIn=0 inputAvailable=1 outputAvailable=0 }",
2026-07-14 14:12:19.629 Df FaceTime[38724:166492a] [com.apple.AVConference:ViceroyTrace] [NOTICE] -[AVAudioDeviceList devices]:377 AVAudioDeviceList-devices "{ deviceName=Logitech BRIO deviceID=80 UID=AppleUSBAudioEngine:Unknown Manufacturer:Logitech BRIO:0259AEF1:4 isPreferred=0 isLineIn=0 inputAvailable=1 outputAvailable=0 }",
2026-07-14 14:12:19.629 Df FaceTime[38724:166492a] [com.apple.AVConference:ViceroyTrace] AVCAudioClient [NOTICE] +[AVAudioClient currentOutputDevice]:935 @:@ AVAudioClient-currentOutputDevice (0x76f413f4e0)
2026-07-14 14:12:19.633 Df avconferenced[1207:166bfa7] [com.apple.AVConference:ViceroyTrace] [NOTICE] -[VCAudioClientManager registerBlocksForService]_block_invoke:323 Got notification to getCurrentAudioOutputDevice BuiltInSpeakerDevice for client [0x7823481800]
2026-07-14 14:12:19.633 Df audioaccessoryd[32606:166a3a3] [com.apple.SmartRouting:SRConnectionManager] EvaluateNearbyDevicesForConnection paired 11 connectedWx 1 nearbyWx 1 srDisDeviceCount 1 nearbySource 2 btState PoweredOn audioRoute Speaker tipiScore High sourceSRcapable yes audioCategory 501 callStarted yes OD Invalid
2026-07-14 14:12:19.635 Df FaceTime[38724:166492a] [com.apple.AVConference:ViceroyTrace] [NOTICE] -[AVAudioDeviceList devices]:377 AVAudioDeviceList-devices "{ deviceName=Logitech BRIO deviceID=80 UID=AppleUSBAudioEngine:Unknown Manufacturer:Logitech BRIO:0259AEF1:4 isPreferred=0 isLineIn=0 inputAvailable=1 outputAvailable=0 }",
2026-07-14 14:12:19.635 Df FaceTime[38724:166492a] [com.apple.AVConference:ViceroyTrace] AVCAudioClient [NOTICE] +[AVAudioClient currentInputDevice]:929 @:@ AVAudioClient-currentInputDevice (0x76f413f4e0)
2026-07-14 14:12:19.636 Df avconferenced[1207:166bfa7] [com.apple.AVConference:ViceroyTrace] [NOTICE] -[AVAudioDeviceList inputDevices]:395 AVAudioDeviceList-inputDevices "{ deviceName=Logitech BRIO deviceID=95 UID=AppleUSBAudioEngine:Unknown Manufacturer:Logitech BRIO:0259AEF1:4 isPreferred=0 isLineIn=0 inputAvailable=1 outputAvailable=0 }"
2026-07-14 14:12:19.638 Df avconferenced[1207:166bfa7] [com.apple.AVConference:ViceroyTrace] [NOTICE] -[AVAudioDeviceList inputDevices]:395 AVAudioDeviceList-inputDevices "{ deviceName=Logitech BRIO deviceID=95 UID=AppleUSBAudioEngine:Unknown Manufacturer:Logitech BRIO:0259AEF1:4 isPreferred=0 isLineIn=0 inputAvailable=1 outputAvailable=0 }"
2026-07-14 14:12:19.638 Df avconferenced[1207:166bfa7] [com.apple.AVConference:ViceroyTrace] [NOTICE] -[VCAudioClientManager registerBlocksForService]_block_invoke:319 Got notification to getCurrentAudioInputDevice AppleUSBAudioEngine:Unknown Manufacturer:Logitech BRIO:0259AEF1:4 for client [0x7823481800]
2026-07-14 14:12:19.640 Df FaceTime[38724:166492a] [com.apple.AVConference:ViceroyTrace] [NOTICE] -[AVAudioDeviceList devices]:377 AVAudioDeviceList-devices "{ deviceName=Logitech BRIO deviceID=80 UID=AppleUSBAudioEngine:Unknown Manufacturer:Logitech BRIO:0259AEF1:4 isPreferred=0 isLineIn=0 inputAvailable=1 outputAvailable=0 }",
2026-07-14 14:12:19.640 Df FaceTime[38724:166492a] [com.apple.calls.facetime:AudioHALManager] Current audio input device: { deviceName=Logitech BRIO deviceID=80 UID=AppleUSBAudioEngine:Unknown Manufacturer:Logitech BRIO:0259AEF1:4 isPreferred=0 isLineIn=0 inputAvailable=1 outputAvailable=0 }
2026-07-14 14:12:19.640 Df FaceTime[38724:166492a] [com.apple.AVConference:ViceroyTrace] AVCAudioClient [NOTICE] +[AVAudioClient setFollowSystemInputEnabled:]:953 @:@ AVAudioClient-setFollowSystemInputEnabled (0x76f413f4e0) enabled=0
2026-07-14 14:12:19.640 Df FaceTime[38724:166492a] [com.apple.AVConference:ViceroyTrace] AVCAudioClient [NOTICE] +[AVAudioClient currentInputDevice]:929 @:@ AVAudioClient-currentInputDevice (0x76f413f4e0)
2026-07-14 14:12:19.642 Df avconferenced[1207:166bfa7] [com.apple.AVConference:ViceroyTrace] [NOTICE] -[AVAudioDeviceList inputDevices]:395 AVAudioDeviceList-inputDevices "{ deviceName=Logitech BRIO deviceID=95 UID=AppleUSBAudioEngine:Unknown Manufacturer:Logitech BRIO:0259AEF1:4 isPreferred=0 isLineIn=0 inputAvailable=1 outputAvailable=0 }"
2026-07-14 14:12:19.642 E avconferenced[1207:166b746] [com.apple.coreaudio:AudioConverter] Input data proc returned inconsistent 480 packets for 3840 bytes; at 4 bytes per packet, that is actually 960 packets
2026-07-14 14:12:19.644 Df avconferenced[1207:166bfa7] [com.apple.AVConference:ViceroyTrace] [NOTICE] -[AVAudioDeviceList inputDevices]:395 AVAudioDeviceList-inputDevices "{ deviceName=Logitech BRIO deviceID=95 UID=AppleUSBAudioEngine:Unknown Manufacturer:Logitech BRIO:0259AEF1:4 isPreferred=0 isLineIn=0 inputAvailable=1 outputAvailable=0 }"
2026-07-14 14:12:19.644 Df avconferenced[1207:166bfa7] [com.apple.AVConference:ViceroyTrace] [NOTICE] -[VCAudioClientManager registerBlocksForService]_block_invoke:319 Got notification to getCurrentAudioInputDevice AppleUSBAudioEngine:Unknown Manufacturer:Logitech BRIO:0259AEF1:4 for client [0x7823481800]
2026-07-14 14:12:19.646 Df FaceTime[38724:166492a] [com.apple.AVConference:ViceroyTrace] [NOTICE] -[AVAudioDeviceList devices]:377 AVAudioDeviceList-devices "{ deviceName=Logitech BRIO deviceID=80 UID=AppleUSBAudioEngine:Unknown Manufacturer:Logitech BRIO:0259AEF1:4 isPreferred=0 isLineIn=0 inputAvailable=1 outputAvailable=0 }",
